{"id":2417,"date":"2019-09-30T16:47:51","date_gmt":"2019-09-30T19:47:51","guid":{"rendered":"https:\/\/www.ufsm.br\/pro-reitorias\/proplan\/?page_id=2417"},"modified":"2020-04-09T16:33:11","modified_gmt":"2020-04-09T19:33:11","slug":"resolucao-n-005-2019","status":"publish","type":"page","link":"https:\/\/www.ufsm.br\/pro-reitorias\/proplan\/resolucao-n-005-2019","title":{"rendered":"Resolu\u00e7\u00e3o N. 005\/2019"},"content":{"rendered":"\t\t<div data-elementor-type=\"wp-post\" data-elementor-id=\"2417\" class=\"elementor elementor-2417\">\n\t\t\t\t\t\t<section class=\"elementor-section elementor-top-section elementor-element elementor-element-52f58bb elementor-section-boxed elementor-section-height-default elementor-section-height-default\" data-id=\"52f58bb\" data-element_type=\"section\">\n\t\t\t\t\t\t<div class=\"elementor-container elementor-column-gap-default\">\n\t\t\t\t\t<div class=\"elementor-column elementor-col-100 elementor-top-column elementor-element elementor-element-d9a19a3\" data-id=\"d9a19a3\" data-element_type=\"column\">\n\t\t\t<div class=\"elementor-widget-wrap elementor-element-populated\">\n\t\t\t\t\t\t<div class=\"elementor-element elementor-element-1532fb3 elementor-widget elementor-widget-html\" data-id=\"1532fb3\" data-element_type=\"widget\" data-widget_type=\"html.default\">\n\t\t\t\t<div class=\"elementor-widget-container\">\n\t\t\t\r\n\r\n\r\n<title><b>RESOLU\u00c7\u00c3O N. 005\/2019<\/b><\/title>\r\n\r\n\r\n<div align=\"center\"><img decoding=\"async\" src=\"https:\/\/www.ufsm.br\/pro-reitorias\/proplan\/wp-content\/uploads\/sites\/344\/2019\/09\/brasao-da-republica-do-brasil-logo.png\" alt=\"Bras\u00e3o Rep\u00fablica Federativa do Brasil\" width=\"6%\" height=\"6%\"><\/div>    \r\n<h1><font color=\"blue\"><font size=\"5\"><div align=\"center\">MINIST\u00c9RIO DA EDUCA\u00c7\u00c3O<\/b><\/font><\/font><\/div><\/H1>\r\n<p><b><font color=\"0000blue\"><div align=\"center\">UNIVERSIDADE FEDERAL DE SANTA MARIA<\/b><\/font><\/div><\/p>\r\n\r\n<p><div align=\"center\"><b><a href=\"https:\/\/portal.ufsm.br\/documentos\/publico\/documento.html?id=12431359\" target=\"_blank\"><font color=\"blue\">RESOLU\u00c7\u00c3O N. 005\/2019<\/font><\/a><\/b><\/div><\/p>\r\n<br>\r\n<p><div align=\"right\"><font color=\"800000\">Trata da propriedade do patrim\u00f4nio dos projetos junto \u00e0 Funda\u00e7\u00e3o de Apoio.<\/font><\/div><\/p>\r\n<br><div align=\"justify\">\r\n<p>O REITOR DA UNIVERSIDADE FEDERAL DE SANTA MARIA, no uso de suas atribui\u00e7\u00f5es legais e estatut\u00e1rias e considerando:<\/p>\r\n<p>- as disposi\u00e7\u00f5es da <a href=\"http:\/\/www.planalto.gov.br\/ccivil_03\/leis\/l8666cons.htm\" target=\"_blank\"><font color=\"blue\"><u>Lei N. 8.666\/93, de 21 de junho de 1993<\/u><\/font><\/a>;<\/p>\r\n<p>- as disposi\u00e7\u00f5es da <a href=\"http:\/\/www.planalto.gov.br\/ccivil_03\/LEIS\/L8958.htm\" target=\"_blank\"><font color=\"blue\"><u>Lei N. 8.958\/94, de 20 de dezembro de 1994<\/u><\/font><\/a>;<\/p>\r\n<p>- as disposi\u00e7\u00f5es do <a href=\"http:\/\/www.planalto.gov.br\/ccivil_03\/_Ato2007-2010\/2010\/Decreto\/D7423.htm\" target=\"_blank\"><font color=\"blue\"><u>Decreto N. 7.423\/10, de 31 de dezembro de 2010<\/u><\/font><\/a>;<\/p>\r\n<p>- as disposi\u00e7\u00f5es da <a href=\"http:\/\/www.mds.gov.br\/webarquivos\/legislacao\/seguranca_alimentar\/_doc\/portarias\/2008\/Portaria%20Interministerial%20no%20127-%20de%2029%20de%20maio%20de%202008.pdf\" target=\"_blank\"><font color=\"blue\"><u>Portaria Interministerial N. 127\/2008<\/u><\/font><\/a>, dos Minist\u00e9rios do Planejamento, Or\u00e7amento e Gest\u00e3o, da Fazenda e do Controle e Transpar\u00eancia;<\/p>\r\n<p>- o Parecer N. 022\/2019 da Comiss\u00e3o de Legisla\u00e7\u00e3o e Regimentos (CLR), aprovado na 814\u00aa Sess\u00e3o do Conselho Universit\u00e1rio, de 29 de mar\u00e7o de 2019, referente ao Processo N. <a href=\"https:\/\/portal.ufsm.br\/documentos\/publico\/processo\/documento.html?idDocumento=11617788\" target=\"_blank\"><font color=\"blue\">23081.062525\/2018-19<\/font><\/a>.<\/p>\r\n<br>\r\n<p><b><div align=\"center\">RESOLVE:<\/b><\/div><\/p>\r\n<br>\r\n<p>Art. 1\u00ba Para todos os efeitos legais, todo o patrim\u00f4nio vinculado a Projetos conduzidos mediante contrato ou conv\u00eanio firmado com a participa\u00e7\u00e3o da UFSM e Funda\u00e7\u00f5es de Apoio, a\u00ed compreendidos todos os bens, dinheiros, direitos e a\u00e7\u00f5es, s\u00e3o considerados recursos p\u00fablicos federais e pertencem de pleno direito \u00e0 UFSM.<\/p>\r\n<p>Par\u00e1grafo \u00fanico. Todas as contas banc\u00e1rias abertas sob o CNPJ 89.252.431-0001\/59, a qualquer tempo, cont\u00e9m recursos pertencentes \u00e0 UFSM ou para serem dispendidos exclusivamente \u00e0 sua ordem.<\/p> \r\n\r\n<p>Art. 2\u00ba As Funda\u00e7\u00f5es de Apoio s\u00e3o meras detentoras a t\u00edtulo prec\u00e1rio, \u00e0 ordem da UFSM, do patrim\u00f4nio referido no artigo anterior, n\u00e3o lhes cabendo nem mesmo expectativa de direito de posse ou propriedade sobre qualquer de seus itens.<\/p>\r\n<p>Art. 3\u00ba Est\u00e1 resolu\u00e7\u00e3o entrar\u00e1 em vigor na data de sua assinatura, tendo efeito retroativo a 29\/10\/1979, revogadas as disposi\u00e7\u00f5es em contr\u00e1rio.<\/p>\r\n\r\n<p>GABINETE DO REITOR DA UNIVERSIDADE FEDERAL DE SANTA MARIA, ao primeiro dia do m\u00eas de abril do ano dois mil e dezenove.<\/p>\r\n<\/div>\r\n\r\n<p>Luciano Schuch,<\/p>\r\n<p>Vice-Reitor no exerc\u00edcio da Reitoria.<p \/>\r\n\r\n<p><font color=\"red0000\">Este texto n\u00e3o substitui o documento original, publicado no Portal de Documentos.<\/font> Dispon\u00edvel em: <a href=\"https:\/\/portal.ufsm.br\/documentos\/publico\/documento.html?id=12431359\" target=\"_blank\"><font color=\"blue\">https:\/\/portal.ufsm.br\/documentos\/publico\/documento.html?id=12431359<\/font><\/a>\r\n\r\n\t\t<\/div>\n\t\t\t\t<\/div>\n\t\t\t\t\t<\/div>\n\t\t<\/div>\n\t\t\t\t\t<\/div>\n\t\t<\/section>\n\t\t\t\t<\/div>\n\t\t","protected":false},"excerpt":{"rendered":"<p>RESOLU\u00c7\u00c3O N. 005\/2019 MINIST\u00c9RIO DA EDUCA\u00c7\u00c3O UNIVERSIDADE FEDERAL DE SANTA MARIA RESOLU\u00c7\u00c3O N. 005\/2019 Trata da propriedade do patrim\u00f4nio dos projetos junto \u00e0 Funda\u00e7\u00e3o de Apoio. O REITOR DA UNIVERSIDADE FEDERAL DE SANTA MARIA, no uso de suas atribui\u00e7\u00f5es legais e estatut\u00e1rias e considerando: &#8211; as disposi\u00e7\u00f5es da Lei N. 8.666\/93, de 21 de junho [&hellip;]<\/p>\n","protected":false},"author":205,"featured_media":0,"parent":0,"menu_order":0,"comment_status":"closed","ping_status":"closed","template":"","meta":{"footnotes":""},"categories":[],"tags":[],"class_list":["post-2417","page","type-page","status-publish","hentry"],"acf":[],"_links":{"self":[{"href":"https:\/\/www.ufsm.br\/pro-reitorias\/proplan\/wp-json\/wp\/v2\/pages\/2417","targetHints":{"allow":["GET"]}}],"collection":[{"href":"https:\/\/www.ufsm.br\/pro-reitorias\/proplan\/wp-json\/wp\/v2\/pages"}],"about":[{"href":"https:\/\/www.ufsm.br\/pro-reitorias\/proplan\/wp-json\/wp\/v2\/types\/page"}],"author":[{"embeddable":true,"href":"https:\/\/www.ufsm.br\/pro-reitorias\/proplan\/wp-json\/wp\/v2\/users\/205"}],"replies":[{"embeddable":true,"href":"https:\/\/www.ufsm.br\/pro-reitorias\/proplan\/wp-json\/wp\/v2\/comments?post=2417"}],"version-history":[{"count":0,"href":"https:\/\/www.ufsm.br\/pro-reitorias\/proplan\/wp-json\/wp\/v2\/pages\/2417\/revisions"}],"wp:attachment":[{"href":"https:\/\/www.ufsm.br\/pro-reitorias\/proplan\/wp-json\/wp\/v2\/media?parent=2417"}],"wp:term":[{"taxonomy":"category","embeddable":true,"href":"https:\/\/www.ufsm.br\/pro-reitorias\/proplan\/wp-json\/wp\/v2\/categories?post=2417"},{"taxonomy":"post_tag","embeddable":true,"href":"https:\/\/www.ufsm.br\/pro-reitorias\/proplan\/wp-json\/wp\/v2\/tags?post=2417"}],"curies":[{"name":"wp","href":"https:\/\/api.w.org\/{rel}","templated":true}]}}