{"id":2427,"date":"2019-09-30T17:23:27","date_gmt":"2019-09-30T20:23:27","guid":{"rendered":"https:\/\/www.ufsm.br\/pro-reitorias\/proplan\/?page_id=2427"},"modified":"2025-01-28T09:44:25","modified_gmt":"2025-01-28T12:44:25","slug":"resolucao-n-011-2019","status":"publish","type":"page","link":"https:\/\/www.ufsm.br\/pro-reitorias\/proplan\/resolucao-n-011-2019","title":{"rendered":"Resolu\u00e7\u00e3o N. 011\/2019"},"content":{"rendered":"\t\t<div data-elementor-type=\"wp-post\" data-elementor-id=\"2427\" class=\"elementor elementor-2427\">\n\t\t\t\t\t\t<section class=\"elementor-section elementor-top-section elementor-element elementor-element-250dde3 elementor-section-boxed elementor-section-height-default elementor-section-height-default\" data-id=\"250dde3\" data-element_type=\"section\">\n\t\t\t\t\t\t<div class=\"elementor-container elementor-column-gap-default\">\n\t\t\t\t\t<div class=\"elementor-column elementor-col-100 elementor-top-column elementor-element elementor-element-6f3271a\" data-id=\"6f3271a\" data-element_type=\"column\">\n\t\t\t<div class=\"elementor-widget-wrap elementor-element-populated\">\n\t\t\t\t\t\t<div class=\"elementor-element elementor-element-50fbac3 elementor-widget elementor-widget-html\" data-id=\"50fbac3\" data-element_type=\"widget\" data-widget_type=\"html.default\">\n\t\t\t\t<div class=\"elementor-widget-container\">\n\t\t\t\r\n\r\n\r\n<title><b>RESOLU\u00c7\u00c3O N. 011\/2019<\/b><\/title>\r\n\r\n\r\n<div align=\"center\"><img decoding=\"async\" src=\"https:\/\/www.ufsm.br\/pro-reitorias\/proplan\/wp-content\/uploads\/sites\/344\/2019\/09\/brasao-da-republica-do-brasil-logo.png\" alt=\"Bras\u00e3o Rep\u00fablica Federativa do Brasil\" width=\"6%\" height=\"6%\"><\/div>    \r\n<h1><font color=\"blue\"><font size=\"5\"><div align=\"center\">MINIST\u00c9RIO DA EDUCA\u00c7\u00c3O<\/b><\/font><\/font><\/div><\/H1>\r\n<p><b><font color=\"0000blue\"><div align=\"center\">UNIVERSIDADE FEDERAL DE SANTA MARIA<\/b><\/font><\/div><\/p>\r\n\r\n<p><div align=\"center\"><b><a href=\"https:\/\/portal.ufsm.br\/documentos\/publico\/documento.html?id=12575896\"><font color=\"blue\">RESOLU\u00c7\u00c3O N. 011\/2019<\/font><\/a><\/b><\/div><\/p>\r\n<br>\r\n\r\n\r\n<p><a href=\"https:\/\/www.ufsm.br\/pro-reitorias\/proplan\/resolucao-ufsm-n-112-2022\/\"><font color=\"blue\">Revogada pela Resolu\u00e7\u00e3o N. 112\/2022<\/font><\/a><\/p>\r\n\r\n<p><div align=\"right\"><font color=\"800000\"><s>Altera os artigos 7\u00ba, 11 e 15 da <a href=\"https:\/\/www.ufsm.br\/pro-reitorias\/proplan\/resolucoes-concursos-publicos\/\" target=\"_blank\"><font color=\"blue\"><u>Resolu\u00e7\u00e3o N. 030\/2013<\/u><\/font><\/a>, que regulamenta o Concurso P\u00fablico para ingresso no Quadro do Magist\u00e9rio Superior da Universidade Federal de Santa Maria (UFSM).<\/font><\/div><\/p>\r\n\r\n<br><\/s><div align=\"justify\">\r\n\r\n<p><s>O REITOR DA UNIVERSIDADE FEDERAL DE SANTA MARIA, no uso de suas atribui\u00e7\u00f5es legais e estatut\u00e1rias e considerando:<\/p>\r\n<p>\u2013 a necessidade de atualizar os artigos 7\u00b0, 11 e 15 da <a href=\"https:\/\/www.ufsm.br\/pro-reitorias\/proplan\/resolucoes-concursos-publicos\/\" target=\"_blank\"><font color=\"blue\"><u>Resolu\u00e7\u00e3o N. 030\/2013<\/u><\/font><\/a>, que regulamenta o Concurso P\u00fablico para ingresso no Quadro do Magist\u00e9rio Superior da Universidade Federal de Santa Maria (UFSM);<\/p>\r\n<p>\u2013 o atendimento ao Of\u00edcio N. 082\/2019\/PRM-SMA\/GAB1, que encaminha a recomenda\u00e7\u00e3o N. 002\/2019, de 16\/01\/2019, do Minist\u00e9rio P\u00fablico Federal;<\/p>\r\n<p>\u2013 o Parecer N. 058\/2019 da Comiss\u00e3o de Legisla\u00e7\u00e3o e Normas (CLN), aprovado na 934\u00aa Sess\u00e3o do Conselho de Ensino, Pesquisa e Extens\u00e3o (CEPE), de 07\/06\/2019, referente ao Processo N. <a href=\"https:\/\/portal.ufsm.br\/documentos\/publico\/processo\/documento.html?idDocumento=12412852\" target=\"_blank\"><font color=\"blue\"><u>23081.018736\/2019-03<\/u><\/font><\/a>.<\/p>\r\n<p>\u2013 o Parecer N. 055\/2019 da Comiss\u00e3o de Legisla\u00e7\u00e3o e Regimentos (CLR), aprovado na 817\u00aa Sess\u00e3o do Conselho Universit\u00e1rio (CONSU), de 28\/06\/2019, referente ao Processo N. <a href=\"https:\/\/portal.ufsm.br\/documentos\/publico\/processo\/documento.html?idDocumento=12412852\" target=\"_blank\"><font color=\"blue\"><u>23081.018736\/2019-03<\/u><\/font><\/a>.<\/p>\r\n<br>\r\n\r\n<p><b><div align=\"center\">RESOLVE:<\/b><\/div><\/p>\r\n<br>\r\n<p>Art. 1\u00ba Alterar os artigos 7\u00ba, 11 e 15 da <a href=\"https:\/\/www.ufsm.br\/pro-reitorias\/proplan\/resolucoes-concursos-publicos\/\" target=\"_blank\"><font color=\"blue\"><u>Resolu\u00e7\u00e3o N. 030\/2013<\/u><\/font><\/a>, que regulamenta o Concurso P\u00fablico para ingresso no Quadro do Magist\u00e9rio Superior da Universidade Federal de Santa Maria (UFSM), que passam a ter as seguintes reda\u00e7\u00f5es:<\/p>\r\n\r\n<p>\u201cArt. 7\u00ba Caber\u00e1 \u00e0 Pr\u00f3-Reitoria de Gest\u00e3o de Pessoas (PROGEP), abrir o edital do concurso, que ser\u00e1 publicado no Di\u00e1rio Oficial da Uni\u00e3o (DOU), em um jornal de circula\u00e7\u00e3o estadual, em um jornal de circula\u00e7\u00e3o local, e, no endere\u00e7o do s\u00edtio da UFSM (http:\/\/www.ufsm.br), com anteced\u00eancia m\u00ednima de sessenta dias da realiza\u00e7\u00e3o da primeira prova (ver Art. 18, inciso I, <a href=\"http:\/\/www.planalto.gov.br\/ccivil_03\/_ato2007-2010\/2009\/decreto\/d6944.htm\" target=\"_blank\"><font color=\"blue\"><u>Decreto N. 6.944\/09<\/u><\/font><\/a>).<\/p>\r\n<p>\u00a7 1\u00ba \u00c9 atribui\u00e7\u00e3o da PROGEP, de comum acordo com a PRPGP, proceder a ampla divulga\u00e7\u00e3o dos editais de concursos p\u00fablicos docentes abertos na UFSM.<\/p>\r\n<p>\u00a7 2\u00ba O Edital, cuja minuta ser\u00e1 elaborada pela PROGEP, conter\u00e1, no m\u00ednimo, as seguintes informa\u00e7\u00f5es:<\/p>\r\n<p>I \u2013 identifica\u00e7\u00e3o da institui\u00e7\u00e3o;<p \/>\r\n<p>II \u2013 men\u00e7\u00e3o ao ato ministerial que autoriza a realiza\u00e7\u00e3o do concurso p\u00fablico, quando for o caso;<\/p>\r\n<p>III \u2013 datas e forma de realiza\u00e7\u00e3o das inscri\u00e7\u00f5es;<\/p>\r\n<p>IV \u2013 indica\u00e7\u00e3o precisa dos locais, hor\u00e1rios e procedimentos de inscri\u00e7\u00e3o, bem como das formalidades para sua confirma\u00e7\u00e3o;<\/p>\r\n<p>V \u2013 Departamento Did\u00e1tico de lota\u00e7\u00e3o da(s) vaga(s) objeto do concurso;<\/p>\r\n<p>VI \u2013 descri\u00e7\u00e3o das atribui\u00e7\u00f5es do cargo, na forma do <a href=\"https:\/\/www.ufsm.br\/pro-reitorias\/proplan\/estatuto-ufsm-2010\/\" target=\"_blank\"><font color=\"blue\"><u>Estatuto<\/u><\/font><\/a> e <a href=\"https:\/\/www.ufsm.br\/pro-reitorias\/proplan\/regimento-geral-da-ufsm-2011\/\" target=\"_blank\"><font color=\"blue\"><u>Regimento Geral<\/u><\/font><\/a> da Institui\u00e7\u00e3o;<\/p>\r\n<p>VII \u2013 \u00e1rea de conhecimento objeto do concurso e as \u00e1reas afins, de acordo com o Art. 6\u00ba desta Resolu\u00e7\u00e3o;<\/p>\r\n<p>VIII \u2013 rela\u00e7\u00e3o dos documentos exigidos no ato da inscri\u00e7\u00e3o e quando da realiza\u00e7\u00e3o das provas, bem como do material de uso n\u00e3o permitido nesta fase;<\/p>\r\n<p>IX \u2013 enuncia\u00e7\u00e3o precisa das disciplinas das provas e dos eventuais agrupamentos de provas;<\/p>\r\n<p>X \u2013 indica\u00e7\u00e3o das prov\u00e1veis datas de realiza\u00e7\u00e3o das provas;<\/p>\r\n<p>XI \u2013 n\u00famero de etapas do concurso p\u00fablico, com indica\u00e7\u00e3o das respectivas fases, seu car\u00e1ter eliminat\u00f3rio ou eliminat\u00f3rio e classificat\u00f3rio, e indicativo sobre a exist\u00eancia e condi\u00e7\u00f5es do curso de forma\u00e7\u00e3o, se for o caso;<\/p>\r\n<p>XII \u2013 informa\u00e7\u00e3o de que haver\u00e1 grava\u00e7\u00e3o em \u00e1udio da prova did\u00e1tica e de defesa da produ\u00e7\u00e3o intelectual e de \u00e1udio e v\u00eddeo no caso de prova pr\u00e1tica;<\/p>\r\n<p>XIII \u2013 explicita\u00e7\u00e3o detalhada da metodologia para classifica\u00e7\u00e3o no concurso p\u00fablico;<\/p>\r\n<p>XIV \u2013 exig\u00eancia, quando cab\u00edvel, de exames m\u00e9dicos espec\u00edficos para a carreira ou de exame psicot\u00e9cnico ou sindic\u00e2ncia da vida pregressa;<\/p>\r\n<p>XV \u2013 regulamenta\u00e7\u00e3o dos meios de aferi\u00e7\u00e3o do desempenho do candidato nas provas, observado o disposto na <a href=\"http:\/\/www.planalto.gov.br\/ccivil_03\/leis\/2003\/l10.741.htm\" target=\"_blank\"><font color=\"blue\"><u>Lei N. 10.741, de 1\u00ba de outubro de 2003<\/u><\/font><\/a>; <\/p>\r\n<p>XVI \u2013 indica\u00e7\u00e3o dos requisitos determinados nos Art. 2\u00ba e 3\u00ba desta Resolu\u00e7\u00e3o;<\/p>\r\n<p>XVII \u2013 denomina\u00e7\u00e3o do cargo;<\/p>\r\n<p>XVIII \u2013 lei de cria\u00e7\u00e3o do cargo e seus regulamentos;<\/p>\r\n<p>XIX \u2013 indica\u00e7\u00e3o da classe de ingresso na carreira do Magist\u00e9rio Superior em que se dar\u00e1 a nomea\u00e7\u00e3o;<\/p>\r\n<p>XX \u2013 n\u00famero de cargos a serem preenchidos;<\/p>\r\n<p>XXI \u2013 quantitativo de vagas reservadas \u00e0s pessoas com defici\u00eancia e crit\u00e9rios para sua admiss\u00e3o, em conson\u00e2ncia com o disposto nos Art. 37 a 44, do <a href=\"http:\/\/www.planalto.gov.br\/ccivil_03\/decreto\/D3298.htm\" target=\"_blank\"><font color=\"blue\"><u>Decreto N. 3.298, de 20 de dezembro de 1999<\/u><\/font><\/a>;<\/p>\r\n<p>XXII \u2013 prazo de validade do concurso, de acordo com a legisla\u00e7\u00e3o vigente e da possibilidade de sua prorroga\u00e7\u00e3o;<\/p>\r\n<p>XXIII \u2013 disposi\u00e7\u00e3o sobre o processo de elabora\u00e7\u00e3o, apresenta\u00e7\u00e3o, julgamento, decis\u00e3o e conhecimento do resultado de recursos; <\/p>\r\n<p>XXIV \u2013 regime jur\u00eddico do cargo a ser provido;<\/p>\r\n<p>XXV \u2013 regime de trabalho a ser observado;<\/p>\r\n<p>XXVI \u2013 valor da taxa de inscri\u00e7\u00e3o e hip\u00f3tese de isen\u00e7\u00e3o;<\/p>\r\n<p>XXVII \u2013 orienta\u00e7\u00f5es para a apresenta\u00e7\u00e3o do requerimento de isen\u00e7\u00e3o da taxa de inscri\u00e7\u00e3o, conforme legisla\u00e7\u00e3o aplic\u00e1vel;<p>\r\n<p>XXVIII \u2013 necessidade de titula\u00e7\u00e3o acad\u00eamica na \u00e1rea objeto do concurso;<\/p>\r\n<p>XXIX \u2013 provas a serem realizadas, de acordo com o Art. 19 da presente resolu\u00e7\u00e3o;<\/p>\r\n<p>XXX \u2013 remunera\u00e7\u00e3o inicial do cargo;<\/p>\r\n<p>XXXI \u2013 programa do concurso, com os respectivos t\u00f3picos, de acordo com o art. 18 da presente resolu\u00e7\u00e3o;<\/p>\r\n<p>XXXII \u2013 a comprova\u00e7\u00e3o documental relativa \u00e0s exig\u00eancias do concurso, exceto provas de t\u00edtulo a qual observar\u00e1 a regra determinada no edital, dever\u00e1 ser apresentada por ocasi\u00e3o da posse; e<\/p>\r\n<p>XXXIII \u2013 o n\u00famero e a localiza\u00e7\u00e3o da Resolu\u00e7\u00e3o que regulamenta o concurso, no sitio da UFSM na internet.<\/p>\r\n<p>\u00a7 3\u00ba O edital estabelecer\u00e1, observadas as normas pertinentes \u00e0 mat\u00e9ria, as condi\u00e7\u00f5es para a realiza\u00e7\u00e3o do concurso, prevendo, na hip\u00f3tese de n\u00e3o haver inscri\u00e7\u00e3o de candidato(s), a prorroga\u00e7\u00e3o autom\u00e1tica do prazo para inscri\u00e7\u00e3o por igual per\u00edodo.<\/p>\r\n<p>\u00a7 4\u00ba Cabe ao colegiado do Departamento Did\u00e1tico ao qual foi destinado o cargo objeto do concurso decidir pela abertura de edital em outra \u00e1rea, nos seguintes casos: <\/p>\r\n<p>I \u2013 N\u00e3o havendo inscri\u00e7\u00e3o de candidatos ou n\u00e3o havendo inscri\u00e7\u00f5es homologadas, respeitando-se o previsto no par\u00e1grafo anterior; ou<\/p>\r\n<p>II \u2013 Havendo inscri\u00e7\u00f5es homologadas e n\u00e3o ocorrendo o preenchimento das vagas ofertadas no edital.<\/p>\r\n<p><b>\u00a7 5\u00ba Eventuais altera\u00e7\u00f5es das regras edital\u00edcias subsequentes \u00e0 deflagra\u00e7\u00e3o do concurso p\u00fablico dever\u00e3o observar o mesmo regramento seguido para a sua defini\u00e7\u00e3o inicial, evitando-se delibera\u00e7\u00f5es unipessoais do Chefe do Departamento (ad referendum), posteriormente submetidas \u00e0 aprova\u00e7\u00e3o do respectivo Colegiado Departamental.<\/b><p>\r\n\r\n<p>Art. 11. N\u00e3o poder\u00e1 ser designado secret\u00e1rio do concurso:<\/p>\r\n<p>I \u2013 c\u00f4njuge de candidato ou companheiro, mesmo que divorciado ou separado judicialmente;<\/p>\r\n<p>II \u2013 ascendente ou descendente de candidato, at\u00e9 segundo grau, ou colateral at\u00e9 o quarto grau, seja o parentesco por consanguinidade, afinidade ou ado\u00e7\u00e3o;<\/p>\r\n<p>III \u2013 s\u00f3cio de candidato em atividade profissional <b> ou aquele que mantenha v\u00ednculo de trabalho caracterizado por uma rela\u00e7\u00e3o de supervis\u00e3o ou subordina\u00e7\u00e3o com candidato inscrito no certame;<\/b><\/p>\r\n<p>IV \u2013 orientador ou co-orientador acad\u00eamico do candidato, em n\u00edvel igual ou superior ao de Especializa\u00e7\u00e3o;<\/p>\r\n<p>V \u2013 autoridade ou servidor que tenha amizade \u00edntima ou inimizade not\u00f3ria com algum dos interessados ou com os respectivos c\u00f4njuges, companheiros, parentes e afins at\u00e9 o terceiro grau; e<\/p>\r\n<p>VI \u2013 outras situa\u00e7\u00f5es de impedimento ou suspei\u00e7\u00e3o previstas na legisla\u00e7\u00e3o vigente.<\/p>\r\n \r\n<p>Art. 15. N\u00e3o poder\u00e1 participar da Comiss\u00e3o Examinadora:<\/p>\r\n<p>I \u2013 c\u00f4njuge de candidato ou companheiro, mesmo que divorciado ou separado judicialmente;<\/p>\r\n<p>II \u2013 ascendente ou descendente de candidato, at\u00e9 segundo grau, ou colateral at\u00e9 o quarto grau, seja o parentesco por consanguinidade, afinidade ou ado\u00e7\u00e3o;<\/p>\r\n<p>III \u2013 s\u00f3cio de candidato em atividade profissional <b> ou aquele que mantenha vinculo de trabalho caracterizado por uma rela\u00e7\u00e3o de supervis\u00e3o ou subordina\u00e7\u00e3o com candidato inscrito no certame;<\/b><\/p>\r\n<p>IV \u2013 orientador ou co-orientador acad\u00eamico do candidato, em n\u00edvel igual ou superior ao de Especializa\u00e7\u00e3o;<\/p>\r\n<p>V \u2013 autoridade ou servidor que tenha amizade \u00edntima ou inimizade not\u00f3ria com algum dos interessados ou com os respectivos c\u00f4njuges, companheiros, parentes e afins at\u00e9 o terceiro grau; e<\/p>\r\n<p>VI \u2013 outras situa\u00e7\u00f5es de impedimento ou suspei\u00e7\u00e3o previstas na legisla\u00e7\u00e3o vigente.<\/p>\r\n<p><b>Par\u00e1grafo \u00fanico. A partir da homologa\u00e7\u00e3o dos candidatos inscritos no Concurso P\u00fablico, o chefe do Departamento Did\u00e1tico e os integrantes do respectivo Colegiado Departamental de origem da vaga dever\u00e3o respeitar a mesmas limita\u00e7\u00f5es e impedimentos previstas para o Secret\u00e1rio do Concurso e membro da Comiss\u00e3o Examinadora, ao longo de toda condu\u00e7\u00e3o do processo.\u201d<\/b><\/p>\r\n\r\n<p>Art. 2\u00ba Esta resolu\u00e7\u00e3o entrar\u00e1 em vigor na data de sua assinatura, revogadas as disposi\u00e7\u00f5es em contr\u00e1rio.<\/p>\r\n\r\n\r\n<p>GABINETE DO REITOR DA UNIVERSIDADE FEDERAL DE SANTA MARIA, ao 1\u00aa dia do m\u00eas de julho do ano dois mil e dezenove.<\/p>\r\n<\/div>\r\n\r\n<p>Paulo Afonso Burmann,<\/p>\r\n<p>Reitor<\/s><p \/>\r\n\r\n<p><font color=\"red0000\">Este texto n\u00e3o substitui o documento original, publicado no Portal de Documentos.<\/font> Dispon\u00edvel em: <a href=\"https:\/\/portal.ufsm.br\/documentos\/publico\/documento.html?id=12575896\"><font color=\"blue\">https:\/\/portal.ufsm.br\/documentos\/publico\/documento.html?id=12575896<\/font><\/a>\r\n\r\n\t\t<\/div>\n\t\t\t\t<\/div>\n\t\t\t\t\t<\/div>\n\t\t<\/div>\n\t\t\t\t\t<\/div>\n\t\t<\/section>\n\t\t\t\t<\/div>\n\t\t","protected":false},"excerpt":{"rendered":"<p>RESOLU\u00c7\u00c3O N. 011\/2019 MINIST\u00c9RIO DA EDUCA\u00c7\u00c3O UNIVERSIDADE FEDERAL DE SANTA MARIA RESOLU\u00c7\u00c3O N. 011\/2019 Revogada pela Resolu\u00e7\u00e3o N. 112\/2022 Altera os artigos 7\u00ba, 11 e 15 da Resolu\u00e7\u00e3o N. 030\/2013, que regulamenta o Concurso P\u00fablico para ingresso no Quadro do Magist\u00e9rio Superior da Universidade Federal de Santa Maria (UFSM). O REITOR DA UNIVERSIDADE FEDERAL DE [&hellip;]<\/p>\n","protected":false},"author":205,"featured_media":0,"parent":0,"menu_order":0,"comment_status":"closed","ping_status":"closed","template":"","meta":{"footnotes":""},"categories":[],"tags":[],"class_list":["post-2427","page","type-page","status-publish","hentry"],"acf":[],"_links":{"self":[{"href":"https:\/\/www.ufsm.br\/pro-reitorias\/proplan\/wp-json\/wp\/v2\/pages\/2427","targetHints":{"allow":["GET"]}}],"collection":[{"href":"https:\/\/www.ufsm.br\/pro-reitorias\/proplan\/wp-json\/wp\/v2\/pages"}],"about":[{"href":"https:\/\/www.ufsm.br\/pro-reitorias\/proplan\/wp-json\/wp\/v2\/types\/page"}],"author":[{"embeddable":true,"href":"https:\/\/www.ufsm.br\/pro-reitorias\/proplan\/wp-json\/wp\/v2\/users\/205"}],"replies":[{"embeddable":true,"href":"https:\/\/www.ufsm.br\/pro-reitorias\/proplan\/wp-json\/wp\/v2\/comments?post=2427"}],"version-history":[{"count":0,"href":"https:\/\/www.ufsm.br\/pro-reitorias\/proplan\/wp-json\/wp\/v2\/pages\/2427\/revisions"}],"wp:attachment":[{"href":"https:\/\/www.ufsm.br\/pro-reitorias\/proplan\/wp-json\/wp\/v2\/media?parent=2427"}],"wp:term":[{"taxonomy":"category","embeddable":true,"href":"https:\/\/www.ufsm.br\/pro-reitorias\/proplan\/wp-json\/wp\/v2\/categories?post=2427"},{"taxonomy":"post_tag","embeddable":true,"href":"https:\/\/www.ufsm.br\/pro-reitorias\/proplan\/wp-json\/wp\/v2\/tags?post=2427"}],"curies":[{"name":"wp","href":"https:\/\/api.w.org\/{rel}","templated":true}]}}