{"id":2507,"date":"2019-10-11T11:10:18","date_gmt":"2019-10-11T14:10:18","guid":{"rendered":"https:\/\/www.ufsm.br\/pro-reitorias\/proplan\/?page_id=2507"},"modified":"2023-03-02T09:25:44","modified_gmt":"2023-03-02T12:25:44","slug":"resolucao-n-002-2017","status":"publish","type":"page","link":"https:\/\/www.ufsm.br\/pro-reitorias\/proplan\/resolucao-n-002-2017","title":{"rendered":"Resolu\u00e7\u00e3o N. 002\/2017"},"content":{"rendered":"\t\t<div data-elementor-type=\"wp-page\" data-elementor-id=\"2507\" class=\"elementor elementor-2507\">\n\t\t\t\t\t\t<section class=\"elementor-section elementor-top-section elementor-element elementor-element-2dda1ed elementor-section-boxed elementor-section-height-default elementor-section-height-default\" data-id=\"2dda1ed\" data-element_type=\"section\">\n\t\t\t\t\t\t<div class=\"elementor-container elementor-column-gap-default\">\n\t\t\t\t\t<div class=\"elementor-column elementor-col-100 elementor-top-column elementor-element elementor-element-b1fa127\" data-id=\"b1fa127\" data-element_type=\"column\">\n\t\t\t<div class=\"elementor-widget-wrap elementor-element-populated\">\n\t\t\t\t\t\t<div class=\"elementor-element elementor-element-85547c3 elementor-widget elementor-widget-html\" data-id=\"85547c3\" data-element_type=\"widget\" data-widget_type=\"html.default\">\n\t\t\t\t<div class=\"elementor-widget-container\">\n\t\t\t\r\n\r\n\r\n<title><b>RESOLU\u00c7\u00c3O N. 002\/2017<\/b><\/title>\r\n\r\n\r\n<div align=\"center\"><img decoding=\"async\" src=\"https:\/\/www.ufsm.br\/pro-reitorias\/proplan\/wp-content\/uploads\/sites\/344\/2019\/09\/brasao-da-republica-do-brasil-logo.png\" alt=\"Bras\u00e3o Rep\u00fablica Federativa do Brasil\" width=\"6%\" height=\"6%\"><\/div>    \r\n<h1><font color=\"blue\"><font size=\"5\"><div align=\"center\">MINIST\u00c9RIO DA EDUCA\u00c7\u00c3O<\/b><\/font><\/font><\/div><\/H1>\r\n<p><b><font color=\"0000blue\"><div align=\"center\">UNIVERSIDADE FEDERAL DE SANTA MARIA<\/b><\/font><\/div><\/p>\r\n\r\n<p><div align=\"center\"><b><a href=\"https:\/\/portal.ufsm.br\/documentos\/publico\/documento.html?id=8297323\"><font color=\"blue\">RESOLU\u00c7\u00c3O N. 002\/2017<\/font><\/a><\/b><\/div><\/p>\r\n<br>\r\n<p><div align=\"right\"><font color=\"800000\">Aprova a  transfer\u00eancia  do  Curso  de Especializa\u00e7\u00e3o  em Geom\u00e1tica do Centro de Ci\u00eancias Rurais para a estrutura organizacional do Col\u00e9gio Polit\u00e9cnico da Universidade Federal de Santa Maria.<\/font><\/div><\/p>\r\n<p><a href=\"https:\/\/www.ufsm.br\/pro-reitorias\/proplan?page_id=5264\" target=\"_blank\"><font color=\"blue\">Revogada pela Resolu\u00e7\u00e3o UFSM N. 116\/2023<\/font><\/a><\/p>\r\n<br><div align=\"justify\">\r\n<s>\r\n<p>O REITOR DA UNIVERSIDADE FEDERAL DE SANTA MARIA, no uso de suas atribui\u00e7\u00f5es legais e estatut\u00e1rias e considerando:<\/p>\r\n<p>- a possibilidade de encerramento do curso em quest\u00e3o;<\/p>\r\n<p>- Ata da Assembl\u00e9ia Geral do PPG em Geom\u00e1tica, de 25 de junho de 2015;<\/p>\r\n<p>- a Portaria n. 062\/2016, de 1\u00ba de junho de 2016 \u2013 CCR;<\/p>\r\n<p>- a Ata n. 002\/2016, da Reuni\u00e3o de Colegiado do Curso de Especializa\u00e7\u00e3o em Geom\u00e1tica, de 16 de junho de 2016;<\/p>\r\n<p>- a Ata n. 10\/2016, de 18 de julho de 2016 da Reuni\u00e3o Extraordin\u00e1ria do Conselho do Col\u00e9gio Polit\u00e9cnico;<\/p>\r\n<p>- o Parecer n. 049\/2016 da COMEPE, aprovado na 894\u00aa Sess\u00e3o do Conselho de Ensino, Pesquisa e Extens\u00e3o, de 16\/12\/2016, referente ao Processo n. <a href=\"https:\/\/portal.ufsm.br\/documentos\/publico\/processo\/documento.html?idDocumento=8027474\" target=\"_blank\"><font color=\"blue\"><u>23081.041146\/2016-23<\/u><\/font><\/a>; e<\/p>\r\n<p>- o Parecer n. 019\/2017 da Comiss\u00e3o de Legisla\u00e7\u00e3o e Regimentos (CLR), aprovado na 791\u00aa Sess\u00e3o do Conselho Universit\u00e1rio, de 31 de mar\u00e7o de 2017, referente ao Processo n. <a href=\"https:\/\/portal.ufsm.br\/documentos\/publico\/processo\/documento.html?idDocumento=7667684\" target=\"_blank\"><font color=\"blue\"><u>23081.028418\/2016-08<\/u><\/font><\/a>.<\/p>\r\n<br>\r\n<p><b><div align=\"center\">RESOLVE:<\/b><\/div><\/p>\r\n<br>\r\n<p>Art. 1\u00ba Aprovar a transfer\u00eancia do Curso de Especializa\u00e7\u00e3o em Geom\u00e1tica para a estrutura organizacional do Col\u00e9gio Polit\u00e9cnico da UFSM.<\/p>\r\n<p>Art. 2\u00ba Fica igualmente criada a Coordena\u00e7\u00e3o do referido curso, para efeitos de seu registro no Sistema de Informa\u00e7\u00f5es Organizacionais do Governo Federal \u2013 SIORG.<\/p>\r\n<p>Art. 3\u00ba A Pr\u00f3-Reitoria de Planejamento ir\u00e1 proceder \u00e0s altera\u00e7\u00f5es no Sistema de Classifica\u00e7\u00e3o Institucional e Sistema de Informa\u00e7\u00f5es Organizacionais do Governo Federal \u2013 SIORG.<\/p>\r\n<p>Art. 4\u00ba A Pr\u00f3-Reitoria de Gest\u00e3o de Pessoas \u2013 PROGEP ir\u00e1 proceder a relota\u00e7\u00e3o dos docentes e t\u00e9cnico-administrativos em educa\u00e7\u00e3o nas subunidades correspondentes na estrutura organizacional do Col\u00e9gio Polit\u00e9cnico da UFSM.<\/p>\r\n<p>Art. 5\u00ba O Departamento de Registro Acad\u00eamico \u2013 DERCA ir\u00e1 proceder a realoca\u00e7\u00e3o de disciplinas nos departamentos did\u00e1ticos correspondentes.<\/p>\r\n<p>Art. 6\u00ba O Departamento de Material e Patrim\u00f4nio \u2013 DEMAPA ir\u00e1 proceder realoca\u00e7\u00e3o dos materiais e equipamentos \u00e0s subunidades de destino no Col\u00e9gio Polit\u00e9cnico da UFSM.<\/p>\r\n<p>Art. 7\u00ba Esta resolu\u00e7\u00e3o entrar\u00e1 em vigor na data de sua publica\u00e7\u00e3o, revogadas as disposi\u00e7\u00f5es em contr\u00e1rio.<\/p>\r\n\r\n<p>GABINETE DO REITOR DA UNIVERSIDADE FEDERAL DE SANTA MARIA, aos quatro dias do m\u00eas de abril do ano dois mil e dezessete.<\/p>\r\n<\/div>\r\n<p>Paulo Afonso Burmann,<\/p>\r\n<p>Reitor.<\/p>\r\n<\/s>\r\n\r\n\r\n<p><font color=\"red0000\">Este texto n\u00e3o substitui o documento original, publicado no Portal de Documentos.<\/font> Dispon\u00edvel em: <a href=\"https:\/\/portal.ufsm.br\/documentos\/publico\/documento.html?id=8297323\"><font color=\"blue\">https:\/\/portal.ufsm.br\/documentos\/publico\/documento.html?id=8297323<\/font><\/a>\r\n\r\n\t\t<\/div>\n\t\t\t\t<\/div>\n\t\t\t\t\t<\/div>\n\t\t<\/div>\n\t\t\t\t\t<\/div>\n\t\t<\/section>\n\t\t\t\t<\/div>\n\t\t","protected":false},"excerpt":{"rendered":"<p>RESOLU\u00c7\u00c3O N. 002\/2017 MINIST\u00c9RIO DA EDUCA\u00c7\u00c3O UNIVERSIDADE FEDERAL DE SANTA MARIA RESOLU\u00c7\u00c3O N. 002\/2017 Aprova a transfer\u00eancia do Curso de Especializa\u00e7\u00e3o em Geom\u00e1tica do Centro de Ci\u00eancias Rurais para a estrutura organizacional do Col\u00e9gio Polit\u00e9cnico da Universidade Federal de Santa Maria. Revogada pela Resolu\u00e7\u00e3o UFSM N. 116\/2023 O REITOR DA UNIVERSIDADE FEDERAL DE SANTA MARIA, [&hellip;]<\/p>\n","protected":false},"author":205,"featured_media":0,"parent":0,"menu_order":0,"comment_status":"closed","ping_status":"closed","template":"","meta":{"footnotes":""},"categories":[],"tags":[],"class_list":["post-2507","page","type-page","status-publish","hentry"],"acf":[],"_links":{"self":[{"href":"https:\/\/www.ufsm.br\/pro-reitorias\/proplan\/wp-json\/wp\/v2\/pages\/2507","targetHints":{"allow":["GET"]}}],"collection":[{"href":"https:\/\/www.ufsm.br\/pro-reitorias\/proplan\/wp-json\/wp\/v2\/pages"}],"about":[{"href":"https:\/\/www.ufsm.br\/pro-reitorias\/proplan\/wp-json\/wp\/v2\/types\/page"}],"author":[{"embeddable":true,"href":"https:\/\/www.ufsm.br\/pro-reitorias\/proplan\/wp-json\/wp\/v2\/users\/205"}],"replies":[{"embeddable":true,"href":"https:\/\/www.ufsm.br\/pro-reitorias\/proplan\/wp-json\/wp\/v2\/comments?post=2507"}],"version-history":[{"count":0,"href":"https:\/\/www.ufsm.br\/pro-reitorias\/proplan\/wp-json\/wp\/v2\/pages\/2507\/revisions"}],"wp:attachment":[{"href":"https:\/\/www.ufsm.br\/pro-reitorias\/proplan\/wp-json\/wp\/v2\/media?parent=2507"}],"wp:term":[{"taxonomy":"category","embeddable":true,"href":"https:\/\/www.ufsm.br\/pro-reitorias\/proplan\/wp-json\/wp\/v2\/categories?post=2507"},{"taxonomy":"post_tag","embeddable":true,"href":"https:\/\/www.ufsm.br\/pro-reitorias\/proplan\/wp-json\/wp\/v2\/tags?post=2507"}],"curies":[{"name":"wp","href":"https:\/\/api.w.org\/{rel}","templated":true}]}}