{"id":2508,"date":"2019-10-11T11:11:10","date_gmt":"2019-10-11T14:11:10","guid":{"rendered":"https:\/\/www.ufsm.br\/pro-reitorias\/proplan\/?page_id=2508"},"modified":"2025-10-01T14:04:24","modified_gmt":"2025-10-01T17:04:24","slug":"resolucao-n-003-2017","status":"publish","type":"page","link":"https:\/\/www.ufsm.br\/pro-reitorias\/proplan\/resolucao-n-003-2017","title":{"rendered":"Resolu\u00e7\u00e3o N. 003\/2017"},"content":{"rendered":"\t\t<div data-elementor-type=\"wp-page\" data-elementor-id=\"2508\" class=\"elementor elementor-2508\">\n\t\t\t\t\t\t<section class=\"elementor-section elementor-top-section elementor-element elementor-element-428e0e7 elementor-section-boxed elementor-section-height-default elementor-section-height-default\" data-id=\"428e0e7\" data-element_type=\"section\">\n\t\t\t\t\t\t<div class=\"elementor-container elementor-column-gap-default\">\n\t\t\t\t\t<div class=\"elementor-column elementor-col-100 elementor-top-column elementor-element elementor-element-11ea2f5\" data-id=\"11ea2f5\" data-element_type=\"column\">\n\t\t\t<div class=\"elementor-widget-wrap elementor-element-populated\">\n\t\t\t\t\t\t<div class=\"elementor-element elementor-element-8a22bfb elementor-widget elementor-widget-html\" data-id=\"8a22bfb\" data-element_type=\"widget\" data-widget_type=\"html.default\">\n\t\t\t\t<div class=\"elementor-widget-container\">\n\t\t\t<br><div align=\"justify\"><font color=\"black\">\r\n<div align=\"center\">\r\n<img decoding=\"async\" src=\"https:\/\/www.ufsm.br\/pro-reitorias\/proplan\/wp-content\/uploads\/sites\/344\/2019\/09\/brasao-da-republica-do-brasil-logo.png\" alt=\"Bras\u00e3o Rep\u00fablica Federativa do Brasil\" width=\"6%\" height=\"6%\" style=\"text-align: justify\">\r\n<\/div>    \r\n<h1 style=\"text-align: justify\">\r\n<font color=\"blue\">\r\n<font size=\"5\">\r\n<\/font>\r\n<\/font>\r\n<div align=\"center\">\r\n<font color=\"blue\" style=\"text-align: justify\">\r\n<font size=\"5\">MINIST\u00c9RIO DA EDUCA\u00c7\u00c3O<\/font>\r\n<\/font>\r\n<\/div>\r\n<\/h1>\r\n<p>\r\n<b>\r\n<font color=\"0000blue\">\r\n<\/font>\r\n<\/b>\r\n<\/p>\r\n<div align=\"center\">\r\n<b style=\"text-align: justify\">\r\n<font color=\"0000blue\">UNIVERSIDADE FEDERAL DE SANTA MARIA<\/font>\r\n<\/b>\r\n<\/div>\r\n<p>\r\n<\/p>\r\n\r\n<p>\r\n<\/p>\r\n<div align=\"center\">\r\n<b style=\"text-align: justify\">\r\n<a href=\"https:\/\/portal.ufsm.br\/documentos\/publico\/documento.html?id=8297196\" style=\"color: blue !important;text-decoration: underline !important\" data-elementor-preserved=\"true\">\r\n<font color=\"blue\">RESOLU\u00c7\u00c3O N. 003\/2017<\/font>\r\n<\/a>\r\n<\/b>\r\n<\/div>\r\n<p>\r\n<\/p>\r\n<br>\r\n<p>\r\n<\/p>\r\n<div align=\"right\">\r\n<font color=\"800000\" style=\"text-align: justify\">Institui a Unidade de Apoio Pedag\u00f3gico \u2013 Rede Integrare\/CE na estrutura organizacional do Centro de Educa\u00e7\u00e3o da Universidade Federal de Santa Maria.<\/font>\r\n<\/div>\r\n<p>\r\n<\/p>\r\n<div>\r\n<br>\r\n<\/div>\r\n<div>Revogada pela <a href=\"https:\/\/www.ufsm.br\/pro-reitorias\/proplan\/resolucao-ufsm-n-231-2025\" style=\"color: blue !important;text-decoration: underline !important\" data-elementor-preserved=\"true\">Resolu\u00e7\u00e3o UFSM N. 231\/2025<\/a>\r\n<\/div>\r\n<br>\r\n<div align=\"justify\">\r\n<p>\r\n<strike>O REITOR DA UNIVERSIDADE FEDERAL DE SANTA MARIA, no uso de suas atribui\u00e7\u00f5es legais e estatut\u00e1rias e considerando:<\/strike>\r\n<\/p>\r\n<p>\r\n<strike>- a necessidade de cria\u00e7\u00e3o de Unidade de Apoio Pedag\u00f3gico, como \u00f3rg\u00e3o de apoio do Centro de Educa\u00e7\u00e3o, equiparando-se aos demais centros de ensino da UFSM no campus sede; e<\/strike>\r\n<\/p>\r\n<p>\r\n<strike>- o Parecer n. 029\/2017, da Comiss\u00e3o de Legisla\u00e7\u00e3o e Regimentos (CLR), aprovado na 793\u00aa sess\u00e3o do Conselho Universit\u00e1rio, de 27 de abril de 2017, relativo ao Processo n. <a href=\"https:\/\/portal.ufsm.br\/documentos\/publico\/processo\/documento.html?idDocumento=7955970\" style=\"color: blue !important;text-decoration: underline !important\" data-elementor-preserved=\"true\" target=\"_blank\">\r\n<font color=\"blue\">23081.037353\/2016-83<\/font>\r\n<\/a>.<\/strike>\r\n<\/p>\r\n<strike>\r\n<br>\r\n<\/strike>\r\n<p>\r\n<strike>\r\n<b>\r\n<\/b>\r\n<\/strike>\r\n<\/p>\r\n<div align=\"center\">\r\n<b style=\"text-align: justify\">\r\n<strike>RESOLVE:<\/strike>\r\n<\/b>\r\n<\/div>\r\n<p>\r\n<\/p>\r\n<strike>\r\n<br>\r\n<\/strike>\r\n<p>\r\n<strike>Art. 1\u00ba Instituir a Unidade de Apoio Pedag\u00f3gico \u2013 Rede Integrare\/CE na estrutura organizacional do Centro de Educa\u00e7\u00e3o da Universidade Federal de Santa Maria.<\/strike>\r\n<\/p>\r\n<p>\r\n<strike>Par\u00e1grafo \u00fanico. S\u00e3o justificativas da cria\u00e7\u00e3o da Unidade de Apoio Pedag\u00f3gico \u2013 Rede Integrare:<\/strike>\r\n<\/p>\r\n<p>\r\n<strike>I - ap\u00f3s diagn\u00f3stico da realidade dos Centros de Ensino e reuni\u00f5es entre os Diretores e Vice-Diretores das Unidades de Ensino do Campus Sede por meio do F\u00f3rum de Diretores dos Centros de Ensino, foi realizado estudo conjunto com a PROPLAN e Administra\u00e7\u00e3o Central com objetivo de propor uma estrutura m\u00ednima padronizada para os centros de ensino do campus sede, que restou aprovada na Sess\u00e3o 777\u00aa do Conselho Universit\u00e1rio, parecer n. 105\/2015, CLR\/CONSU, tornando p\u00fablica tal decis\u00e3o com a assinatura da <a href=\"https:\/\/www.ufsm.br\/pro-reitorias\/proplan\/resolucao-n-025-2015\/\" style=\"color: blue !important;text-decoration: underline !important\" data-elementor-preserved=\"true\" target=\"_blank\">\r\n<font color=\"blue\">Resolu\u00e7\u00e3o N. 025\/2015<\/font>\r\n<\/a>;<\/strike>\r\n<\/p>\r\n<p>\r\n<strike>II - a recomenda\u00e7\u00e3o da PROPLAN, que disp\u00f5e como relevante a cria\u00e7\u00e3o das Unidades de Apoio Pedag\u00f3gico nos Centros de Ensino do Campus Sede da UFSM;<\/strike>\r\n<\/p>\r\n<p>\r\n<strike>III - a necessidade de construir um espa\u00e7o de integra\u00e7\u00e3o entre os Docentes, Discentes e TAEs do CE, articulando os saberes produzidos nos diferentes espa\u00e7os da Unidade de Ensino contribuindo para a\u00e7\u00f5es de acolhida, trabalho e perman\u00eancia no Centro de Ensino e forma\u00e7\u00e3o continuada dos servidores do CE;<\/strike>\r\n<\/p>\r\n<p>\r\n<strike>IV - a necessidade de assessorar a Dire\u00e7\u00e3o nas demandas da comunidade interna e externa, auxiliando na organiza\u00e7\u00e3o de atividades, articulando os saberes produzidos nos diferentes espa\u00e7os do CE; e<\/strike>\r\n<\/p>\r\n<p>\r\n<strike>V - a necessidade de promover o debate pol\u00edtico-pedag\u00f3gico no CE.<\/strike>\r\n<\/p>\r\n<strike>\r\n<br>\r\n<\/strike>\r\n<p>\r\n<strike>\r\n<b>\r\n<\/b>\r\n<\/strike>\r\n<\/p>\r\n<div align=\"center\">\r\n<b style=\"text-align: justify\">\r\n<strike>CAP\u00cdTULO I<\/strike>\r\n<\/b>\r\n<\/div>\r\n<p>\r\n<\/p>\r\n<p>\r\n<strike>\r\n<b>\r\n<\/b>\r\n<\/strike>\r\n<\/p>\r\n<div align=\"center\">\r\n<b style=\"text-align: justify\">\r\n<strike>DOS FINS E COMPET\u00caNCIAS<\/strike>\r\n<\/b>\r\n<\/div>\r\n<p>\r\n<\/p>\r\n<strike>\r\n<br>\r\n<\/strike>\r\n<p>\r\n<strike>Art. 2\u00ba A Unidade de Apoio Pedag\u00f3gico \u2013 Rede Integrare, \u00f3rg\u00e3o de apoio \u00e0 Dire\u00e7\u00e3o do Centro de Educa\u00e7\u00e3o e articulada com a Pr\u00f3-Reitoria de Gradua\u00e7\u00e3o da UFSM e com a Coordenadoria de A\u00e7\u00f5es Educacionais (CAED), tendo por finalidade ser um espa\u00e7o institucional de assessoria \u00e0s a\u00e7\u00f5es pedag\u00f3gicas, contribuindo com o saber produzido no Centro de Educa\u00e7\u00e3o com as demandas da comunidade interna e externa da UFSM.<\/strike>\r\n<\/p>\r\n<p>\r\n<strike>Art. 3\u00ba A Unidade de Apoio Pedag\u00f3gico \u2013 Rede Integrare\/CE possui as seguintes compet\u00eancias:<\/strike>\r\n<\/p>\r\n<p>\r\n<strike>I - coordenar os processos de revis\u00e3o, atualiza\u00e7\u00e3o e reelabora\u00e7\u00e3o do Projeto Pol\u00edtico Pedag\u00f3gico (PPP) do CE, Plano de Desenvolvimento da Unidade e Plano de Gest\u00e3o do Centro de Educa\u00e7\u00e3o;<\/strike>\r\n<\/p>\r\n<p>\r\n<strike>II - articular com a Comiss\u00e3o de Avalia\u00e7\u00e3o do Centro de Educa\u00e7\u00e3o (CAICE) para elaborar e desenvolver propostas direcionadas \u00e0 a\u00e7\u00f5es pol\u00edticas de curto e m\u00e9dio prazo visando atender \u00e0 comunidade do CE, a partir de demandas oriundas da avalia\u00e7\u00e3o institucional (interna e externa);<\/strike>\r\n<\/p>\r\n<p>\r\n<strike>III - coordenar a\u00e7\u00f5es de acolhida a novos servidores do CE (Docentes e T\u00e9cnico-Administrativos em Educa\u00e7\u00e3o) e discentes;<\/strike>\r\n<\/p>\r\n<p>\r\n<strike>IV - coordenar a\u00e7\u00f5es institucionais como: calourada, Jornada Acad\u00eamica Integrada (JAI) e Descubra em parceria com cursos, departamentos, Gabinete de Projetos (GAP) e N\u00facleos de Ensino, Pesquisa e Extens\u00e3o do CE, e Diret\u00f3rio Acad\u00eamico do Centro de Educa\u00e7\u00e3o (DACE);<\/strike>\r\n<\/p>\r\n<p>\r\n<strike>V - identificar demandas, elaborar e acompanhar propostas da Coordenadoria de A\u00e7\u00f5es Educacionais (CAED);<\/strike>\r\n<\/p>\r\n<p>\r\n<strike>VI - compartilhar os saberes produzidos no CE nas diferentes \u00e1reas de atua\u00e7\u00e3o: Educa\u00e7\u00e3o e Ci\u00eancias (NEC), Educa\u00e7\u00e3o Especial (NEPES), Educa\u00e7\u00e3o e Inf\u00e2ncia (NDI), Aprendizagem, Acessibilidade e A\u00e7\u00f5es Afirmativas, Social, \u00c9tnico, Racial e Ind\u00edgena (\u00c2NIMA), e demais departamentos de Ensino (EDE, FUE, ADE, MEN) e P\u00f3s-gradua\u00e7\u00e3o;<\/strike>\r\n<\/p>\r\n<p>\r\n<strike>VII - criar espa\u00e7os de discuss\u00e3o para fortalecimento da intera\u00e7\u00e3o entre a Universidade e a sociedade;<\/strike>\r\n<\/p>\r\n<p>\r\n<strike>VIII - assessorar a Dire\u00e7\u00e3o, as Coordena\u00e7\u00f5es de Curso e Comiss\u00e3o de Avalia\u00e7\u00e3o Interna do Centro de Educa\u00e7\u00e3o - CAICE, no sentido de melhorar a qualidade do ensino superior; e<\/strike>\r\n<\/p>\r\n<p>\r\n<strike>IX - responsabilizar-se por metas e a\u00e7\u00f5es a curto, m\u00e9dio e longo prazos visando a melhoria da qualidade de educa\u00e7\u00e3o.<\/strike>\r\n<\/p>\r\n<strike>\r\n<br>\r\n<\/strike>\r\n<p>\r\n<strike>\r\n<b>\r\n<\/b>\r\n<\/strike>\r\n<\/p>\r\n<div align=\"center\">\r\n<b style=\"text-align: justify\">\r\n<strike>CAP\u00cdTULO II<\/strike>\r\n<\/b>\r\n<\/div>\r\n<p>\r\n<\/p> \r\n<p>\r\n<strike>\r\n<b>\r\n<\/b>\r\n<\/strike>\r\n<\/p>\r\n<div align=\"center\">\r\n<b style=\"text-align: justify\">\r\n<strike>DA DESCRI\u00c7\u00c3O E ESTRUTURA ORGANIZACIONAL<\/strike>\r\n<\/b>\r\n<\/div>\r\n<p>\r\n<\/p>\r\n<strike>\r\n<br>\r\n<\/strike>\r\n<p>\r\n<strike>Art. 4\u00ba A Unidade de Apoio Pedag\u00f3gico - Rede Integrare, \u00f3rg\u00e3o de apoio \u00e0 Dire\u00e7\u00e3o do CE e articulada com a PROGRAD e Coordenadoria de A\u00e7\u00f5es Educacionais (CAED), por essas ser\u00e1 subsidiada em suas a\u00e7\u00f5es.<\/strike>\r\n<\/p>\r\n<p>\r\n<strike>Art. 5\u00ba A UAP\u2013Rede Integrare analisar\u00e1 em conjunto com a Coordenadoria de A\u00e7\u00f5es Educacionais (CAED) a demanda de forma\u00e7\u00e3o permanente dos servidores docentes e t\u00e9cnico-administrativos em educa\u00e7\u00e3o e discentes, para estruturar, planejar e coordenar os fluxos de trabalho referentes a Unidade.<\/strike>\r\n<\/p>\r\n<p>\r\n<strike>Art. 6\u00ba A Unidade de Apoio Pedag\u00f3gico - Rede Integrare ser\u00e1 composta por servidores p\u00fablicos federais da carreira docente ou dos cargos t\u00e9cnico-administrativos em educa\u00e7\u00e3o, preferencialmente com forma\u00e7\u00e3o pedag\u00f3gica e ter\u00e1 a seguinte estrutura:<\/strike>\r\n<\/p>\r\n<p>\r\n<strike>I - Chefia da Unidade de Apoio Pedag\u00f3gico; e<\/strike>\r\n<\/p>\r\n<p>\r\n<strike>II - Secretaria da Unidade de Apoio Pedag\u00f3gico.<\/strike>\r\n<\/p>\r\n<strike>\r\n<br>\r\n<\/strike>\r\n<p>\r\n<strike>\r\n<b>\r\n<\/b>\r\n<\/strike>\r\n<\/p>\r\n<div align=\"center\">\r\n<b style=\"text-align: justify\">\r\n<strike>Se\u00e7\u00e3o I<\/strike>\r\n<\/b>\r\n<\/div>\r\n<p>\r\n<\/p>\r\n<p>\r\n<strike>\r\n<b>\r\n<\/b>\r\n<\/strike>\r\n<\/p>\r\n<div align=\"center\">\r\n<b style=\"text-align: justify\">\r\n<strike>Da Dire\u00e7\u00e3o da Unidade de Apoio Pedag\u00f3gico \u2013 Rede Integrare\/CE<\/strike>\r\n<\/b>\r\n<\/div>\r\n<p>\r\n<\/p>\r\n<strike>\r\n<br>\r\n<\/strike>\r\n<p>\r\n<strike>Art. 7\u00ba A fun\u00e7\u00e3o de Diretor da UAP \u2013 Rede Integrare ser\u00e1 exercida por um servidor p\u00fablico federal da carreira docente ou dos cargos t\u00e9cnico-administrativos em educa\u00e7\u00e3o, preferencialmente com forma\u00e7\u00e3o pedag\u00f3gica.<\/strike>\r\n<\/p>\r\n<p>\r\n<strike>Par\u00e1grafo \u00fanico. O servidor p\u00fablico federal de carreira docente ou t\u00e9cnico-administrativo em educa\u00e7\u00e3o ter\u00e1 como atribui\u00e7\u00e3o coordenar e acompanhar os trabalhos da UAP\u2013Rede Integrare em parceria com os diferentes espa\u00e7os da Unidade de Ensino do CE, contribuindo na organiza\u00e7\u00e3o e implementa\u00e7\u00e3o de suas a\u00e7\u00f5es.<\/strike>\r\n<\/p>\r\n<strike>\r\n<br>\r\n<\/strike>\r\n<p>\r\n<strike>\r\n<b>\r\n<\/b>\r\n<\/strike>\r\n<\/p>\r\n<div align=\"center\">\r\n<b style=\"text-align: justify\">\r\n<strike>CAP\u00cdTULO III<\/strike>\r\n<\/b>\r\n<\/div>\r\n<p>\r\n<\/p>\r\n<p>\r\n<strike>\r\n<b>\r\n<\/b>\r\n<\/strike>\r\n<\/p>\r\n<div align=\"center\">\r\n<b style=\"text-align: justify\">\r\n<strike>DAS DISPOSI\u00c7\u00d5ES GERAIS TRANSIT\u00d3RIAS<\/strike>\r\n<\/b>\r\n<\/div>\r\n<p>\r\n<\/p>\r\n<strike>\r\n<br>\r\n<\/strike>\r\n<p>\r\n<strike>Art. 8\u00ba A primeira representa\u00e7\u00e3o da UAP\u2013Rede Integrare ter\u00e1 um prazo m\u00e1ximo de seis meses para elaborar o regulamento interno, tendo como base a presente resolu\u00e7\u00e3o.<\/strike>\r\n<\/p>\r\n<p>\r\n<strike>Par\u00e1grafo \u00fanico. O regimento interno da UAP\u2013Rede Integrare dever\u00e1 ser aprovado pelo Conselho do Centro de Educa\u00e7\u00e3o.<\/strike>\r\n<\/p>\r\n\r\n<p>\r\n<strike>Art. 9\u00ba Os casos omissos desta Resolu\u00e7\u00e3o ser\u00e3o resolvidos pelo Conselho do Centro do Centro de Educa\u00e7\u00e3o.<\/strike>\r\n<\/p>\r\n<p>\r\n<strike>Art. 10 Esta resolu\u00e7\u00e3o entrar\u00e1 em vigor na data de sua publica\u00e7\u00e3o, e revoga as disposi\u00e7\u00f5es em contr\u00e1rio.<\/strike>\r\n<\/p>\r\n\r\n<p>\r\n<strike>GABINETE DO REITOR DA UNIVERSIDADE FEDERAL DE SANTA MARIA, aos quatro dias do m\u00eas de maio do ano dois mil e dezessete.<\/strike>\r\n<\/p>\r\n<\/div>\r\n<p>\r\n<strike>Paulo Afonso Burmann,<\/strike>\r\n<\/p>\r\n<p>\r\n<strike>Reitor.<\/strike>\r\n<\/p>\r\n\r\n<p>\r\n<strike>\r\n<font color=\"red0000\">Este texto n\u00e3o substitui o documento original, publicado no Portal de Documentos.<\/font> Dispon\u00edvel em: <a href=\"https:\/\/portal.ufsm.br\/documentos\/publico\/documento.html?id=8297196\" style=\"color: blue !important;text-decoration: underline !important\" data-elementor-preserved=\"true\">\r\n<font color=\"blue\">https:\/\/portal.ufsm.br\/documentos\/publico\/documento.html?id=8297196<\/font>\r\n<\/a>\r\n<\/strike>\r\n<\/p>\r\n<\/font><\/div>\t\t<\/div>\n\t\t\t\t<\/div>\n\t\t\t\t\t<\/div>\n\t\t<\/div>\n\t\t\t\t\t<\/div>\n\t\t<\/section>\n\t\t\t\t<\/div>\n\t\t","protected":false},"excerpt":{"rendered":"<p>MINIST\u00c9RIO DA EDUCA\u00c7\u00c3O UNIVERSIDADE FEDERAL DE SANTA MARIA RESOLU\u00c7\u00c3O N. 003\/2017 Institui a Unidade de Apoio Pedag\u00f3gico \u2013 Rede Integrare\/CE na estrutura organizacional do Centro de Educa\u00e7\u00e3o da Universidade Federal de Santa Maria. Revogada pela Resolu\u00e7\u00e3o UFSM N. 231\/2025 O REITOR DA UNIVERSIDADE FEDERAL DE SANTA MARIA, no uso de suas atribui\u00e7\u00f5es legais e estatut\u00e1rias [&hellip;]<\/p>\n","protected":false},"author":205,"featured_media":0,"parent":0,"menu_order":0,"comment_status":"closed","ping_status":"closed","template":"","meta":{"footnotes":""},"categories":[],"tags":[],"class_list":["post-2508","page","type-page","status-publish","hentry"],"acf":[],"_links":{"self":[{"href":"https:\/\/www.ufsm.br\/pro-reitorias\/proplan\/wp-json\/wp\/v2\/pages\/2508","targetHints":{"allow":["GET"]}}],"collection":[{"href":"https:\/\/www.ufsm.br\/pro-reitorias\/proplan\/wp-json\/wp\/v2\/pages"}],"about":[{"href":"https:\/\/www.ufsm.br\/pro-reitorias\/proplan\/wp-json\/wp\/v2\/types\/page"}],"author":[{"embeddable":true,"href":"https:\/\/www.ufsm.br\/pro-reitorias\/proplan\/wp-json\/wp\/v2\/users\/205"}],"replies":[{"embeddable":true,"href":"https:\/\/www.ufsm.br\/pro-reitorias\/proplan\/wp-json\/wp\/v2\/comments?post=2508"}],"version-history":[{"count":0,"href":"https:\/\/www.ufsm.br\/pro-reitorias\/proplan\/wp-json\/wp\/v2\/pages\/2508\/revisions"}],"wp:attachment":[{"href":"https:\/\/www.ufsm.br\/pro-reitorias\/proplan\/wp-json\/wp\/v2\/media?parent=2508"}],"wp:term":[{"taxonomy":"category","embeddable":true,"href":"https:\/\/www.ufsm.br\/pro-reitorias\/proplan\/wp-json\/wp\/v2\/categories?post=2508"},{"taxonomy":"post_tag","embeddable":true,"href":"https:\/\/www.ufsm.br\/pro-reitorias\/proplan\/wp-json\/wp\/v2\/tags?post=2508"}],"curies":[{"name":"wp","href":"https:\/\/api.w.org\/{rel}","templated":true}]}}