{"id":2558,"date":"2019-10-15T07:41:40","date_gmt":"2019-10-15T10:41:40","guid":{"rendered":"https:\/\/www.ufsm.br\/pro-reitorias\/proplan\/?page_id=2558"},"modified":"2020-04-28T09:32:00","modified_gmt":"2020-04-28T12:32:00","slug":"resolucao-n-023-2017","status":"publish","type":"page","link":"https:\/\/www.ufsm.br\/pro-reitorias\/proplan\/resolucao-n-023-2017","title":{"rendered":"Resolu\u00e7\u00e3o N. 023\/2017"},"content":{"rendered":"\t\t<div data-elementor-type=\"wp-page\" data-elementor-id=\"2558\" class=\"elementor elementor-2558\">\n\t\t\t\t\t\t<section class=\"elementor-section elementor-top-section elementor-element elementor-element-513ee01 elementor-section-boxed elementor-section-height-default elementor-section-height-default\" data-id=\"513ee01\" data-element_type=\"section\">\n\t\t\t\t\t\t<div class=\"elementor-container elementor-column-gap-default\">\n\t\t\t\t\t<div class=\"elementor-column elementor-col-100 elementor-top-column elementor-element elementor-element-2e42e62\" data-id=\"2e42e62\" data-element_type=\"column\">\n\t\t\t<div class=\"elementor-widget-wrap elementor-element-populated\">\n\t\t\t\t\t\t<div class=\"elementor-element elementor-element-41adb07 elementor-widget elementor-widget-html\" data-id=\"41adb07\" data-element_type=\"widget\" data-widget_type=\"html.default\">\n\t\t\t\t<div class=\"elementor-widget-container\">\n\t\t\t\r\n\r\n\r\n<title><b>RESOLU\u00c7\u00c3O N. 023\/2017<\/b><\/title>\r\n\r\n\r\n<div align=\"center\"><img decoding=\"async\" src=\"https:\/\/www.ufsm.br\/pro-reitorias\/proplan\/wp-content\/uploads\/sites\/344\/2019\/09\/brasao-da-republica-do-brasil-logo.png\" alt=\"Bras\u00e3o Rep\u00fablica Federativa do Brasil\" width=\"6%\" height=\"6%\"><\/div>    \r\n<h1><font color=\"blue\"><font size=\"5\"><div align=\"center\">MINIST\u00c9RIO DA EDUCA\u00c7\u00c3O<\/b><\/font><\/font><\/div><\/H1>\r\n<p><b><font color=\"0000blue\"><div align=\"center\">UNIVERSIDADE FEDERAL DE SANTA MARIA<\/b><\/font><\/div><\/p>\r\n\r\n<p><div align=\"center\"><b><a href=\"https:\/\/portal.ufsm.br\/documentos\/publico\/documento.html?id=8682070\"><font color=\"blue\">RESOLU\u00c7\u00c3O N. 023\/2017<\/font><\/a><\/b><\/div><\/p>\r\n<br>\r\n<p><div align=\"right\"><font color=\"800000\"><strike>Altera o Regimento Interno da AGITTEC, aprovado em anexo a <a href=\"https:\/\/www.ufsm.br\/pro-reitorias\/proplan\/resolucao-n-016-2015\/\" target=\"_blank\"><font color=\"blue\"><u>Resolu\u00e7\u00e3o N. 016\/2015<\/u><\/font><\/a>, em seus artigos 2\u00ba e 5\u00ba.<\/strike><\/font><\/div><\/p>\r\n<br><div align=\"justify\">\r\n<p><a href=\"https:\/\/www.ufsm.br\/pro-reitorias\/proplan\/resolucao-n-013-2019\/\"><font color=\"blue\">Revogado pela Resolu\u00e7\u00e3o N. 013\/2019<\/font><\/a><\/p><\/p>\r\n<br>\r\n<strike>\r\n<p>O REITOR DA UNIVERSIDADE FEDERAL DE SANTA MARIA, no uso de suas atribui\u00e7\u00f5es legais e estatut\u00e1rias e considerando:<\/p>\r\n<p>- a necessidade de atualizar os artigos 2\u00ba e 5\u00ba do <a href=\"https:\/\/www.ufsm.br\/pro-reitorias\/proplan\/regimento-interno-da-agittec\/\" target=\"_blank\"><font color=\"blue\"><u>Regimento da AGITTEC<\/u><\/font><\/a>;<\/p>\r\n<p>- a <a href=\"https:\/\/www.ufsm.br\/pro-reitorias\/proplan\/resolucao-n-016-2015\/\" target=\"_blank\"><font color=\"blue\"><u>Resolu\u00e7\u00e3o N. 016\/2015<\/u><\/font><\/a> que cria a AGITTEC e aprova seu regimento interno em substitui\u00e7\u00e3o ao antigo N\u00facleo de Inova\u00e7\u00e3o Tecnol\u00f3gica \u2013 NIT; e<\/p>\r\n<p>- o Parecer n. 037\/2017, da CLR aprovado na 798\u00aa Sess\u00e3o, do Conselho Universit\u00e1rio, de 11 de agosto de 2017, conforme Processo n. <a href=\"https:\/\/portal.ufsm.br\/documentos\/publico\/processo\/documento.html?idDocumento=8271652\" target=\"_blank\"><font color=\"blue\"><u>23081.017778\/2017-57<\/u><\/font><\/a>.<\/p>\r\n<br>\r\n<p><b><div align=\"center\">RESOLVE:<\/b><\/div><\/p>\r\n<br>\r\n<p>Art. 1\u00ba Alterar o Art. 2\u00ba do <a href=\"https:\/\/www.ufsm.br\/pro-reitorias\/proplan\/regimento-interno-da-agittec\/\" target=\"_blank\"><font color=\"blue\"><u>Regimento Interno da AGITTEC<\/u><\/font><\/a>, o qual passa a ter a seguinte reda\u00e7\u00e3o:<\/p>\r\n<p>\u201cArt. 2\u00ba A Ag\u00eancia de Inova\u00e7\u00e3o e Transfer\u00eancia de Tecnologia (AGITTEC) tem a seguinte estrutura organizacional:<\/p>\r\n<p>1. Conselho Superior;<\/p>\r\n<p>2. Secretaria Executiva;<\/p>\r\n<p>3. Diretor;<\/p>\r\n<p>4. Coordenadoria de Propriedade Intelectual;<\/p>\r\n<p>4.1. N\u00facleo de Apoio Administrativo;<\/p>\r\n<p>5. Coordenadoria de Empreendedorismo;<\/p>\r\n<p>5.1 N\u00facleo de Fomento ao Empreendedorismo;<\/p>\r\n<p>5.1.1 Incubadora de Empresas Pulsar;<\/p>\r\n<p>6. Coordenadoria de Desenvolvimento e Transfer\u00eancia de Tecnologia; e<\/p>\r\n<p>6.1. N\u00facleo de Transfer\u00eancia de Tecnologia.\u201d<\/p>\r\n\r\n<p>Art. 2\u00ba Alterar o Art. 5\u00ba do <a href=\"https:\/\/www.ufsm.br\/pro-reitorias\/proplan\/regimento-interno-da-agittec\/\" target=\"_blank\"><font color=\"blue\"><u>Regimento Interno da AGITTEC<\/u><\/font><\/a>, o qual passa a ter a seguinte reda\u00e7\u00e3o:<\/p>\r\n<p>\u201cArt. 5\u00ba Ao Conselho Superior compete:<\/p>\r\n<p>I - elaborar, aprovar e modificar o <a href=\"https:\/\/www.ufsm.br\/pro-reitorias\/proplan\/regimento-interno-da-agittec\/\" target=\"_blank\"><font color=\"blue\"><u>Regimento Interno da AGITTEC<\/u><\/font><\/a> e da Incubadora Pulsar;<\/p>\r\n<p>II - estabelecer as pol\u00edticas e as estrat\u00e9gias de atua\u00e7\u00e3o da AGITTEC, alinhadas com o PDI da UFSM e com as pol\u00edticas nacionais para educa\u00e7\u00e3o, ci\u00eancia, tecnologia e Inova\u00e7\u00e3o;<\/p>\r\n<p>III - avaliar o desempenho da AGITTEC; <\/p>\r\n<p>IV - exercer a dire\u00e7\u00e3o t\u00e9cnico-cient\u00edfica da Incubadora Pulsar; e<\/p>\r\n<p>V - apreciar os relat\u00f3rios anuais da AGITTEC.\u201d<\/p>\r\n\r\n<p>Art. 3\u00ba Esta resolu\u00e7\u00e3o entra em vigor na data de sua assinatura, revogadas as disposi\u00e7\u00f5es em contr\u00e1rio, sendo que os demais artigos do <a href=\"https:\/\/www.ufsm.br\/pro-reitorias\/proplan\/regimento-interno-da-agittec\/\" target=\"_blank\"><font color=\"blue\"><u>Regimento Interno da AGITTEC<\/u><\/font><\/a> permanecem inalterados.<\/p>\r\n\r\n<p>GABINETE DO REITOR DA UNIVERSIDADE FEDERAL DE SANTA MARIA, aos dezenove dias do m\u00eas de dezembro do ano dois mil e dezessete.<\/p>\r\n<\/div>\r\n<p>Paulo Afonso Burmann,<\/p>\r\n<p>Reitor.<\/p>\r\n\r\n\r\n<p><font color=\"red0000\">Este texto n\u00e3o substitui o documento original, publicado no Portal de Documentos.<\/font> Dispon\u00edvel em: <a href=\"https:\/\/portal.ufsm.br\/documentos\/publico\/documento.html?id=8682070\"><font color=\"blue\">https:\/\/portal.ufsm.br\/documentos\/publico\/documento.html?id=8682070<\/font><\/a>\r\n<\/strike>\r\n\r\n\t\t<\/div>\n\t\t\t\t<\/div>\n\t\t\t\t\t<\/div>\n\t\t<\/div>\n\t\t\t\t\t<\/div>\n\t\t<\/section>\n\t\t\t\t<\/div>\n\t\t","protected":false},"excerpt":{"rendered":"<p>RESOLU\u00c7\u00c3O N. 023\/2017 MINIST\u00c9RIO DA EDUCA\u00c7\u00c3O UNIVERSIDADE FEDERAL DE SANTA MARIA RESOLU\u00c7\u00c3O N. 023\/2017 Altera o Regimento Interno da AGITTEC, aprovado em anexo a Resolu\u00e7\u00e3o N. 016\/2015, em seus artigos 2\u00ba e 5\u00ba. Revogado pela Resolu\u00e7\u00e3o N. 013\/2019 O REITOR DA UNIVERSIDADE FEDERAL DE SANTA MARIA, no uso de suas atribui\u00e7\u00f5es legais e estatut\u00e1rias e [&hellip;]<\/p>\n","protected":false},"author":205,"featured_media":0,"parent":0,"menu_order":0,"comment_status":"closed","ping_status":"closed","template":"","meta":{"footnotes":""},"categories":[],"tags":[],"class_list":["post-2558","page","type-page","status-publish","hentry"],"acf":[],"_links":{"self":[{"href":"https:\/\/www.ufsm.br\/pro-reitorias\/proplan\/wp-json\/wp\/v2\/pages\/2558","targetHints":{"allow":["GET"]}}],"collection":[{"href":"https:\/\/www.ufsm.br\/pro-reitorias\/proplan\/wp-json\/wp\/v2\/pages"}],"about":[{"href":"https:\/\/www.ufsm.br\/pro-reitorias\/proplan\/wp-json\/wp\/v2\/types\/page"}],"author":[{"embeddable":true,"href":"https:\/\/www.ufsm.br\/pro-reitorias\/proplan\/wp-json\/wp\/v2\/users\/205"}],"replies":[{"embeddable":true,"href":"https:\/\/www.ufsm.br\/pro-reitorias\/proplan\/wp-json\/wp\/v2\/comments?post=2558"}],"version-history":[{"count":0,"href":"https:\/\/www.ufsm.br\/pro-reitorias\/proplan\/wp-json\/wp\/v2\/pages\/2558\/revisions"}],"wp:attachment":[{"href":"https:\/\/www.ufsm.br\/pro-reitorias\/proplan\/wp-json\/wp\/v2\/media?parent=2558"}],"wp:term":[{"taxonomy":"category","embeddable":true,"href":"https:\/\/www.ufsm.br\/pro-reitorias\/proplan\/wp-json\/wp\/v2\/categories?post=2558"},{"taxonomy":"post_tag","embeddable":true,"href":"https:\/\/www.ufsm.br\/pro-reitorias\/proplan\/wp-json\/wp\/v2\/tags?post=2558"}],"curies":[{"name":"wp","href":"https:\/\/api.w.org\/{rel}","templated":true}]}}