{"id":2601,"date":"2019-10-23T11:10:57","date_gmt":"2019-10-23T14:10:57","guid":{"rendered":"https:\/\/www.ufsm.br\/pro-reitorias\/proplan\/?page_id=2601"},"modified":"2026-01-08T12:16:04","modified_gmt":"2026-01-08T15:16:04","slug":"resolucao-n-044-2016","status":"publish","type":"page","link":"https:\/\/www.ufsm.br\/pro-reitorias\/proplan\/resolucao-n-044-2016","title":{"rendered":"Resolu\u00e7\u00e3o N. 044\/2016"},"content":{"rendered":"\t\t<div data-elementor-type=\"wp-page\" data-elementor-id=\"2601\" class=\"elementor elementor-2601\">\n\t\t\t\t\t\t<section class=\"elementor-section elementor-top-section elementor-element elementor-element-a548f3f elementor-section-boxed elementor-section-height-default elementor-section-height-default\" data-id=\"a548f3f\" data-element_type=\"section\">\n\t\t\t\t\t\t<div class=\"elementor-container elementor-column-gap-default\">\n\t\t\t\t\t<div class=\"elementor-column elementor-col-100 elementor-top-column elementor-element elementor-element-e65d80b\" data-id=\"e65d80b\" data-element_type=\"column\">\n\t\t\t<div class=\"elementor-widget-wrap elementor-element-populated\">\n\t\t\t\t\t\t<div class=\"elementor-element elementor-element-94b26da elementor-widget elementor-widget-html\" data-id=\"94b26da\" data-element_type=\"widget\" data-widget_type=\"html.default\">\n\t\t\t\t<div class=\"elementor-widget-container\">\n\t\t\t\r\n\r\n\r\n<title><b>RESOLU\u00c7\u00c3O N. 044\/2016<\/b><\/title>\r\n\r\n\r\n<div align=\"center\"><img decoding=\"async\" src=\"https:\/\/www.ufsm.br\/pro-reitorias\/proplan\/wp-content\/uploads\/sites\/344\/2019\/09\/brasao-da-republica-do-brasil-logo.png\" alt=\"Bras\u00e3o Rep\u00fablica Federativa do Brasil\" width=\"6%\" height=\"6%\"><\/div>    \r\n<h1><font color=\"blue\"><font size=\"5\"><div align=\"center\">MINIST\u00c9RIO DA EDUCA\u00c7\u00c3O<\/b><\/font><\/font><\/div><\/H1>\r\n<p><b><font color=\"0000blue\"><div align=\"center\">UNIVERSIDADE FEDERAL DE SANTA MARIA<\/b><\/font><\/div><\/p>\r\n\r\n<p><div align=\"center\"><b><a href=\"https:\/\/portal.ufsm.br\/documentos\/publico\/documento.html?id=8111017\"><font color=\"blue\">RESOLU\u00c7\u00c3O N. 044\/2016<\/font><\/a><\/b><\/div><\/p>\r\n<br>\r\n<p>\r\n    <div style=\"color: #800000;width: 60%;margin-left: auto;margin-right: 0;text-align: justify;font-weight: normal\">Regulamenta a hospedagem, no alojamento para visitantes estrangeiros, de pessoal em tr\u00e2nsito, oriundos das Institui\u00e7\u00f5es Estrangeiras conveniadas com a UFSM.<\/div><\/p>\r\n<br><div align=\"justify\">\r\n<p>O REITOR DA UNIVERSIDADE FEDERAL DE SANTA MARIA, no uso de suas atribui\u00e7\u00f5es legais e estatut\u00e1rias e considerando:<\/p>\r\n<p>- a necessidade de regulamentar a utiliza\u00e7\u00e3o de acomoda\u00e7\u00f5es tempor\u00e1rias para professores, alunos, pesquisadores e t\u00e9cnicos de Institui\u00e7\u00f5es estrangeiras conveniadas com a UFSM; e<\/p>\r\n<p>- o Parecer n. 104\/2016, da Comiss\u00e3o de Legisla\u00e7\u00e3o e Regimentos (CLR), aprovado na 790\u00aa Sess\u00e3o do Conselho Universit\u00e1rio, de 15 de dezembro de 2016, conforme Processo n. <a href=\"https:\/\/portal.ufsm.br\/documentos\/publico\/processo\/documento.html?idDocumento=7947001\" target=\"_blank\"><font color=\"blue\"><u>23081.036847\/2016-41<\/u><\/font><\/a>.<\/p>\r\n<br>\r\n<p><b><div align=\"center\">RESOLVE:<\/b><\/div><\/p>\r\n<br>\r\n<p>Art. 1\u00ba Aprovar a regulamenta\u00e7\u00e3o da hospedagem no alojamento para visitantes estrangeiros oriundos das Institui\u00e7\u00f5es Estrangeiras conveniadas com a UFSM.<\/p>\r\n<p>Art. 2\u00ba A Secretaria de Apoio Internacional do Gabinete do Reitor (SAI) ser\u00e1 respons\u00e1vel pela administra\u00e7\u00e3o dos alojamentos para Visitantes Estrangeiros e pela sele\u00e7\u00e3o dos candidatos \u00e0s vagas.<\/p>\r\n<p>Art. 3\u00ba A Pr\u00f3-Reitoria de Infraestrutura (PROINFRA) ser\u00e1 respons\u00e1vel pela infraestrutura f\u00edsica de hospedagem.\r\n\r\n<p>Art. 4\u00ba As vagas ser\u00e3o destinadas, prioritariamente \u00e0 estrangeiros oriundos de institui\u00e7\u00f5es com acordo de coopera\u00e7\u00e3o com a UFSM.<\/p>\r\n<p>\u00a7 1\u00ba Ter\u00e3o prioridade os estrangeiros oriundos de institui\u00e7\u00f5es que dispensem o mesmo tratamento \u00e0 UFSM, com base no princ\u00edpio da reciprocidade.<\/p>\r\n<p>\u00a7 2\u00ba Quando n\u00e3o estiver prevista a reciprocidade ou houver remunera\u00e7\u00e3o \u00e0 mobilidade paga por institui\u00e7\u00e3o de ci\u00eancia e tecnologia, ou ag\u00eancia de fomento nacional ou estrangeira haver\u00e1 cobran\u00e7a de taxa de ocupa\u00e7\u00e3o, em valor a ser estabelecido com base em legisla\u00e7\u00e3o pr\u00f3pria.<\/p>\r\n<p>\u00a7 3\u00ba Na exist\u00eancia de vagas a utiliza\u00e7\u00e3o poder\u00e1 ser realizada por visitantes (alunos e professores) oriundos de Institui\u00e7\u00f5es P\u00fablicas Brasileiras.<\/p>\r\n\r\n<p>Art. 5\u00ba As acomoda\u00e7\u00f5es disponibilizadas pela UFSM t\u00eam car\u00e1ter tempor\u00e1rio, de curta dura\u00e7\u00e3o e se destinam a servir de apoio \u00e0 instala\u00e7\u00e3o do visitante em Santa Maria.<\/p>\r\n<p>Art.  6\u00ba O prazo de perman\u00eancia nas instala\u00e7\u00f5es ser\u00e1 definido pela SAI, buscando adequar a oferta \u00e0 procura qualificada e os compromissos ajustados nos conv\u00eanios.<\/p>\r\n<p>Par\u00e1grafo \u00fanico. O prazo m\u00e1ximo de perman\u00eancia nas instala\u00e7\u00f5es ser\u00e1 de dez meses.\r\n\r\n<p>Art. 7\u00ba Os alojamentos disponibilizam quartos duplos ou simples, com cama, cobertas de cama, jogos de toalhas, sala de estar, cozinha e banheiros.<\/p>\r\n<p>Art. 8\u00ba Os h\u00f3spedes ser\u00e3o respons\u00e1veis pela higiene do ambiente, limpeza das instala\u00e7\u00f5es e lavagem das roupas de cama e banho.<\/p>\r\n<p>Art. 9\u00ba Os usu\u00e1rios dos alojamentos para visitantes estrangeiros poder\u00e3o realizar refei\u00e7\u00f5es no Restaurante Universit\u00e1rio, pagando os mesmos valores praticados para estudantes sem benef\u00edcio socioecon\u00f4mico.<\/p>\r\n<p>Art. 10 A SAI e PROINFRA poder\u00e3o realizar vistoria no im\u00f3vel a qualquer momento com comunica\u00e7\u00e3o pr\u00e9via aos usu\u00e1rios.<\/p>\r\n<p>Art. 11 Esta resolu\u00e7\u00e3o entrar\u00e1 em vigor na data de sua publica\u00e7\u00e3o, e revoga as disposi\u00e7\u00f5es em contr\u00e1rio.<\/p>\r\n\r\n<p>GABINETE DO REITOR DA UNIVERSIDADE FEDERAL DE SANTA MARIA, aos dezenove dias do m\u00eas de dezembro do ano dois mil e dezesseis.<\/p>\r\n<\/div>\r\n<p>Paulo Afonso Burmann,<\/p>\r\n<p>Reitor.<\/p>\r\n\r\n\r\n<p><font color=\"red0000\">Este texto n\u00e3o substitui o documento original, publicado no Portal de Documentos.<\/font> Dispon\u00edvel em: <a href=\"https:\/\/portal.ufsm.br\/documentos\/publico\/documento.html?id=8111017\"><font color=\"blue\">https:\/\/portal.ufsm.br\/documentos\/publico\/documento.html?id=8111017<\/font><\/a>\r\n\r\n\t\t<\/div>\n\t\t\t\t<\/div>\n\t\t\t\t\t<\/div>\n\t\t<\/div>\n\t\t\t\t\t<\/div>\n\t\t<\/section>\n\t\t\t\t<\/div>\n\t\t","protected":false},"excerpt":{"rendered":"<p>RESOLU\u00c7\u00c3O N. 044\/2016 MINIST\u00c9RIO DA EDUCA\u00c7\u00c3O UNIVERSIDADE FEDERAL DE SANTA MARIA RESOLU\u00c7\u00c3O N. 044\/2016 Regulamenta a hospedagem, no alojamento para visitantes estrangeiros, de pessoal em tr\u00e2nsito, oriundos das Institui\u00e7\u00f5es Estrangeiras conveniadas com a UFSM. O REITOR DA UNIVERSIDADE FEDERAL DE SANTA MARIA, no uso de suas atribui\u00e7\u00f5es legais e estatut\u00e1rias e considerando: &#8211; a necessidade [&hellip;]<\/p>\n","protected":false},"author":205,"featured_media":0,"parent":0,"menu_order":0,"comment_status":"closed","ping_status":"closed","template":"","meta":{"footnotes":""},"categories":[],"tags":[],"class_list":["post-2601","page","type-page","status-publish","hentry"],"acf":[],"_links":{"self":[{"href":"https:\/\/www.ufsm.br\/pro-reitorias\/proplan\/wp-json\/wp\/v2\/pages\/2601","targetHints":{"allow":["GET"]}}],"collection":[{"href":"https:\/\/www.ufsm.br\/pro-reitorias\/proplan\/wp-json\/wp\/v2\/pages"}],"about":[{"href":"https:\/\/www.ufsm.br\/pro-reitorias\/proplan\/wp-json\/wp\/v2\/types\/page"}],"author":[{"embeddable":true,"href":"https:\/\/www.ufsm.br\/pro-reitorias\/proplan\/wp-json\/wp\/v2\/users\/205"}],"replies":[{"embeddable":true,"href":"https:\/\/www.ufsm.br\/pro-reitorias\/proplan\/wp-json\/wp\/v2\/comments?post=2601"}],"version-history":[{"count":0,"href":"https:\/\/www.ufsm.br\/pro-reitorias\/proplan\/wp-json\/wp\/v2\/pages\/2601\/revisions"}],"wp:attachment":[{"href":"https:\/\/www.ufsm.br\/pro-reitorias\/proplan\/wp-json\/wp\/v2\/media?parent=2601"}],"wp:term":[{"taxonomy":"category","embeddable":true,"href":"https:\/\/www.ufsm.br\/pro-reitorias\/proplan\/wp-json\/wp\/v2\/categories?post=2601"},{"taxonomy":"post_tag","embeddable":true,"href":"https:\/\/www.ufsm.br\/pro-reitorias\/proplan\/wp-json\/wp\/v2\/tags?post=2601"}],"curies":[{"name":"wp","href":"https:\/\/api.w.org\/{rel}","templated":true}]}}