{"id":2610,"date":"2019-10-23T11:21:34","date_gmt":"2019-10-23T14:21:34","guid":{"rendered":"https:\/\/www.ufsm.br\/pro-reitorias\/proplan\/?page_id=2610"},"modified":"2020-04-30T20:58:45","modified_gmt":"2020-04-30T23:58:45","slug":"regimento-interno-do-forum-dos-cursos-de-graduacao","status":"publish","type":"page","link":"https:\/\/www.ufsm.br\/pro-reitorias\/proplan\/regimento-interno-do-forum-dos-cursos-de-graduacao","title":{"rendered":"Regimento Interno do F\u00f3rum dos Cursos de Gradua\u00e7\u00e3o (2016)"},"content":{"rendered":"\t\t<div data-elementor-type=\"wp-page\" data-elementor-id=\"2610\" class=\"elementor elementor-2610\">\n\t\t\t\t\t\t<section class=\"elementor-section elementor-top-section elementor-element elementor-element-6209dcd elementor-section-boxed elementor-section-height-default elementor-section-height-default\" data-id=\"6209dcd\" data-element_type=\"section\">\n\t\t\t\t\t\t<div class=\"elementor-container elementor-column-gap-default\">\n\t\t\t\t\t<div class=\"elementor-column elementor-col-100 elementor-top-column elementor-element elementor-element-a9cc051\" data-id=\"a9cc051\" data-element_type=\"column\">\n\t\t\t<div class=\"elementor-widget-wrap elementor-element-populated\">\n\t\t\t\t\t\t<div class=\"elementor-element elementor-element-50cf5b3 elementor-widget elementor-widget-html\" data-id=\"50cf5b3\" data-element_type=\"widget\" data-widget_type=\"html.default\">\n\t\t\t\t<div class=\"elementor-widget-container\">\n\t\t\t\r\n\r\n\r\n<title><b>Regimento Interno do F\u00f3rum dos Cursos de Gradua\u00e7\u00e3o<\/b><\/title>\r\n\r\n\r\n<div align=\"center\"><img decoding=\"async\" src=\"https:\/\/www.ufsm.br\/pro-reitorias\/proplan\/wp-content\/uploads\/sites\/344\/2019\/09\/brasao-da-republica-do-brasil-logo.png\" alt=\"Bras\u00e3o Rep\u00fablica Federativa do Brasil\" width=\"6%\" height=\"6%\"><\/div>    \r\n<h1><font color=\"blue\"><font size=\"5\"><div align=\"center\">MINIST\u00c9RIO DA EDUCA\u00c7\u00c3O<\/b><\/font><\/font><\/div><\/H1>\r\n<p><b><font color=\"0000blue\"><div align=\"center\">UNIVERSIDADE FEDERAL DE SANTA MARIA<\/b><\/font><\/div><\/p>\r\n\r\n<p><div align=\"center\"><b><a href=\"https:\/\/portal.ufsm.br\/documentos\/publico\/documento.html?id=12766252\"><font color=\"blue\">Regimento Interno do F\u00f3rum dos Cursos de Gradua\u00e7\u00e3o<\/font><\/a><\/b><\/div><\/p>\r\n<br>\r\n<p><div align=\"right\"><font color=\"800000\">Anexo da <a href=\"https:\/\/www.ufsm.br\/pro-reitorias\/proplan\/resolucao-n-035-2016\/\" target=\"_blank\"><font color=\"blue\"><u>Res. N. 035\/2016, de 13.09.2016<\/u><\/font><\/a>.<\/font><\/div><\/p>\r\n<br>\r\n<p><b><div align=\"center\">CAP\u00cdTULO I<\/b><\/div><\/p>\r\n<p><b><div align=\"center\">DO F\u00d3RUM DOS CURSOS DE GRADUA\u00c7\u00c3O DA UFSM<\/b><\/div><\/p>\r\n<br><div align=\"justify\">\r\n<br>\r\n<p>Art. 1\u00ba O F\u00f3rum de Cursos de Gradua\u00e7\u00e3o da Universidade Federal de Santa Maria \u00e9 constitu\u00eddo como uma estrutura consultiva e\/ou prepositiva a disposi\u00e7\u00e3o, por conveni\u00eancia e oportunidade, da Pr\u00f3-Reitoria de Gradua\u00e7\u00e3o (PROGRAD). Sua finalidade \u00e9 assegurar um canal de discuss\u00e3o junto aos Cursos de Gradua\u00e7\u00e3o da UFSM, da legisla\u00e7\u00e3o e normativas da institui\u00e7\u00e3o, para o bom andamento dos Cursos.<\/p>\r\n<p>Par\u00e1grafo \u00fanico. As tem\u00e1ticas objetos de debate no F\u00f3rum dos Cursos de Gradua\u00e7\u00e3o ser\u00e3o exclusivamente relativas ao funcionamento dos Cursos de Gradua\u00e7\u00e3o, desenvolvimento do ensino, planejamento acad\u00eamico e pol\u00edticas de gradua\u00e7\u00e3o.<\/p>\r\n<br>\r\n<p><b><div align=\"center\">CAP\u00cdTULO II<\/b><\/div><\/p>\r\n<p><b><div align=\"center\">DA ORGANIZA\u00c7\u00c3O E ESTRUTURA<\/b><\/div><\/p>\r\n<br>\r\n<p>Art. 2\u00ba O F\u00f3rum dos Cursos de Gradua\u00e7\u00e3o da UFSM ser\u00e1 composto pelas Coordenadorias da PROGRAD, pelo diretor do DERCA, pelo diretor do CPD (ou servidores por eles designados), pelo Assistente da PROGRAD, e pela tr\u00edplice representa\u00e7\u00e3o de um Coordenador de curso de gradua\u00e7\u00e3o, um secret\u00e1rio de gradua\u00e7\u00e3o e um aluno de gradua\u00e7\u00e3o (ou seus respectivos suplentes) indicados pelas Dire\u00e7\u00f5es das seguintes unidades e inst\u00e2ncias executivas:<\/p>\r\n<p>I - Centro de Ci\u00eancias Naturais e Exatas (CCNE);<\/p>\r\n<p>II - Centro de Ci\u00eancias Rurais (CCR);<\/p>\r\n<p>III - Centro de Ci\u00eancias da Sa\u00fade (CCS);<\/p>\r\n<p>IV - Centro de Educa\u00e7\u00e3o (CE);<\/p>\r\n<p>V - Centro de Ci\u00eancias Sociais e Humanas (CCSH);<\/p>\r\n<p>VI - Centro de Tecnologia (CT);<\/p>\r\n<p>VII - Centro de Artes e Letras (CAL);<\/p>\r\n<p>VIII - Centro de Educa\u00e7\u00e3o F\u00edsica e Desportos (CEFD);<\/p>\r\n<p>IX - Col\u00e9gio T\u00e9cnico Industrial de Santa Maria (CTISM);<\/p>\r\n<p>X - Col\u00e9gio Polit\u00e9cnico da UFSM (Polit\u00e9cnico);<\/p>\r\n<p>XI - Campus da UFSM em Cachoeira do Sul;<\/p>\r\n<p>XII - Campus de Palmeira das Miss\u00f5es;<\/p>\r\n<p>XIII - Campus da UFSM - Frederico Westphalen (UFSM-FW);<\/p>\r\n<p>XIV - Unidade Descentralizada de Educa\u00e7\u00e3o Superior da UFSM em Silveira Martins;<\/p>\r\n<p>XV - N\u00facleo de Tecnologia Educacional (NTE).<\/p>\r\n<br>\r\n<p><b><div align=\"center\">CAP\u00cdTULO III<\/b><\/div><\/p>\r\n<p><b><div align=\"center\">DA PRESID\u00caNCIA DO F\u00d3RUM<\/b><\/div><\/p>\r\n<br>\r\n<p>Art. 3\u00ba A presid\u00eancia do F\u00f3rum ser\u00e1 exercida:<\/p>\r\n<p>I - pelo Pr\u00f3-Reitor de Gradua\u00e7\u00e3o, como presidente; e<\/p>\r\n<p>II - pelo Pr\u00f3-Reitor Substituto de Gradua\u00e7\u00e3o, como vice-presidente.<\/p>\r\n<p>Par\u00e1grafo \u00fanico. Em caso de impossibilidade da presen\u00e7a do presidente e vice, os trabalhos ser\u00e3o coordenados pelo Coordenador de Planejamento Acad\u00eamico da PROGRAD.<\/p>\r\n\r\n<p>Art. 4\u00ba Ao Presidente do F\u00f3rum compete praticar atos de gest\u00e3o relativos \u00e0 execu\u00e7\u00e3o das decis\u00f5es do F\u00f3rum, nos termos do Regimento.<\/p>\r\n<p>Par\u00e1grafo \u00fanico. \u00c9 atribui\u00e7\u00e3o da presid\u00eancia orientar a distribui\u00e7\u00e3o dos trabalhos e comiss\u00f5es aos membros do F\u00f3rum, bem como comunicar \u00e0s inst\u00e2ncias executivas competentes e interessadas as delibera\u00e7\u00f5es do F\u00f3rum.<\/p>\r\n\r\n<p>Art. 5\u00ba Ao Vice-Presidente compete substituir o presidente nos seus impedimentos legais e eventuais, bem como o desempenho mencionado no art. 4\u00ba.<\/p>\r\n<p>Par\u00e1grafo \u00fanico. O assistente da PROGRAD lavrar\u00e1 a Ata de cada Reuni\u00e3o, providenciando a distribui\u00e7\u00e3o da c\u00f3pia digital a cada membro para a aprecia\u00e7\u00e3o na reuni\u00e3o subsequente.<\/p>\r\n<br>\r\n<p><b><div align=\"center\">CAP\u00cdTULO IV<\/b><\/div><\/p>\r\n<p><b><div align=\"center\">DO FUNCIONAMENTO DO F\u00d3RUM<\/b><\/div><\/p>\r\n<br>\r\n<p>Art. 6\u00ba Os membros e seus respectivos suplentes ter\u00e3o mandato de dois anos e ser\u00e3o indicados pele diretor da respectiva Unidade de Ensino e nomeados pelo Reitor.<\/p>\r\n\r\n<p>Art. 7\u00ba O F\u00f3rum reunir-se-\u00e1, ordinariamente, uma vez por m\u00eas e, extraordinariamente, quando convocada pela Presid\u00eancia, ou pela maioria absoluta de seus membros.<\/p>\r\n<p>\u00a7 1\u00ba A convoca\u00e7\u00e3o com pauta ser\u00e1 feita por escrito e\/ou por correio eletr\u00f4nico, com anteced\u00eancia m\u00ednima de quarenta e oito horas.<\/p>\r\n<p>\u00a7 2\u00ba O n\u00e3o comparecimento do membro titular da unidade, ou seu suplente, a 3(tr\u00eas) sess\u00f5es (ordin\u00e1rias e\/ou extraordin\u00e1rias) consecutivas ou cinco n\u00e3o consecutivas no ano, sem motivo justificado, implicar\u00e1 em seu desligamento pela presid\u00eancia do F\u00f3rum que solicitar\u00e1, portanto, nova indica\u00e7\u00e3o por parte da unidade.<\/p>\r\n<p>\u00a7 3\u00ba Declarada aberta a sess\u00e3o, proceder-se-\u00e1 a discuss\u00e3o e vota\u00e7\u00e3o da Ata da sess\u00e3o anterior, passando-se \u00e0 pauta ordin\u00e1ria, comunica\u00e7\u00f5es e assuntos gerais.<\/p>\r\n\r\n<p>Art. 8\u00ba As delibera\u00e7\u00f5es do F\u00f3rum dar-se-\u00e3o por maioria simples dos presentes, cabendo ao presidente, quando necess\u00e1rio, o voto de desempate.<\/p>\r\n<p>\u00a7 1\u00ba A vota\u00e7\u00e3o ser\u00e1 simb\u00f3lica, devendo constar em ata o n\u00famero de votos contra e a favor.<\/p>\r\n<p>\u00a7 2\u00ba Qualquer membro poder\u00e1 fazer consignar em ata o seu voto.<\/p>\r\n<p>\u00a7 3\u00ba Se algum membro requerer e o F\u00f3rum aprovar, a vota\u00e7\u00e3o ser\u00e1 nominal.<\/p>\r\n<p>\u00a7 4\u00ba Nenhum membro desimpedido poder\u00e1 abster-se de votar.<\/p>\r\n<p>\u00a7 5\u00ba Em nenhuma hip\u00f3tese ser\u00e1 admitido o voto plural.<\/p>\r\n\r\n<p>Art. 9\u00ba A assembleia Geral dos cursos de gradua\u00e7\u00e3o tem a previs\u00e3o de reunir-se uma vez por semestre, para o relato das a\u00e7\u00f5es do F\u00f3rum.<\/p>\r\n<br>\r\n<p><b><div align=\"center\">CAP\u00cdTULO V<\/b><\/div><\/p>\r\n<p><b><div align=\"center\">DAS DELIBERA\u00c7\u00d5ES DO F\u00d3RUM<\/b><\/div><\/p>\r\n<br>\r\n<p>Art. 10 As delibera\u00e7\u00f5es do F\u00f3rum ser\u00e3o registradas na forma de resolu\u00e7\u00f5es a serem encaminhadas pela PROGRAD as inst\u00e2ncias superiores.<\/p>\r\n<p>Art. 11 Das decis\u00f5es do F\u00f3rum n\u00e3o cabe recurso.<\/p>\r\n<br>\r\n<p><b><div align=\"center\">CAP\u00cdTULO VI<\/b><\/div><\/p>\r\n<p><b><div align=\"center\">DAS DISPOSI\u00c7\u00d5ES FINAIS<\/b><\/div><\/p>\r\n<br>\r\n<p>Art. 12 Processos, demandas e situa\u00e7\u00f5es outras n\u00e3o contempladas pelo presente regimento, se exigirem manifesta\u00e7\u00e3o do F\u00f3rum, ser\u00e3o regidas pelo <a href=\"https:\/\/www.ufsm.br\/pro-reitorias\/proplan\/estatuto-ufsm-2010\/\" target=\"_blank\"><font color=\"blue\"><u>Estatuto<\/u><\/font><\/a> e o <a href=\"https:\/\/www.ufsm.br\/pro-reitorias\/proplan\/regimento-geral-da-ufsm-2011\/\" target=\"_blank\"><font color=\"blue\"><u>Regimento Geral da UFSM<\/u><\/font><\/a>, bem como outras normas vigentes na Universidade Federal de Santa Maria.<\/p>\r\n<p>Art. 13 Por iniciativa do presidente do F\u00f3rum, poder\u00e3o ser convidados servidores e\/ou acad\u00eamicos de outros \u00f3rg\u00e3os ou setores da UFSM, bem como pessoas da comunidade, para participar de reuni\u00f5es, visando contribui\u00e7\u00f5es em tem\u00e1ticas de suas especialidades.<\/p>\r\n<p>Art. 14 Este Regimento entrar\u00e1 em vigor na data de sua aprova\u00e7\u00e3o pelo Conselho de Ensino, Pesquisa e Extens\u00e3o (CEPE), ficando revogadas as disposi\u00e7\u00f5es em contr\u00e1rio.<\/p>\r\n<br>\r\n<\/div>\r\n<p><font color=\"red0000\">Este texto n\u00e3o substitui o documento original, publicado no Portal de Documentos.<\/font> Dispon\u00edvel em: <a href=\"https:\/\/portal.ufsm.br\/documentos\/publico\/documento.html?id=12766252\"><font color=\"blue\">https:\/\/portal.ufsm.br\/documentos\/publico\/documento.html?id=12766252<\/font><\/a>\r\n\r\n\t\t<\/div>\n\t\t\t\t<\/div>\n\t\t\t\t\t<\/div>\n\t\t<\/div>\n\t\t\t\t\t<\/div>\n\t\t<\/section>\n\t\t\t\t<\/div>\n\t\t","protected":false},"excerpt":{"rendered":"<p>Regimento Interno do F\u00f3rum dos Cursos de Gradua\u00e7\u00e3o MINIST\u00c9RIO DA EDUCA\u00c7\u00c3O UNIVERSIDADE FEDERAL DE SANTA MARIA Regimento Interno do F\u00f3rum dos Cursos de Gradua\u00e7\u00e3o Anexo da Res. N. 035\/2016, de 13.09.2016. CAP\u00cdTULO I DO F\u00d3RUM DOS CURSOS DE GRADUA\u00c7\u00c3O DA UFSM Art. 1\u00ba O F\u00f3rum de Cursos de Gradua\u00e7\u00e3o da Universidade Federal de Santa Maria [&hellip;]<\/p>\n","protected":false},"author":205,"featured_media":0,"parent":0,"menu_order":0,"comment_status":"closed","ping_status":"closed","template":"","meta":{"footnotes":""},"categories":[],"tags":[],"class_list":["post-2610","page","type-page","status-publish","hentry"],"acf":[],"_links":{"self":[{"href":"https:\/\/www.ufsm.br\/pro-reitorias\/proplan\/wp-json\/wp\/v2\/pages\/2610","targetHints":{"allow":["GET"]}}],"collection":[{"href":"https:\/\/www.ufsm.br\/pro-reitorias\/proplan\/wp-json\/wp\/v2\/pages"}],"about":[{"href":"https:\/\/www.ufsm.br\/pro-reitorias\/proplan\/wp-json\/wp\/v2\/types\/page"}],"author":[{"embeddable":true,"href":"https:\/\/www.ufsm.br\/pro-reitorias\/proplan\/wp-json\/wp\/v2\/users\/205"}],"replies":[{"embeddable":true,"href":"https:\/\/www.ufsm.br\/pro-reitorias\/proplan\/wp-json\/wp\/v2\/comments?post=2610"}],"version-history":[{"count":0,"href":"https:\/\/www.ufsm.br\/pro-reitorias\/proplan\/wp-json\/wp\/v2\/pages\/2610\/revisions"}],"wp:attachment":[{"href":"https:\/\/www.ufsm.br\/pro-reitorias\/proplan\/wp-json\/wp\/v2\/media?parent=2610"}],"wp:term":[{"taxonomy":"category","embeddable":true,"href":"https:\/\/www.ufsm.br\/pro-reitorias\/proplan\/wp-json\/wp\/v2\/categories?post=2610"},{"taxonomy":"post_tag","embeddable":true,"href":"https:\/\/www.ufsm.br\/pro-reitorias\/proplan\/wp-json\/wp\/v2\/tags?post=2610"}],"curies":[{"name":"wp","href":"https:\/\/api.w.org\/{rel}","templated":true}]}}