{"id":2618,"date":"2019-10-25T13:31:52","date_gmt":"2019-10-25T16:31:52","guid":{"rendered":"https:\/\/www.ufsm.br\/pro-reitorias\/proplan\/?page_id=2618"},"modified":"2024-08-30T11:40:44","modified_gmt":"2024-08-30T14:40:44","slug":"resolucao-n-028-2016","status":"publish","type":"page","link":"https:\/\/www.ufsm.br\/pro-reitorias\/proplan\/resolucao-n-028-2016","title":{"rendered":"Resolu\u00e7\u00e3o N. 028\/2016"},"content":{"rendered":"\t\t<div data-elementor-type=\"wp-page\" data-elementor-id=\"2618\" class=\"elementor elementor-2618\">\n\t\t\t\t\t\t<section class=\"elementor-section elementor-top-section elementor-element elementor-element-b80262c elementor-section-boxed elementor-section-height-default elementor-section-height-default\" data-id=\"b80262c\" data-element_type=\"section\">\n\t\t\t\t\t\t<div class=\"elementor-container elementor-column-gap-default\">\n\t\t\t\t\t<div class=\"elementor-column elementor-col-100 elementor-top-column elementor-element elementor-element-711ead5\" data-id=\"711ead5\" data-element_type=\"column\">\n\t\t\t<div class=\"elementor-widget-wrap elementor-element-populated\">\n\t\t\t\t\t\t<div class=\"elementor-element elementor-element-93258eb elementor-widget elementor-widget-html\" data-id=\"93258eb\" data-element_type=\"widget\" data-widget_type=\"html.default\">\n\t\t\t\t<div class=\"elementor-widget-container\">\n\t\t\t\r\n\r\n\r\n<title><b>RESOLU\u00c7\u00c3O N. 028\/2016<\/b><\/title>\r\n\r\n\r\n<div align=\"center\"><img decoding=\"async\" src=\"https:\/\/www.ufsm.br\/pro-reitorias\/proplan\/wp-content\/uploads\/sites\/344\/2019\/09\/brasao-da-republica-do-brasil-logo.png\" alt=\"Bras\u00e3o Rep\u00fablica Federativa do Brasil\" width=\"6%\" height=\"6%\"><\/div>    \r\n<h1><font color=\"blue\"><font size=\"5\"><div align=\"center\">MINIST\u00c9RIO DA EDUCA\u00c7\u00c3O<\/b><\/font><\/font><\/div><\/H1>\r\n<p><b><font color=\"0000blue\"><div align=\"center\">UNIVERSIDADE FEDERAL DE SANTA MARIA<\/b><\/font><\/div><\/p>\r\n\r\n<p><div align=\"center\"><b><a href=\"https:\/\/portal.ufsm.br\/documentos\/publico\/documento.html?id=7641983\"><font color=\"blue\">RESOLU\u00c7\u00c3O N. 028\/2016<\/font><\/a><\/b><\/div><\/p>\r\n<br>\r\n<ul><ul><ul><ul><ul><ul><ul><ul><ul><ul><ul><ul><ul><ul><ul><ul><ul><ul>\r\n<p><div align=\"justify\"><font color=\"800000\">Regulamenta o procedimento de contrata\u00e7\u00e3o por tempo determinado de professor visitante e professor visitante estrangeiro na Universidade Federal de Santa Maria \u2013 UFSM e revoga a Resolu\u00e7\u00e3o N. 006\/2007.<\/font><\/div><\/p>\r\n<\/ul><\/ul><\/ul><\/ul><\/ul><\/ul><\/ul><\/ul><\/ul><\/ul><\/ul><\/ul><\/ul><\/ul><\/ul><\/ul><\/ul><\/ul>\r\n<br><div align=\"justify\">\r\n    \r\n    <p> Revogada pela <a href=\"https:\/\/www.ufsm.br\/pro-reitorias\/proplan\/resolucao-ufsm-n-173-2024\" target=\"_blank\"><font color=\"blue\"><u>Resolu\u00e7\u00e3o UFSM N.173\/2024<\/u><\/font><\/a> <\/p>\r\n    <s>\r\n        <br>\r\n<p>O REITOR DA UNIVERSIDADE FEDERAL DE SANTA MARIA, no uso de suas atribui\u00e7\u00f5es legais e estatut\u00e1rias e considerando:<\/p>\r\n<p>- O que disp\u00f5e o inciso IX do art. 37 da <a href=\"http:\/\/www.planalto.gov.br\/ccivil_03\/constituicao\/constituicao.htm\" target=\"_blank\"><font color=\"blue\"><u>Constitui\u00e7\u00e3o da Rep\u00fablica Federativa do Brasil de 1988<\/u><\/font><\/a>;<\/p>\r\n<p>- o que disp\u00f5e o caput, inciso VII e par\u00e1grafo \u00fanico do art. 53, o caput, par\u00e1grafo 1\u00ba, incisos I e II do artigo 54 da <a href=\"http:\/\/www.planalto.gov.br\/ccivil_03\/leis\/l9394.htm\" target=\"_blank\"><font color=\"blue\"><u>Lei n\u00ba 9.394\/1996 (LDB)<\/u><\/font><\/a>;<\/p>\r\n<p>- os artigos 27 e 28 da <a href=\"http:\/\/www.planalto.gov.br\/ccivil_03\/_ato2011-2014\/2012\/lei\/l12772.htm\" target=\"_blank\"><font color=\"blue\"><u>Lei n\u00ba 12.772\/2012<\/u><\/font><\/a>;<\/p>\r\n<p>- o que disp\u00f5e o caput do par\u00e1grafo 1\u00ba, os incisos IV e V, do art. 2\u00ba, seu par\u00e1grafo 2\u00ba juntamente com os incisos I, II, III e IV do par\u00e1grafo 5\u00ba e incisos I e II do par\u00e1grafo 6\u00ba, incisos I, II e III do par\u00e1grafo 7\u00ba, par\u00e1grafos 8\u00ba, 9\u00ba e 10 da <a href=\"http:\/\/www.planalto.gov.br\/ccivil_03\/LEIS\/L8745cons.htm\" target=\"_blank\"><font color=\"blue\"><u>Lei N\u00ba 8.745, de 9 de dezembro de 1993<\/u><\/font><\/a>;<\/p>\r\n<p>- o que disp\u00f5e, o caput e par\u00e1grafo 2\u00ba do artigo 3\u00ba da <a href=\"http:\/\/www.planalto.gov.br\/ccivil_03\/LEIS\/L8745cons.htm\" target=\"_blank\"><font color=\"blue\"><u>Lei N\u00ba 8.745, de 9 de dezembro de 1993<\/u><\/font><\/a>;<\/p>\r\n<p>- o caput, incisos II, V e incisos I e III do par\u00e1grafo \u00fanico do artigo 4\u00ba da <a href=\"http:\/\/www.planalto.gov.br\/ccivil_03\/LEIS\/L8745cons.htm\" target=\"_blank\"><font color=\"blue\"><u>Lei N\u00ba 8.745, de 9 de dezembro de 1993<\/u><\/font><\/a>;<\/p>\r\n<p>- o <a href=\"http:\/\/www.planalto.gov.br\/ccivil_03\/_Ato2011-2014\/2011\/Decreto\/D7485.htm\" target=\"_blank\"><font color=\"blue\"><u>Decreto n. 7.485\/2011<\/u><\/font><\/a>; e<\/p>\r\n<p>- o Parecer n. 109\/2016, do Conselho de Ensino, Pesquisa e Extens\u00e3o, aprovado na 884\u00aa Sess\u00e3o, de 1\u00ba.07.2016, referente ao Processo N. <a href=\"https:\/\/portal.ufsm.br\/documentos\/publico\/processo\/documento.html?idDocumento=7513866\" target=\"_blank\"><font color=\"blue\"><u>23081.016903\/2016-21<\/u><\/font><\/a>.<\/p>\r\n<br>\r\n<p><b><div align=\"center\">RESOLVE:<\/b><\/div><\/p>\r\n<br>\r\n<p>Art. 1\u00ba Esta resolu\u00e7\u00e3o regulamenta a contrata\u00e7\u00e3o, por tempo determinado, pela Universidade Federal de Santa Maria, de professor visitante (PV) e professor visitante estrangeiro (PVE), portador de t\u00edtulo de doutor ou de forma\u00e7\u00e3o equivalente obtido na forma da legisla\u00e7\u00e3o vigente, com reconhecida compet\u00eancia em sua \u00e1rea de atua\u00e7\u00e3o, para desenvolver atividades de doc\u00eancia, pesquisa e orienta\u00e7\u00e3o visando o atendimento de objetivos espec\u00edficos do(s) Programa(s) de P\u00f3s-gradua\u00e7\u00e3o stricto sensu solicitante(s).<\/p>\r\n<p>\u00a7 1\u00ba A contrata\u00e7\u00e3o de PV\/PVE somente poder\u00e1 ser efetivada respeitando o saldo dispon\u00edvel no banco de professor equivalente e de recursos or\u00e7ament\u00e1rios para esta finalidade, saldos estes acompanhados pela Pr\u00f3-Reitoria de Gest\u00e3o de Pessoas - PROGEP e Pr\u00f3-Reitoria de Planejamento \u2013 PROPLAN, respectivamente, de forma pr\u00e9via ao in\u00edcio da chamada interna e do processo seletivo simplificado.<\/p>\r\n<p>\u00a7 2\u00ba Em car\u00e1ter excepcional, poder\u00e1 ser aberto processo de sele\u00e7\u00e3o para contrata\u00e7\u00e3o de PV\/PVE, em \u00e1reas estrat\u00e9gicas ou de peculiar necessidade ao desenvolvimento do ensino e pesquisa, para atuar em Programas de P\u00f3s-gradua\u00e7\u00e3o.<\/p>\r\n<p>\u00a7 3\u00ba Para efeito desta resolu\u00e7\u00e3o, n\u00e3o ser\u00e1 admitido candidato a professor visitante que seja servidor ativo da UFSM.<\/p>\r\n<p>\u00a7 4\u00ba Para efeito desta resolu\u00e7\u00e3o, n\u00e3o ser\u00e1 admitido candidato a professor visitante que seja servidor aposentado para atua\u00e7\u00e3o na mesma unidade universit\u00e1ria em que se deu a aposentadoria.<\/p>\r\n\r\n<p>Art. 2\u00ba O processo para sele\u00e7\u00e3o de PV\/PVE deve ser estabelecido por meio de chamada interna espec\u00edfica realizada pela Pr\u00f3-Reitoria de P\u00f3s-Gradua\u00e7\u00e3o e Pesquisa - PRPGP para sele\u00e7\u00e3o de propostas encaminhadas pelos Programas de P\u00f3s-Gradua\u00e7\u00e3o.<\/p>\r\n<p>Par\u00e1grafo \u00fanico. Caber\u00e1 ao Comit\u00ea Assessor da PRPGP sanar imprecis\u00f5es suscitadas a partir da chamada interna referida no caput deste artigo.<\/p>\r\n\r\n<p>Art. 3\u00ba Os requisitos abaixo discriminados s\u00e3o eliminat\u00f3rios na avalia\u00e7\u00e3o das propostas:<\/p>\r\n<p>I - Solicita\u00e7\u00e3o formal do Programa de P\u00f3s-gradua\u00e7\u00e3o para contrata\u00e7\u00e3o PV\/PVE, em \u00e1rea espec\u00edfica do conhecimento, apresentada e aprovada no colegiado;<\/p>\r\n<p>II - o PV\/PVE ficar\u00e1 lotado no Programa de P\u00f3s-Gradua\u00e7\u00e3o solicitante, sendo apresentada a Ata do colegiado;<\/p>\r\n<p>III - comprometimento do Programa de P\u00f3s-gradua\u00e7\u00e3o de lota\u00e7\u00e3o do PV\/PVE quanto as condi\u00e7\u00f5es m\u00ednimas para atua\u00e7\u00e3o como orientador ou ministrante de disciplina no Programa; e<\/p>\r\n<p>IV - declara\u00e7\u00e3o do Programa de P\u00f3s-gradua\u00e7\u00e3o solicitante quanto a exist\u00eancia PV\/PVE com contrato em vig\u00eancia.<\/p>\r\n\r\n<p>Art. 4\u00ba Os requisitos para classifica\u00e7\u00e3o e sele\u00e7\u00e3o das propostas s\u00e3o os seguintes:<\/p>\r\n<p>I - Hist\u00f3rico das contrata\u00e7\u00f5es realizadas para professor do quadro efetivo pelo Programa de P\u00f3s-gradua\u00e7\u00e3o proponente da contrata\u00e7\u00e3o de PV\/PVE, contratados nos \u00faltimos cinco anos, explicitando a atua\u00e7\u00e3o do PV\/PVE nos Programas de P\u00f3s-gradua\u00e7\u00e3o;<\/p>\r\n<p>II - justificativa demonstrando a necessidade da contrata\u00e7\u00e3o de PV\/PVE para a melhoria de um ou mais Programas de P\u00f3s-gradua\u00e7\u00e3o, evidenciando a intera\u00e7\u00e3o com a gradua\u00e7\u00e3o e a relev\u00e2ncia para a futura abertura de vaga para professor do quadro efetivo;<\/p>\r\n<p>III - plano de trabalho para PV\/PVE, incluindo disciplinas a serem ministradas na Gradua\u00e7\u00e3o e P\u00f3s-gradua\u00e7\u00e3o, com carga hor\u00e1ria, orienta\u00e7\u00f5es, co-orienta\u00e7\u00f5es e projeto de pesquisa em que vai ser inserido, bem como sua inser\u00e7\u00e3o na qualifica\u00e7\u00e3o do(s) Programa(s);<\/p>\r\n<p>IV - hist\u00f3rico do impacto da produtividade dos professores visitantes junto ao Programa de P\u00f3s-gradua\u00e7\u00e3o, nos \u00faltimos cinco anos, no crescimento do(s) Programa(s) de P\u00f3s-gradua\u00e7\u00e3o envolvido(s); e<\/p>\r\n<p>V - hist\u00f3rico da inser\u00e7\u00e3o dos docentes contratados para o quadro efetivo da UFSM no(s) Programa(s) de P\u00f3s-gradua\u00e7\u00e3o envolvido(s). <\/p>\r\n\r\n<p>Art. 5\u00ba A escolha do professor visitante, far-se-\u00e1 por meio de Processo Seletivo Simplificado, consistindo da an\u00e1lise do Curriculum vitae de car\u00e1ter eliminat\u00f3rio, sendo que, a crit\u00e9rio da banca examinadora, a escolha poder\u00e1 ser complementada por uma entrevista.<\/p>\r\n<p>Art. 6\u00ba O Edital de Abertura do Processo Seletivo Simplificado, elaborado pela PROGEP, dever\u00e1 ser publicado integralmente no Di\u00e1rio Oficial da Uni\u00e3o (DOU) e no endere\u00e7o do s\u00edtio da UFSM (www.ufsm.br), bem como o extrato do Edital de Abertura dever\u00e1 ser publicado em um jornal de circula\u00e7\u00e3o local e estadual.<\/p>\r\n<p>Par\u00e1grafo \u00fanico. Os crit\u00e9rios para escolha do PV\/PVE se far\u00e1 constar do Edital citado no caput deste artigo.<\/p>\r\n\r\n<p>Art. 7\u00ba S\u00e3o requisitos m\u00ednimos de titula\u00e7\u00e3o e compet\u00eancia profissional para contrata\u00e7\u00e3o de professor visitante ou de professor visitante estrangeiro.<\/p>\r\n<p>I - ser portador do t\u00edtulo de doutor, no m\u00ednimo, h\u00e1 02 (dois) anos;<\/p>\r\n<p>II - ser docente ou pesquisador de reconhecida compet\u00eancia em sua \u00e1rea; e<\/p>\r\n<p>III - ter produ\u00e7\u00e3o cient\u00edfica relevante, preferencialmente nos \u00faltimos 05 (cinco) anos.<\/p>\r\n\r\n<p>Art. 8\u00ba A comiss\u00e3o de sele\u00e7\u00e3o ser\u00e1 designada pelo Programa de P\u00f3s-gradua\u00e7\u00e3o, constitu\u00edda de cinco professores do quadro permanente do(s) Programa(s) de P\u00f3s-gradua\u00e7\u00e3o respons\u00e1vel pela solicita\u00e7\u00e3o, sendo tr\u00eas titulares (doutores) e dois suplentes, vinculados \u00e0 \u00e1rea de conhecimento objeto da sele\u00e7\u00e3o p\u00fablica.<\/p>\r\n<p>Par\u00e1grafo \u00fanico. Na impossibilidade de composi\u00e7\u00e3o desta comiss\u00e3o de sele\u00e7\u00e3o, a mesma poder\u00e1 ser formada por docentes doutores de \u00e1reas afins.<\/p>\r\n\r\n<p>Art. 9\u00ba O resultado da Sele\u00e7\u00e3o P\u00fablica para PV\/PVE, ap\u00f3s ser divulgado em sess\u00e3o p\u00fablica, ser\u00e1 afixado em local de f\u00e1cil acesso ao p\u00fablico, no Programa de P\u00f3s-Gradua\u00e7\u00e3o.<\/p>\r\n<p>Par\u00e1grafo \u00fanico. Os candidatos ap\u00f3s a divulga\u00e7\u00e3o do resultado pelo Programa de P\u00f3s-Gradua\u00e7\u00e3o respons\u00e1vel pela sele\u00e7\u00e3o, ter\u00e3o prazo de dois (02) dias \u00fateis para requerer revis\u00e3o de suas avalia\u00e7\u00f5es em requerimento devidamente protocolado, dirigido ao Coordenador do Programa de P\u00f3s-Gradua\u00e7\u00e3o.<\/p>\r\n\r\n<p>Art. 10 A sele\u00e7\u00e3o ser\u00e1 homologada, pelo colegiado do Programa de P\u00f3s-gradua\u00e7\u00e3o, Conselho da Unidade Universit\u00e1ria e Conselho de Ensino, Pesquisa e Extens\u00e3o, para ap\u00f3s ser encaminhada \u00e0 Coordenadoria de Concursos da PROGEP para as provid\u00eancias cab\u00edveis.<\/p>\r\n<p>Art. 11 O contrato administrativo, regido pela legisla\u00e7\u00e3o vigente, ser\u00e1 por tempo determinado para professor visitante, vigorando pelo prazo m\u00e1ximo de doze meses a partir da data de assinatura contrato, prorrog\u00e1vel por igual per\u00edodo e, no caso de professor visitante estrangeiro, o contrato vigorar\u00e1 pelo prazo m\u00e1ximo de 04 (quatro) anos, a partir da data de assinatura do contrato.<\/p>\r\n<p>\u00a71\u00ba Os PV\/PVE ser\u00e3o contratados na categoria de professor titular, doutor e em regime de Dedica\u00e7\u00e3o Exclusiva. <\/p>\r\n<p>\u00a72\u00ba A contrata\u00e7\u00e3o de PV\/PVE dever\u00e1 ser efetivada num prazo m\u00e1ximo de tr\u00eas meses, contado a partir da data da abertura do edital para esta finalidade.<\/p>\r\n<p>Art. 12 Esta resolu\u00e7\u00e3o entra em vigor na data de sua assinatura e revoga a <a href=\"https:\/\/www.ufsm.br\/pro-reitorias\/proplan\/resolucao-n-006-2007\/\" target=\"_blank\"><font color=\"blue\"><u>Resolu\u00e7\u00e3o n. 006\/2007<\/u><\/font><\/a>.<\/p>\r\n\r\n<p>GABINETE DO REITOR DA UNIVERSIDADE FEDERAL DE SANTA MARIA, aos seis dias do m\u00eas de julho do ano dois mil e dezesseis.<\/p>\r\n<\/s>\r\n<\/div>\r\n<p>Paulo Afonso Burmann,<\/p>\r\n<p>Reitor<\/p>\r\n\r\n\r\n<p><font color=\"red0000\">Este texto n\u00e3o substitui o documento original, publicado no Portal de Documentos.<\/font> Dispon\u00edvel em: <a href=\"https:\/\/portal.ufsm.br\/documentos\/publico\/documento.html?id=7641983\"><font color=\"blue\">https:\/\/portal.ufsm.br\/documentos\/publico\/documento.html?id=7641983<\/font><\/a>\r\n\r\n\t\t<\/div>\n\t\t\t\t<\/div>\n\t\t\t\t\t<\/div>\n\t\t<\/div>\n\t\t\t\t\t<\/div>\n\t\t<\/section>\n\t\t\t\t<\/div>\n\t\t","protected":false},"excerpt":{"rendered":"<p>RESOLU\u00c7\u00c3O N. 028\/2016 MINIST\u00c9RIO DA EDUCA\u00c7\u00c3O UNIVERSIDADE FEDERAL DE SANTA MARIA RESOLU\u00c7\u00c3O N. 028\/2016 Regulamenta o procedimento de contrata\u00e7\u00e3o por tempo determinado de professor visitante e professor visitante estrangeiro na Universidade Federal de Santa Maria \u2013 UFSM e revoga a Resolu\u00e7\u00e3o N. 006\/2007. Revogada pela Resolu\u00e7\u00e3o UFSM N.173\/2024 O REITOR DA UNIVERSIDADE FEDERAL DE SANTA [&hellip;]<\/p>\n","protected":false},"author":205,"featured_media":0,"parent":0,"menu_order":0,"comment_status":"closed","ping_status":"closed","template":"","meta":{"footnotes":""},"categories":[],"tags":[],"class_list":["post-2618","page","type-page","status-publish","hentry"],"acf":[],"_links":{"self":[{"href":"https:\/\/www.ufsm.br\/pro-reitorias\/proplan\/wp-json\/wp\/v2\/pages\/2618","targetHints":{"allow":["GET"]}}],"collection":[{"href":"https:\/\/www.ufsm.br\/pro-reitorias\/proplan\/wp-json\/wp\/v2\/pages"}],"about":[{"href":"https:\/\/www.ufsm.br\/pro-reitorias\/proplan\/wp-json\/wp\/v2\/types\/page"}],"author":[{"embeddable":true,"href":"https:\/\/www.ufsm.br\/pro-reitorias\/proplan\/wp-json\/wp\/v2\/users\/205"}],"replies":[{"embeddable":true,"href":"https:\/\/www.ufsm.br\/pro-reitorias\/proplan\/wp-json\/wp\/v2\/comments?post=2618"}],"version-history":[{"count":0,"href":"https:\/\/www.ufsm.br\/pro-reitorias\/proplan\/wp-json\/wp\/v2\/pages\/2618\/revisions"}],"wp:attachment":[{"href":"https:\/\/www.ufsm.br\/pro-reitorias\/proplan\/wp-json\/wp\/v2\/media?parent=2618"}],"wp:term":[{"taxonomy":"category","embeddable":true,"href":"https:\/\/www.ufsm.br\/pro-reitorias\/proplan\/wp-json\/wp\/v2\/categories?post=2618"},{"taxonomy":"post_tag","embeddable":true,"href":"https:\/\/www.ufsm.br\/pro-reitorias\/proplan\/wp-json\/wp\/v2\/tags?post=2618"}],"curies":[{"name":"wp","href":"https:\/\/api.w.org\/{rel}","templated":true}]}}