{"id":2658,"date":"2019-11-01T14:37:33","date_gmt":"2019-11-01T17:37:33","guid":{"rendered":"https:\/\/www.ufsm.br\/pro-reitorias\/proplan\/?page_id=2658"},"modified":"2023-05-25T16:25:28","modified_gmt":"2023-05-25T19:25:28","slug":"resolucao-n-032-2019","status":"publish","type":"page","link":"https:\/\/www.ufsm.br\/pro-reitorias\/proplan\/resolucao-n-032-2019","title":{"rendered":"Resolu\u00e7\u00e3o N. 032\/2019"},"content":{"rendered":"\t\t<div data-elementor-type=\"wp-page\" data-elementor-id=\"2658\" class=\"elementor elementor-2658\">\n\t\t\t\t\t\t<section class=\"elementor-section elementor-top-section elementor-element elementor-element-b6f81a7 elementor-section-boxed elementor-section-height-default elementor-section-height-default\" data-id=\"b6f81a7\" data-element_type=\"section\">\n\t\t\t\t\t\t<div class=\"elementor-container elementor-column-gap-default\">\n\t\t\t\t\t<div class=\"elementor-column elementor-col-100 elementor-top-column elementor-element elementor-element-49c483d\" data-id=\"49c483d\" data-element_type=\"column\">\n\t\t\t<div class=\"elementor-widget-wrap elementor-element-populated\">\n\t\t\t\t\t\t<div class=\"elementor-element elementor-element-77c3f31 elementor-widget elementor-widget-html\" data-id=\"77c3f31\" data-element_type=\"widget\" data-widget_type=\"html.default\">\n\t\t\t\t<div class=\"elementor-widget-container\">\n\t\t\t\r\n\r\n\r\n<title><b>RESOLU\u00c7\u00c3O N. 032\/2019<\/b><\/title>\r\n\r\n\r\n<div align=\"center\"><img decoding=\"async\" src=\"https:\/\/www.ufsm.br\/pro-reitorias\/proplan\/wp-content\/uploads\/sites\/344\/2019\/09\/brasao-da-republica-do-brasil-logo.png\" alt=\"Bras\u00e3o Rep\u00fablica Federativa do Brasil\" width=\"6%\" height=\"6%\"><\/div>    \r\n<h1><font color=\"blue\"><font size=\"5\"><div align=\"center\">MINIST\u00c9RIO DA EDUCA\u00c7\u00c3O<\/b><\/font><\/font><\/div><\/H1>\r\n<p><b><font color=\"0000blue\"><div align=\"center\">UNIVERSIDADE FEDERAL DE SANTA MARIA<\/b><\/font><\/div><\/p>\r\n\r\n<p><div align=\"center\"><b><a href=\"https:\/\/portal.ufsm.br\/documentos\/publico\/documento.html?id=12795896\"><font color=\"blue\">RESOLU\u00c7\u00c3O N. 032\/2019<\/font><\/a><\/b><\/div><\/p>\r\n<br>\r\n<p><div align=\"right\"><font color=\"800000\"><s>Cria\u00e7\u00e3o dos \u00f3rg\u00e3os colegiados permanentes denominados \u201cComiss\u00e3o de Legisla\u00e7\u00e3o e Normas\u201d e \u201cComiss\u00e3o de Espa\u00e7o F\u00edsico\u201d; e recria\u00e7\u00e3o dos \u00f3rg\u00e3os colegiados permanentes denominados \u201cComiss\u00e3o de Ensino\u201d, \u201cComiss\u00e3o de Pesquisa\u201d e \u201cComiss\u00e3o de Extens\u00e3o\u201d; todos vinculados ao Centro de Ci\u00eancias Rurais (CCR) da estrutura organizacional da Universidade Federal de Santa Maria (UFSM).<\/font><\/div><\/p><\/s>\r\n\r\n<a href=\"https:\/\/www.ufsm.br\/pro-reitorias\/proplan\/resolucao-ufsm-n-105-2022\" target=\"_blank\"><font color=\"blue\">Revogada pela Resolu\u00e7\u00e3o UFSM N. 105\/2022<\/font><\/a><\/p>\r\n\r\n\r\n<br><div align=\"justify\">\r\n<p><s>O REITOR DA UNIVERSIDADE FEDERAL DE SANTA MARIA, no uso de suas atribui\u00e7\u00f5es legais e estatut\u00e1rias e considerando:<\/p>\r\n<p>\u2013 o Art. 56 da <a href=\"http:\/\/www.planalto.gov.br\/ccivil_03\/leis\/l9394.htm\" target=\"_blank\"><font color=\"blue\"><u>Lei N. 9.394, de 20 de dezembro de 1996<\/u><\/font><\/a>, que estabelece as diretrizes e bases da educa\u00e7\u00e3o nacional;<\/p>\r\n<p>\u2013 o <a href=\"http:\/\/www.planalto.gov.br\/ccivil_03\/_ato2015-2018\/2017\/decreto\/D9191.htm\" target=\"_blank\"><font color=\"blue\"><u>Decreto N. 9.191, de 1\u00b0 de novembro de 2017<\/u><\/font><\/a>, que estabelece as normas e as diretrizes para elabora\u00e7\u00e3o, reda\u00e7\u00e3o, altera\u00e7\u00e3o, consolida\u00e7\u00e3o e encaminhamento de propostas de atos normativos ao Presidente da Rep\u00fablica pelos Ministros de Estado;<\/p>\r\n<p>\u2013 o <a href=\"http:\/\/www.planalto.gov.br\/ccivil_03\/_ato2019-2022\/2019\/decreto\/D9759.htm\" target=\"_blank\"><font color=\"blue\"><u>Decreto N. 9.759, de 11 de abril de 2019<\/u><\/font><\/a>, que extingue e estabelece diretrizes, regras e limita\u00e7\u00f5es para colegiados da administra\u00e7\u00e3o p\u00fablica federal;<\/p>\r\n<p>\u2013 o Parecer N. 116\/2019 da Comiss\u00e3o de Legisla\u00e7\u00e3o e Normas (CLN), aprovado na 940\u00aa Sess\u00e3o do Conselho de Ensino, Pesquisa e Extens\u00e3o, de 04 de outubro de 2019, referente ao Processo N. <a href=\"https:\/\/portal.ufsm.br\/documentos\/publico\/processo\/documento.html?idDocumento=12588037\" target=\"_blank\"><font color=\"blue\"><u>23081.035758\/2019-20<\/u><\/font><\/a>; e,<\/p>\r\n<p>\u2013 o Parecer N. 129\/2019 da Comiss\u00e3o de Legisla\u00e7\u00e3o e Regimentos (CLR), aprovado na 823\u00aa Sess\u00e3o do Conselho Universit\u00e1rio, de 25 de outubro de 2019, referente ao Processo N. <a href=\"https:\/\/portal.ufsm.br\/documentos\/publico\/processo\/documento.html?idDocumento=12588037s\" target=\"_blank\"><font color=\"blue\"><u>23081.035758\/2019-20<\/u><\/font><\/a>.<\/p>\r\n<br>\r\n<p><b><div align=\"center\">RESOLVE:<\/b><\/div><\/p>\r\n<br>\r\n<p>Art. 1\u00ba Criar os \u00f3rg\u00e3os colegiados permanentes denominados \u201cComiss\u00e3o de Legisla\u00e7\u00e3o e Normas\u201d e \u201cComiss\u00e3o de Espa\u00e7o F\u00edsico\u201d; e recriar os \u00f3rg\u00e3os colegiados permanentes denominados \u201cComiss\u00e3o de Ensino\u201d, \u201cComiss\u00e3o de Pesquisa\u201d e \u201cComiss\u00e3o de Extens\u00e3o\u201d; todos vinculados ao Centro de Ci\u00eancias Rurais (CCR) da estrutura organizacional da Universidade Federal de Santa Maria (UFSM).<\/p>\r\n<br>\r\n<p><b><div align=\"center\">T\u00cdTULO I<\/b><\/div><\/p>\r\n<p><b><div align=\"center\">DAS COMPET\u00caNCIAS<\/b><\/div><\/p>\r\n<br>\r\n<p>Art. 2\u00ba Caber\u00e1 \u00e0 Comiss\u00e3o de Legisla\u00e7\u00e3o e Normas, \u00e0 Comiss\u00e3o de Ensino, \u00e0 Comiss\u00e3o de Pesquisa, \u00e0 Comiss\u00e3o de Extens\u00e3o e \u00e0 Comiss\u00e3o de Espa\u00e7o F\u00edsico, apreciar e emitir parecer sobre processos que venham a ser analisados pelo Conselho do CCR, relacionados ao Ensino, Pesquisa e Extens\u00e3o e ao uso do espa\u00e7o f\u00edsico.<\/p>\r\n<p>Art. 3\u00ba A Comiss\u00e3o de Pesquisa, a Comiss\u00e3o de Extens\u00e3o e a Comiss\u00e3o de Ensino dever\u00e3o acompanhar a execu\u00e7\u00e3o dos projetos (ensino, pesquisa e\/ou extens\u00e3o) no \u00e2mbito do CCR, al\u00e9m de atuarem em quest\u00f5es pol\u00edticas, acad\u00eamicas, did\u00e1tico-pedag\u00f3gicas e cient\u00edficas relacionadas \u00e0 Pesquisa, Ensino e Extens\u00e3o.<\/p>\r\n<br>\r\n<p><b><div align=\"center\">T\u00cdTULO II<\/b><\/div><\/p>\r\n<p><b><div align=\"center\">DA COMPOSI\u00c7\u00c3O E AUTORIDADE<\/b><\/div><\/p>\r\n<br>\r\n<p>Art. 4\u00ba A Comiss\u00e3o de Ensino ser\u00e1 composta pelos seguintes membros:<\/p>\r\n<p>I - 1 (um) representante de cada uma das seguintes \u00e1reas e seus respectivos suplentes: Agronomia, Engenharia Florestal, Medicina Veterin\u00e1ria, Zootecnia, Tecnologia em Alimentos e Tecnologia em Agroneg\u00f3cio;<\/p>\r\n<p>II - 1 (um) representante discente de gradua\u00e7\u00e3o e seu respectivo suplente;<\/p>\r\n<p>III - 1 (um) representante discente de p\u00f3s-gradua\u00e7\u00e3o e seu respectivo suplente;<\/p>\r\n<p>IV - 1 (um) representante dos servidores T\u00e9cnico-administrativos em Educa\u00e7\u00e3o e seu respectivo suplente; e<\/p>\r\n<p>V - 1 (um) representante da Unidade de Apoio Pedag\u00f3gico (UAP) e seu respectivo suplente.<\/p>\r\n\r\n<p>\u00a7 1\u00ba Os integrantes docentes da Comiss\u00e3o de Ensino ter\u00e3o mandato de 2 (dois) anos, podendo ser reconduzidos pelo mesmo per\u00edodo.<\/p>\r\n<p>\u00a7 2\u00ba Os representantes dos servidores t\u00e9cnico-administrativos em educa\u00e7\u00e3o e do corpo discente ter\u00e3o mandato de 1 (um) ano, podendo ser reconduzidos pelo mesmo per\u00edodo.<\/p>\r\n<p>\u00a7 3\u00ba Os representantes docentes ser\u00e3o indicados pelas Coordena\u00e7\u00f5es de Curso.<\/p>\r\n<p>\u00a7 4\u00ba O representante dos t\u00e9cnico-administrativos em educa\u00e7\u00e3o ser\u00e1 indicado por seus pares.<\/p>\r\n<p>\u00a7 5\u00ba O representante dos estudantes de gradua\u00e7\u00e3o ser\u00e1 indicado pelos diret\u00f3rios acad\u00eamicos e o representante do corpo discente da P\u00f3s-Gradua\u00e7\u00e3o da Unidade de Ensino ser\u00e1 indicado pela Associa\u00e7\u00e3o de P\u00f3s-Gradua\u00e7\u00e3o (APG\/UFSM).<\/p>\r\n<p>\u00a7 6\u00ba O representante da UAP ser\u00e1 indicado pelo Chefe do \u00d3rg\u00e3o.<\/p>\r\n<p>\u00a7 7\u00ba O presidente e o vice-presidente ser\u00e3o docentes escolhidos pelos demais membros na primeira reuni\u00e3o da Comiss\u00e3o de Ensino.<\/p>\r\n<p>\u00a7 8\u00ba Cada membro da Comiss\u00e3o de Ensino poder\u00e1 ser substitu\u00eddo em qualquer \u00e9poca, sempre que houver consenso da maioria dos membros, por meio de uma solicita\u00e7\u00e3o escrita do respectivo segmento de representa\u00e7\u00e3o, ou se o pr\u00f3prio representante assim o desejar.<\/p>\r\n\r\n<p>Art. 5\u00ba A Comiss\u00e3o de Pesquisa do CCR ser\u00e1 composta por:<\/p>\r\n<p>I - 1 (um) representante de cada uma das seguintes \u00e1reas e seus respectivos suplentes: Agronomia, Engenharia Florestal, Medicina Veterin\u00e1ria, Zootecnia, Tecnologia em Alimentos e Tecnologia em Agroneg\u00f3cio;<\/p>\r\n<p>II - 1 (um) representante discente de gradua\u00e7\u00e3o e seu respectivo suplente;<\/p>\r\n<p>III - 1 (um) representante discente de p\u00f3s-gradua\u00e7\u00e3o e seu respectivo suplente; e<\/p>\r\n<p>IV - 1 (um) representante dos servidores T\u00e9cnico-administrativos em Educa\u00e7\u00e3o e seu respectivo suplente.<\/p>\r\n\r\n<p>\u00a7 1\u00ba Os integrantes docentes da Comiss\u00e3o de Pesquisa ter\u00e3o mandato de 2 (dois) anos, podendo ser reconduzidos pelo mesmo per\u00edodo.<\/p>\r\n<p>\u00a7 2\u00ba Os representantes dos servidores t\u00e9cnico-administrativos em educa\u00e7\u00e3o e do corpo discente e seus respectivos suplentes ter\u00e3o mandato de 1 (um) ano, podendo ser reconduzidos pelo mesmo per\u00edodo.<\/p>\r\n<p>\u00a7 3\u00ba Os representantes docentes ser\u00e3o indicados pelas Coordena\u00e7\u00f5es de Curso.<\/p>\r\n<p>\u00a7 4\u00ba O representante dos t\u00e9cnico-administrativos em educa\u00e7\u00e3o ser\u00e1 indicado por seus pares.<\/p>\r\n<p>\u00a7 5\u00ba O representante dos estudantes de gradua\u00e7\u00e3o ser\u00e1 indicado pelos diret\u00f3rios acad\u00eamicos e o representante do corpo discente da P\u00f3s-Gradua\u00e7\u00e3o ser\u00e1 indicado pela APG\/UFSM.<\/p>\r\n<p>\u00a7 6\u00ba O presidente e o vice-presidente ser\u00e3o docentes escolhidos pelos demais membros na primeira reuni\u00e3o da Comiss\u00e3o de Pesquisa.<\/p>\r\n<p>\u00a7 7\u00ba A Comiss\u00e3o de Pesquisa recorrer\u00e1 ao assessoramento de professor especialista sempre que entender necess\u00e1rio.<\/p>\r\n<p>\u00a7 8\u00ba Cada membro da Comiss\u00e3o de Pesquisa poder\u00e1 ser substitu\u00eddo em qualquer \u00e9poca, sempre que houver consenso da maioria dos membros, por meio de uma solicita\u00e7\u00e3o escrita do respectivo segmento de representa\u00e7\u00e3o, ou se o pr\u00f3prio representante assim o desejar.<\/p>\r\n\r\n<p>Art. 6\u00ba - A Comiss\u00e3o de Extens\u00e3o do CCR ser\u00e1 constitu\u00edda dos seguintes membros:<\/p>\r\n<p>I - 1(um) representante do Departamento de Educa\u00e7\u00e3o Agr\u00edcola e Extens\u00e3o Rural (DEAER) e seu respectivo suplente;<\/p>\r\n<p>II - 1 (um) representante de cada uma das seguintes \u00e1reas e seus respectivos suplentes: Agronomia, Engenharia Florestal, Medicina Veterin\u00e1ria, Zootecnia, Tecnologia em Alimentos e Tecnologia em Agroneg\u00f3cio;<\/p>\r\n<p>III - 1 (um) representante discente de gradua\u00e7\u00e3o e seu respectivo suplente;<\/p>\r\n<p>IV - 1 (um) representante discente de p\u00f3s-gradua\u00e7\u00e3o e seu respectivo suplente;<\/p>\r\n<p>V - 1 (um) representante dos servidores T\u00e9cnico-Administrativos em Educa\u00e7\u00e3o e seu respectivo suplente; e<\/p>\r\n<p>VI - 1 (um) representante do Gabinete de Projetos do CCR e seu respectivo suplente.<\/p>\r\n\r\n<p>\u00a7 1\u00ba Os integrantes docentes e seus respectivos suplentes da Comiss\u00e3o de Extens\u00e3o ter\u00e3o mandato de 2 (dois) anos, podendo ser reconduzidos pelo mesmo per\u00edodo.<\/p>\r\n<p>\u00a7 2\u00ba Os representantes dos servidores t\u00e9cnico-administrativos em educa\u00e7\u00e3o e do corpo discente e seus respectivos suplentes ter\u00e3o mandato de 1 (um) ano, podendo ser reconduzidos pelo mesmo per\u00edodo.<\/p>\r\n<p>\u00a7 3\u00ba Os representantes docentes ser\u00e3o indicados pelas Coordena\u00e7\u00f5es de curso.<\/p>\r\n<p>\u00a7 4\u00ba O representante do DEAER ser\u00e1 indicado pelo Chefe do Departamento.<\/p>\r\n<p>\u00a7 5\u00ba O representante dos t\u00e9cnico-administrativos em educa\u00e7\u00e3o ser\u00e1 indicado por seus pares.<\/p>\r\n<p>\u00a7 6\u00ba O representante dos estudantes de gradua\u00e7\u00e3o ser\u00e1 indicado pelos diret\u00f3rios acad\u00eamicos e o representante do corpo discente da P\u00f3s-Gradua\u00e7\u00e3o ser\u00e1 indicado pela Associa\u00e7\u00e3o da P\u00f3s-Gradua\u00e7\u00e3o na UFSM (APG\/UFSM).<\/p>\r\n<p>\u00a7 7\u00ba O representante do GAP ser\u00e1 indicado pelo Chefe do \u00d3rg\u00e3o.<\/p>\r\n<p>\u00a7 8\u00ba O presidente e o vice-presidente ser\u00e3o docentes escolhidos pelos demais membros na primeira reuni\u00e3o da Comiss\u00e3o de Extens\u00e3o.<\/p>\r\n<p>\u00a7 9\u00ba Cada membro da Comiss\u00e3o de Extens\u00e3o poder\u00e1 ser substitu\u00eddo em qualquer \u00e9poca, sempre que houver consenso da maioria dos membros, por meio de uma solicita\u00e7\u00e3o escrita do respectivo segmento de representa\u00e7\u00e3o, ou se o pr\u00f3prio representante assim o desejar.<\/p>\r\n\r\n<p>Art. 7\u00ba A Comiss\u00e3o de Espa\u00e7o F\u00edsico ser\u00e1 constitu\u00edda dos seguintes membros:<\/p>\r\n<p>I - 1(um) representante de cada Departamento; e<\/p>\r\n<p>II - 1 (um) representante do N\u00facleo de Infraestrutura.<\/p>\r\n\r\n<p>\u00a7 1\u00ba Os integrantes docentes e seus respectivos suplentes da Comiss\u00e3o de Espa\u00e7o F\u00edsico ter\u00e3o mandato de 2 (dois) anos, podendo ser reconduzidos pelo mesmo per\u00edodo;<\/p>\r\n<p>\u00a7 2\u00ba Os representantes t\u00e9cnico-administrativos em educa\u00e7\u00e3o e seus respectivos suplentes ter\u00e3o mandato de 1 (um) ano, podendo ser reconduzidos pelo mesmo per\u00edodo.<\/p>\r\n<p>\u00a7 3\u00ba Os representantes da Comiss\u00e3o de Espa\u00e7o F\u00edsico ser\u00e3o indicados pelos Departamentos.<\/p>\r\n<p>\u00a7 4\u00ba O representante do N\u00facleo de Infraestrutura ser\u00e1 indicado pelo Chefe do N\u00facleo.<\/p>\r\n<p>\u00a7 5\u00ba O presidente e o vice-presidente ser\u00e3o docentes escolhidos pelos demais membros na primeira reuni\u00e3o da Comiss\u00e3o de Espa\u00e7o F\u00edsico.<\/p>\r\n<p>\u00a7 6\u00ba Cada membro da Comiss\u00e3o de Espa\u00e7o F\u00edsico poder\u00e1 ser substitu\u00eddo em qualquer \u00e9poca, sempre que houver consenso da maioria dos membros, por meio de uma solicita\u00e7\u00e3o escrita do respectivo segmento de representa\u00e7\u00e3o, ou se o pr\u00f3prio representante assim o desejar.<\/p>\r\n\r\n<p>Art. 8\u00ba A Comiss\u00e3o de Legisla\u00e7\u00e3o e Normas ser\u00e1 constitu\u00edda por membros titulares do Conselho do CCR:<\/p>\r\n<p>I - 4 (quatro) conselheiros titulares docentes;<\/p>\r\n<p>II - 2 (dois) conselheiros titulares t\u00e9cnico-administrativos em educa\u00e7\u00e3o;<\/p>\r\n\r\n<p>\u00a7 1\u00ba Os integrantes docentes ter\u00e3o mandato de 2 (dois) anos, podendo ser reconduzidos pelo mesmo per\u00edodo;<\/p>\r\n<p>\u00a7 2\u00ba Os representantes t\u00e9cnico-administrativos em educa\u00e7\u00e3o ter\u00e3o mandato de 1 (um) ano, podendo ser reconduzidos pelo mesmo per\u00edodo.<\/p>\r\n<p>\u00a7 3\u00ba Os representantes da Comiss\u00e3o de Legisla\u00e7\u00e3o e Normas ser\u00e3o indicados pelo Conselho do CCR.<\/p>\r\n<p>\u00a7 4\u00ba O presidente ser\u00e1 um docente escolhido na primeira reuni\u00e3o pelos demais membros da Comiss\u00e3o.<\/p>\r\n<p>\u00a7 5\u00ba Cada membro da Comiss\u00e3o poder\u00e1 ser substitu\u00eddo em qualquer \u00e9poca, sempre que houver consenso da maioria dos membros, por meio de uma solicita\u00e7\u00e3o escrita do respectivo segmento de representa\u00e7\u00e3o, ou se o pr\u00f3prio representante assim o desejar.<\/p>\r\n\r\n<p>Art. 9\u00ba As comiss\u00f5es permanentes ter\u00e3o mais que sete membros devido a necessidade de representa\u00e7\u00e3o de cada curso de gradua\u00e7\u00e3o presencial ou de cada Departamento Did\u00e1tico, acrescido de representante dos T\u00e9cnicos Administrativos em Educa\u00e7\u00e3o e de discente.<\/p>\r\n<p>Par\u00e1grafo \u00fanico. As comiss\u00f5es n\u00e3o necessitam de desembolso de recurso financeiro (di\u00e1rias\/passagens) para o seu funcionamento, independente do n\u00famero de membros.<\/p>\r\n<br>\r\n<p><b><div align=\"center\">T\u00cdTULO III<\/b><\/div><\/p>\r\n<p><b><div align=\"center\">DO QU\u00d3RUM DE REUNI\u00c3O E DE VOTA\u00c7\u00c3O<\/b><\/div><\/p>\r\n<br>\r\n<p>Art. 10 As reuni\u00f5es das Comiss\u00f5es Permanentes funcionar\u00e3o com a presen\u00e7a m\u00ednima da maioria absoluta dos seus membros, considerando\u2013se esse o n\u00famero legal para vota\u00e7\u00e3o.<\/p>\r\n<p>\u00a7 1\u00ba A convoca\u00e7\u00e3o ser\u00e1 feita via correio eletr\u00f4nico, pelo presidente da Comiss\u00e3o, com anteced\u00eancia m\u00ednima de 48 (quarenta e oito) horas, especificando Ordem do Dia, a data e o hor\u00e1rio de in\u00edcio e t\u00e9rmino da reuni\u00e3o.<\/p>\r\n<p>\u00a7 2\u00ba Havendo n\u00famero legal e declarada aberta a sess\u00e3o, proceder\u2013se\u2013\u00e1 a discuss\u00e3o e posterior realiza\u00e7\u00e3o dos pareceres dos processos a serem analisados pelo Conselho da Unidade de Ensino.<\/p>\r\n<br>\r\n<p><b><div align=\"center\">T\u00cdTULO IV<\/b><\/div><\/p>\r\n<p><b><div align=\"center\">DA PERIDIOCIDADE DAS REUNI\u00d5ES<\/b><\/div><\/p>\r\n<br>\r\n<p>Art. 11 Cada Comiss\u00e3o Permanente reunir-se-\u00e1 ordinariamente no m\u00ednimo duas vezes por semestre ou sempre que convocada pelo referido presidente ou pela maioria de seus membros, desde que haja processos no Conselho ou no Gabinete de Projetos que necessitem parecer da respectiva Comiss\u00e3o.<\/p>\r\n<p>Par\u00e1grafo \u00fanico. Ser\u00e3o reunidas extraordinariamente as comiss\u00f5es permanentes sempre que convocados por seus presidentes ou por solicita\u00e7\u00e3o escrita de pelo menos 2\/3 (dois ter\u00e7os) de seus membros.<\/p>\r\n<br>\r\n<p><b><div align=\"center\">T\u00cdTULO V<\/b><\/div><\/p>\r\n<p><b><div align=\"center\">DO \u00d3RG\u00c3O DE APOIO ADMINISTRATIVO<\/b><\/div><\/p>\r\n<br>\r\n<p>Art. 12 A Secretaria do Centro de Ci\u00eancias Rurais \u2013 CCR, ficar\u00e1 respons\u00e1vel por realizar o apoio administrativo necess\u00e1rio para o andamento dos trabalhos da Comiss\u00e3o de Legisla\u00e7\u00e3o e Normas e da Comiss\u00e3o de Espa\u00e7o F\u00edsico.<\/p>\r\n<p>Art. 13 O Gabinete de Projetos ficar\u00e1 respons\u00e1vel pelo apoio administrativo \u00e0 Comiss\u00e3o de Pesquisa, \u00e0 Comiss\u00e3o de Ensino e \u00e0 Comiss\u00e3o de Extens\u00e3o.<\/p>\r\n<br>\r\n<p><b><div align=\"center\">T\u00cdTULO VI<\/b><\/div><\/p>\r\n<p><b><div align=\"center\">DO REGIMENTO INTERNO<\/b><\/div><\/p>\r\n<br>\r\n<p>Art. 14 Por se tratar de Comiss\u00f5es Permanentes internas do Centro de Ci\u00eancias Rurais, que \u00e9 regido e regulamentado pelo Regimento Interno da Unidade de Ensino, n\u00e3o h\u00e1 necessidade de um Regimento Interno espec\u00edfico para estas Comiss\u00f5es.<\/p>\r\n<br>\r\n<p><b><div align=\"center\">T\u00cdTULO VII<\/b><\/div><\/p>\r\n<p><b><div align=\"center\">DOS MEMBROS N\u00c3O NATOS<\/b><\/div><\/p>\r\n<br>\r\n<p>Art. 15 Nas reuni\u00f5es destas Comiss\u00f5es do CCR poder\u00e3o comparecer servidores e discentes, quando convidados pelos presidentes, a fim de prestarem esclarecimentos sobre assuntos que lhes forem pertinentes.<\/p>\r\n<br>\r\n<p><b><div align=\"center\">T\u00cdTULO VIII<\/b><\/div><\/p>\r\n<p><b><div align=\"center\">DOS RELAT\u00d3RIOS PERI\u00d3DICOS E DO RELAT\u00d3RIO FINAL<\/b><\/div><\/p>\r\n<br>\r\n<p>Art. 16 As Comiss\u00f5es Permanentes emitir\u00e3o pareceres espec\u00edficos para cada processo de sua \u00e1rea, n\u00e3o havendo necessidades de confec\u00e7\u00e3o de relat\u00f3rios peri\u00f3dicos ou anuais.<\/p>\r\n<br>\r\n<p><b><div align=\"center\">T\u00cdTULO IX<\/b><\/div><\/p>\r\n<p><b><div align=\"center\">DAS DISPOSI\u00c7\u00d5ES GERAIS E TRANSIT\u00d3RIAS<\/b><\/div><\/p>\r\n\r\n<p>Art. 17 Ser\u00e1 vedada a divulga\u00e7\u00e3o de discuss\u00f5es em curso sem a pr\u00e9via anu\u00eancia do respectivo Presidente de cada Comiss\u00e3o e da Dire\u00e7\u00e3o do Centro de Ci\u00eancias Rurais.<\/p>\r\n<p>Art. 18 A participa\u00e7\u00e3o dos membros nos \u00f3rg\u00e3os colegiados da presente resolu\u00e7\u00e3o ser\u00e1 considerada como presta\u00e7\u00e3o de servi\u00e7o p\u00fablico relevante, n\u00e3o sendo atividade remunerada.<\/p>\r\n<p>Art. 19 Ser\u00e1 vedada a possibilidade de cria\u00e7\u00e3o de subcolegiados ou subcomiss\u00f5es.<\/p>\r\n<p>Art. 20 As medidas decorrentes das reuni\u00f5es das Comiss\u00f5es Permanentes estar\u00e3o dispon\u00edveis na p\u00e1gina eletr\u00f4nica do CCR e do Gabinete de Projetos, atrav\u00e9s das Atas do Conselho do Centro e da proclama\u00e7\u00e3o de resultados de editais, respectivamente.<\/p>\r\n<p>Art. 21 As reuni\u00f5es destes \u00f3rg\u00e3os colegiados cujos membros possu\u00edrem domicilio e\/ou resid\u00eancia legal ou estiverem em local diverso da realiza\u00e7\u00e3o da atividade ser\u00e3o realizadas por videoconfer\u00eancia.<\/p>\r\n\r\n<p>\u00a7 1\u00ba Na hip\u00f3tese de ser demonstrada, de modo fundamentado, a inviabilidade ou a inconveni\u00eancia de se realizar a reuni\u00e3o por videoconfer\u00eancia, ser\u00e3o estimados os gastos com di\u00e1rias e passagens dos membros deste colegiado, assim como, a comprova\u00e7\u00e3o da disponibilidade or\u00e7ament\u00e1ria e financeira para o exerc\u00edcio em curso.<\/p>\r\n<p>\u00a7 2\u00ba As atividades das Comiss\u00f5es e de seus membros n\u00e3o poder\u00e3o causar preju\u00edzo \u00e0 presta\u00e7\u00e3o do servi\u00e7o p\u00fablico pelo servidor membro do colegiado.<\/p>\r\n\r\n<p>Art. 22 Esta Resolu\u00e7\u00e3o entra em vigor na data de sua assinatura, revogadas as disposi\u00e7\u00f5es em contr\u00e1rio, inclusive do Regimento Interno do CCR.<\/p>\r\n\r\n<p>GABINETE DO REITOR DA UNIVERSIDADE FEDERAL DE SANTA MARIA, aos trinta dias do m\u00eas de outubro do ano dois mil e dezenove.<\/p>\r\n<\/div>\r\n\r\n<p>Paulo Afonso Burmann,<\/p>\r\n<p>Reitor<p \/><\/s>\r\n\r\n<p><font color=\"red0000\">Este texto n\u00e3o substitui o documento original, publicado no Portal de Documentos.<\/font> Dispon\u00edvel em: <a href=\"https:\/\/portal.ufsm.br\/documentos\/publico\/documento.html?id=12795896\"><font color=\"blue\">https:\/\/portal.ufsm.br\/documentos\/publico\/documento.html?id=12795896<\/font><\/a>\r\n\r\n\t\t<\/div>\n\t\t\t\t<\/div>\n\t\t\t\t\t<\/div>\n\t\t<\/div>\n\t\t\t\t\t<\/div>\n\t\t<\/section>\n\t\t\t\t<\/div>\n\t\t","protected":false},"excerpt":{"rendered":"<p>RESOLU\u00c7\u00c3O N. 032\/2019 MINIST\u00c9RIO DA EDUCA\u00c7\u00c3O UNIVERSIDADE FEDERAL DE SANTA MARIA RESOLU\u00c7\u00c3O N. 032\/2019 Cria\u00e7\u00e3o dos \u00f3rg\u00e3os colegiados permanentes denominados \u201cComiss\u00e3o de Legisla\u00e7\u00e3o e Normas\u201d e \u201cComiss\u00e3o de Espa\u00e7o F\u00edsico\u201d; e recria\u00e7\u00e3o dos \u00f3rg\u00e3os colegiados permanentes denominados \u201cComiss\u00e3o de Ensino\u201d, \u201cComiss\u00e3o de Pesquisa\u201d e \u201cComiss\u00e3o de Extens\u00e3o\u201d; todos vinculados ao Centro de Ci\u00eancias Rurais (CCR) [&hellip;]<\/p>\n","protected":false},"author":205,"featured_media":0,"parent":0,"menu_order":0,"comment_status":"closed","ping_status":"closed","template":"","meta":{"footnotes":""},"categories":[],"tags":[],"class_list":["post-2658","page","type-page","status-publish","hentry"],"acf":[],"_links":{"self":[{"href":"https:\/\/www.ufsm.br\/pro-reitorias\/proplan\/wp-json\/wp\/v2\/pages\/2658","targetHints":{"allow":["GET"]}}],"collection":[{"href":"https:\/\/www.ufsm.br\/pro-reitorias\/proplan\/wp-json\/wp\/v2\/pages"}],"about":[{"href":"https:\/\/www.ufsm.br\/pro-reitorias\/proplan\/wp-json\/wp\/v2\/types\/page"}],"author":[{"embeddable":true,"href":"https:\/\/www.ufsm.br\/pro-reitorias\/proplan\/wp-json\/wp\/v2\/users\/205"}],"replies":[{"embeddable":true,"href":"https:\/\/www.ufsm.br\/pro-reitorias\/proplan\/wp-json\/wp\/v2\/comments?post=2658"}],"version-history":[{"count":0,"href":"https:\/\/www.ufsm.br\/pro-reitorias\/proplan\/wp-json\/wp\/v2\/pages\/2658\/revisions"}],"wp:attachment":[{"href":"https:\/\/www.ufsm.br\/pro-reitorias\/proplan\/wp-json\/wp\/v2\/media?parent=2658"}],"wp:term":[{"taxonomy":"category","embeddable":true,"href":"https:\/\/www.ufsm.br\/pro-reitorias\/proplan\/wp-json\/wp\/v2\/categories?post=2658"},{"taxonomy":"post_tag","embeddable":true,"href":"https:\/\/www.ufsm.br\/pro-reitorias\/proplan\/wp-json\/wp\/v2\/tags?post=2658"}],"curies":[{"name":"wp","href":"https:\/\/api.w.org\/{rel}","templated":true}]}}