{"id":2688,"date":"2019-11-12T10:06:49","date_gmt":"2019-11-12T13:06:49","guid":{"rendered":"https:\/\/www.ufsm.br\/pro-reitorias\/proplan\/?page_id=2688"},"modified":"2020-05-18T07:55:09","modified_gmt":"2020-05-18T10:55:09","slug":"resolucao-n-012-2015","status":"publish","type":"page","link":"https:\/\/www.ufsm.br\/pro-reitorias\/proplan\/resolucao-n-012-2015","title":{"rendered":"Resolu\u00e7\u00e3o N. 012\/2015"},"content":{"rendered":"\t\t<div data-elementor-type=\"wp-page\" data-elementor-id=\"2688\" class=\"elementor elementor-2688\">\n\t\t\t\t\t\t<section class=\"elementor-section elementor-top-section elementor-element elementor-element-ff9a7c1 elementor-section-boxed elementor-section-height-default elementor-section-height-default\" data-id=\"ff9a7c1\" data-element_type=\"section\">\n\t\t\t\t\t\t<div class=\"elementor-container elementor-column-gap-default\">\n\t\t\t\t\t<div class=\"elementor-column elementor-col-100 elementor-top-column elementor-element elementor-element-b2951e3\" data-id=\"b2951e3\" data-element_type=\"column\">\n\t\t\t<div class=\"elementor-widget-wrap elementor-element-populated\">\n\t\t\t\t\t\t<div class=\"elementor-element elementor-element-fd307b6 elementor-widget elementor-widget-html\" data-id=\"fd307b6\" data-element_type=\"widget\" data-widget_type=\"html.default\">\n\t\t\t\t<div class=\"elementor-widget-container\">\n\t\t\t\r\n\r\n\r\n<title><b>RESOLU\u00c7\u00c3O N. 012\/2015<\/b><\/title>\r\n\r\n\r\n<div align=\"center\"><img decoding=\"async\" src=\"https:\/\/www.ufsm.br\/pro-reitorias\/proplan\/wp-content\/uploads\/sites\/344\/2019\/09\/brasao-da-republica-do-brasil-logo.png\" alt=\"Bras\u00e3o Rep\u00fablica Federativa do Brasil\" width=\"6%\" height=\"6%\"><\/div>    \r\n<h1><font color=\"blue\"><font size=\"5\"><div align=\"center\">MINIST\u00c9RIO DA EDUCA\u00c7\u00c3O<\/b><\/font><\/font><\/div><\/H1>\r\n<p><b><font color=\"0000blue\"><div align=\"center\">UNIVERSIDADE FEDERAL DE SANTA MARIA<\/b><\/font><\/div><\/p>\r\n\r\n<p><div align=\"center\"><b><a href=\"https:\/\/portal.ufsm.br\/documentos\/publico\/documento.html?id=7012568\"><font color=\"blue\">RESOLU\u00c7\u00c3O N. 012\/2015<\/font><\/a><\/b><\/div><\/p>\r\n<br>\r\n<p><div align=\"right\"><font color=\"800000\">Disp\u00f5e sobre a institucionaliza\u00e7\u00e3o do Guia do Estudante da UFSM em car\u00e1ter normativo.<\/font><\/div><\/p>\r\n<br><div align=\"justify\">\r\n<p>O REITOR DA UNIVERSIDADE FEDERAL DE SANTA MARIA, no uso de suas atribui\u00e7\u00f5es legais e estatut\u00e1rias e considerando:<\/p>\r\n<p>- o que estabelece a <a href=\"http:\/\/www.planalto.gov.br\/ccivil_03\/leis\/l9394.htm\" target=\"_blank\"><font color=\"blue\"><u>Lei n\u00ba 9.394, de 20\/12\/1996 - LDB<\/u><\/font><\/a> e a autonomia expressada em seu artigo 53, incisos de I a X, combinado com o par\u00e1grafo \u00fanico - incisos dela IV;<\/p>\r\n<p>- o que estabelece o <a href=\"https:\/\/www.ufsm.br\/pro-reitorias\/proplan\/estatuto-ufsm-2010\/\" target=\"_blank\"><font color=\"blue\"><u>Estatuto<\/u><\/font><\/a> e o <a href=\"https:\/\/www.ufsm.br\/pro-reitorias\/proplan\/regimento-geral-da-ufsm-2011\/\" target=\"_blank\"><font color=\"blue\"><u>Regimento Geral da UFSM<\/u><\/font><\/a>;<\/p>\r\n<p>- a <a href=\"https:\/\/www.ufsm.br\/pro-reitorias\/proplan\/resolucao-n-008-1999\/\" target=\"_blank\"><font color=\"blue\"><u>Resolu\u00e7\u00e3o N. 008\/99, de 22 de julho de 1999, PROGRAD\/DERCA\/UFSM<\/u><\/font><\/a> que institui, al\u00e9m de outros dispositivos, o Guia do Estudante como Publica\u00e7\u00e3o Oficial dirigida \u00e0 Comunidade Acad\u00eamica; e<\/p>\r\n<p>- o Parecer n. 077\/2015 da Comiss\u00e3o de Legisla\u00e7\u00e3o e Normas (CLN), e o Parecer n. 006\/2015 da Comiss\u00e3o de Ensino, Pesquisa e Extens\u00e3o (CEPE) aprovados na 864\u00aa Sess\u00e3o do Conselho de Ensino, Pesquisa e Extens\u00e3o, de 15 de maio de 2015, referente ao Processo n. <a href=\"https:\/\/portal.ufsm.br\/documentos\/publico\/processo\/documento.html?idDocumento=6946632\" target=\"_blank\"><font color=\"blue\"><u>23081.006985\/2015-14<\/u><\/font><\/a>, que aprovou a minuta de Resolu\u00e7\u00e3o que regulamenta o Guia do Estudante no \u00c2mbito da UFSM.<\/p>\r\n<br>\r\n<p><b><div align=\"center\">RESOLVE:<\/b><\/div><\/p>\r\n<br>\r\n<p>Art. 1\u00ba O Guia do Estudante \u00e9 publica\u00e7\u00e3o oficial de car\u00e1ter normativo da Universidade Federal de Santa Maria e constitui-se como consolida\u00e7\u00e3o das normas vigentes nessa Institui\u00e7\u00e3o P\u00fablica de Ensino Superior.<\/p> \r\n<p>Art. 2\u00ba O Guia do Estudante possui tr\u00eas partes fundamentais a saber:<\/p>\r\n<p>I - uma parte de instru\u00e7\u00e3o procedimental contendo: Informa\u00e7\u00f5es, normativas e procedimentos gerais para realiza\u00e7\u00e3o de matr\u00edcula, coment\u00e1rios sobre o sistema acad\u00eamico e informa\u00e7\u00f5es sobre a avalia\u00e7\u00e3o de desempenho dos estudantes da UFSM;<\/p>\r\n<p>II - uma parte com informa\u00e7\u00f5es gerais da UFSM para o acad\u00eamico como: informa\u00e7\u00f5es sobre os cursos de gradua\u00e7\u00e3o, coordenadores e meios de contato, atribui\u00e7\u00f5es das Pr\u00f3-Reitorias, informa\u00e7\u00f5es sobre Apoio Acad\u00eamico e Programas de Apoio ao Estudante; e<\/p>\r\n<p>III - anexo com Legisla\u00e7\u00e3o Pertinente ao Sistema Acad\u00eamico.<\/p>\r\n<p>\u00a7 1\u00ba As instru\u00e7\u00f5es procedimentais mencionadas no inciso I, do presente artigo, possuem car\u00e1ter normativo no \u00e2mbito da UFSM.<\/p>\r\n<p>\u00a7 2\u00ba Quaisquer modifica\u00e7\u00f5es que venham a ser realizadas nos dispositivos referenciados no inciso I do presente artigo necessitam de aprova\u00e7\u00e3o pelo Conselho de Ensino, Pesquisa e Extens\u00e3o.<\/p>\r\n<p>\u00a7 3\u00ba As informa\u00e7\u00f5es e normas contidas nos incisos II e III, do presente artigo, refletem a estrutura normativa j\u00e1 aprovada pelos Conselhos Superiores e consolidada pela UFSM e n\u00e3o necessitam da aprova\u00e7\u00e3o dos referidos conselhos a cada edi\u00e7\u00e3o do Guia do Estudante, considerando que devem ser sempre atualizadas de acordo com as normas vigentes.<\/p>\r\n\r\n<p>Art. 3\u00ba O Guia do Estudante ter\u00e1 edi\u00e7\u00e3o anual, publicada at\u00e9 o final do m\u00eas de mar\u00e7o de cada ano.<\/p>\r\n<p>Art. 4\u00ba Esta Resolu\u00e7\u00e3o entrar\u00e1 em vigor na data de sua assinatura, revogadas as disposi\u00e7\u00f5es em contr\u00e1rio.<\/p>\r\n\r\n<p>GABINETE DO REITOR DA UNIVERSIDADE FEDERAL DE SANTA MARIA, aos nove dias do m\u00eas de junho do ano dois mil e quinze.<\/p>\r\n<\/div>\r\n<p>Paulo Afonso Burmann,<\/p>\r\n<p>Reitor<\/p>\r\n\r\n<p><font color=\"red0000\">Este texto n\u00e3o substitui o documento original, publicado no Portal de Documentos.<\/font> Dispon\u00edvel em: <a href=\"https:\/\/portal.ufsm.br\/documentos\/publico\/documento.html?id=7012568\"><font color=\"blue\">https:\/\/portal.ufsm.br\/documentos\/publico\/documento.html?id=7012568<\/font><\/a>\r\n\r\n\t\t<\/div>\n\t\t\t\t<\/div>\n\t\t\t\t\t<\/div>\n\t\t<\/div>\n\t\t\t\t\t<\/div>\n\t\t<\/section>\n\t\t\t\t<\/div>\n\t\t","protected":false},"excerpt":{"rendered":"<p>RESOLU\u00c7\u00c3O N. 012\/2015 MINIST\u00c9RIO DA EDUCA\u00c7\u00c3O UNIVERSIDADE FEDERAL DE SANTA MARIA RESOLU\u00c7\u00c3O N. 012\/2015 Disp\u00f5e sobre a institucionaliza\u00e7\u00e3o do Guia do Estudante da UFSM em car\u00e1ter normativo. O REITOR DA UNIVERSIDADE FEDERAL DE SANTA MARIA, no uso de suas atribui\u00e7\u00f5es legais e estatut\u00e1rias e considerando: &#8211; o que estabelece a Lei n\u00ba 9.394, de 20\/12\/1996 [&hellip;]<\/p>\n","protected":false},"author":205,"featured_media":0,"parent":0,"menu_order":0,"comment_status":"closed","ping_status":"closed","template":"","meta":{"footnotes":""},"categories":[],"tags":[],"class_list":["post-2688","page","type-page","status-publish","hentry"],"acf":[],"_links":{"self":[{"href":"https:\/\/www.ufsm.br\/pro-reitorias\/proplan\/wp-json\/wp\/v2\/pages\/2688","targetHints":{"allow":["GET"]}}],"collection":[{"href":"https:\/\/www.ufsm.br\/pro-reitorias\/proplan\/wp-json\/wp\/v2\/pages"}],"about":[{"href":"https:\/\/www.ufsm.br\/pro-reitorias\/proplan\/wp-json\/wp\/v2\/types\/page"}],"author":[{"embeddable":true,"href":"https:\/\/www.ufsm.br\/pro-reitorias\/proplan\/wp-json\/wp\/v2\/users\/205"}],"replies":[{"embeddable":true,"href":"https:\/\/www.ufsm.br\/pro-reitorias\/proplan\/wp-json\/wp\/v2\/comments?post=2688"}],"version-history":[{"count":0,"href":"https:\/\/www.ufsm.br\/pro-reitorias\/proplan\/wp-json\/wp\/v2\/pages\/2688\/revisions"}],"wp:attachment":[{"href":"https:\/\/www.ufsm.br\/pro-reitorias\/proplan\/wp-json\/wp\/v2\/media?parent=2688"}],"wp:term":[{"taxonomy":"category","embeddable":true,"href":"https:\/\/www.ufsm.br\/pro-reitorias\/proplan\/wp-json\/wp\/v2\/categories?post=2688"},{"taxonomy":"post_tag","embeddable":true,"href":"https:\/\/www.ufsm.br\/pro-reitorias\/proplan\/wp-json\/wp\/v2\/tags?post=2688"}],"curies":[{"name":"wp","href":"https:\/\/api.w.org\/{rel}","templated":true}]}}