{"id":2745,"date":"2019-11-25T08:56:37","date_gmt":"2019-11-25T11:56:37","guid":{"rendered":"https:\/\/www.ufsm.br\/pro-reitorias\/proplan\/?page_id=2745"},"modified":"2020-11-30T13:42:41","modified_gmt":"2020-11-30T16:42:41","slug":"resolucao-n-013-2014-anexos","status":"publish","type":"page","link":"https:\/\/www.ufsm.br\/pro-reitorias\/proplan\/resolucao-n-013-2014-anexos","title":{"rendered":"Resolu\u00e7\u00e3o N. 013\/2014 &#8211; Anexos"},"content":{"rendered":"\t\t<div data-elementor-type=\"wp-page\" data-elementor-id=\"2745\" class=\"elementor elementor-2745\">\n\t\t\t\t\t\t<section class=\"elementor-section elementor-top-section elementor-element elementor-element-66111c3 elementor-section-boxed elementor-section-height-default elementor-section-height-default\" data-id=\"66111c3\" data-element_type=\"section\">\n\t\t\t\t\t\t<div class=\"elementor-container elementor-column-gap-default\">\n\t\t\t\t\t<div class=\"elementor-column elementor-col-100 elementor-top-column elementor-element elementor-element-c64b1ac\" data-id=\"c64b1ac\" data-element_type=\"column\">\n\t\t\t<div class=\"elementor-widget-wrap elementor-element-populated\">\n\t\t\t\t\t\t<div class=\"elementor-element elementor-element-9935107 elementor-widget elementor-widget-html\" data-id=\"9935107\" data-element_type=\"widget\" data-widget_type=\"html.default\">\n\t\t\t\t<div class=\"elementor-widget-container\">\n\t\t\t\n\n\n<title><b>RESOLU\u00c7\u00c3O N. 013\/2014 - ANEXOS<\/b><\/title>\n\n\n<div align=\"center\"><img decoding=\"async\" src=\"https:\/\/www.ufsm.br\/pro-reitorias\/proplan\/wp-content\/uploads\/sites\/344\/2019\/09\/brasao-da-republica-do-brasil-logo.png\" alt=\"Bras\u00e3o Rep\u00fablica Federativa do Brasil\" width=\"6%\" height=\"6%\"><\/div>    \n<h1><font color=\"blue\"><font size=\"5\"><div align=\"center\">MINIST\u00c9RIO DA EDUCA\u00c7\u00c3O<\/b><\/font><\/font><\/div><\/H1>\n<p><b><font color=\"0000blue\"><div align=\"center\">UNIVERSIDADE FEDERAL DE SANTA MARIA<\/b><\/font><\/div><\/p>\n\n<p><strike><div align=\"center\"><b><a href=\"https:\/\/portal.ufsm.br\/documentos\/publico\/documento.html?id=12823408\"><font color=\"blue\">RESOLU\u00c7\u00c3O N. 013\/2014 - ANEXOS<\/font><\/a><\/b><\/div><\/p><\/strike>\n<br>\n<p><a href=\"https:\/\/www.ufsm.br\/pro-reitorias\/proplan\/resolucao-n-031-2020\/\" target=\"_blank\"><font color=\"blue\">Revogada pela Resolu\u00e7\u00e3o N. 031\/2020<\/font><\/a><\/p>\n<br><div align=\"justify\">\n\n<p><strike><b><div align=\"center\">ANEXO I<\/b><\/div><\/p>\n<p><b><div align=\"center\">MODELO PARA ELABORA\u00c7\u00c3O DO MEMORIAL<\/b><\/div><\/p>\n<br>\n<p><b>I) MEMORIAL<\/b><\/p>\n<p>\u00c9 um documento que descreve, analisa, quantifica e qualifica os acontecimentos sobre a trajet\u00f3ria no processo acad\u00eamico, profissional e intelectual do candidato a promo\u00e7\u00e3o para o cargo da Classe E \u2014 Professor Titular.<\/p>\n<p>Deve incluir as fases de forma\u00e7\u00e3o acad\u00eamica em gradua\u00e7\u00e3o e p\u00f3s-gradua\u00e7\u00e3o. As experi\u00eancias nas atividades de ensino, pesquisa, extens\u00e3o, gest\u00e3o acad\u00eamica e produ\u00e7\u00e3o profissional que tenham sido relevantes no \u00e2mbito da atividade docente. Este modelo pode ser utilizado como base e referencial para a elabora\u00e7\u00e3o do seu memorial.<\/p>\n\n<p><b>II) ESTRUTURA DO MEMORIAL<\/b><\/p>\n<p>A) Capa<\/p>\n<p>A capa do Memorial deve conter os seguintes elementos de identifica\u00e7\u00e3o do candidato:<\/p>\n<p>a) Nome completo do professor;<\/p>\n<p>b) N\u00famero do SIAPE;<\/p>\n<p>c) Departamento de lota\u00e7\u00e3o;<\/p>\n<p>c) Local, e<\/p>\n<p>d) Data.<\/p>\n\n<p>B) Sum\u00e1rio do memorial<\/p>\n<p>Rela\u00e7\u00e3o das se\u00e7\u00f5es do memorial, na ordem em que aparecem no documento. O sum\u00e1rio deve figurar em folha distinta, logo ap\u00f3s da Capa, contendo os seguintes dados:<\/p>\n<p>a) O indicativo da numera\u00e7\u00e3o da se\u00e7\u00e3o;<\/p>\n<p>b) T\u00edtulo da se\u00e7\u00e3o; e<\/p>\n<p>c) O n\u00famero da p\u00e1gina da se\u00e7\u00e3o.<\/p>\n\n<p>C) Corpo do memorial<\/p>\n<p>O corpo do Memorial \u00e9 apresentado na forma narrativa na primeira pessoa do singular, com a ideia de transformar a trajet\u00f3ria acad\u00eamico-profissional do candidato num relato em que possibilitar\u00e1 a observa\u00e7\u00e3o dos fatos marcantes e m\u00e9ritos, resgatando as a\u00e7\u00f5es exercidas e as finalidades e motivos pelos quais foram desenvolvidas. As seguintes descri\u00e7\u00f5es devem fazer parte do corpo do Memorial:<\/p>\n<p>a) Forma\u00e7\u00e3o, aperfei\u00e7oamento e p\u00f3s-gradua\u00e7\u00e3o;<\/p>\n<p>b) Atividades de ensino e orienta\u00e7\u00e3o, nos n\u00edveis de gradua\u00e7\u00e3o e\/ou mestrado e\/ou doutorado e\/ou p\u00f3s-doutorado;<\/p>\n<p>c) Atividades de produ\u00e7\u00e3o intelectual, demonstradas pela publica\u00e7\u00e3o de artigos em peri\u00f3dicos e\/ou publica\u00e7\u00e3o de livros\/cap\u00edtulos de livros e\/ou publica\u00e7\u00e3o de trabalhos em anais de eventos e\/ou de registros de patentes\/softwares e assemelhados; e\/ou produ\u00e7\u00e3o art\u00edstica, demonstrada tamb\u00e9m publicamente por meios t\u00edpicos e caracter\u00edsticos das \u00e1reas de cinema, m\u00fasica, dan\u00e7a, artes pl\u00e1sticas, fotografia e afins;<\/p>\n<p>d) Atividades de extens\u00e3o, demonstradas pela participa\u00e7\u00e3o e organiza\u00e7\u00e3o de eventos e cursos, pelo envolvimento em formula\u00e7\u00e3o de pol\u00edticas p\u00fablicas, por iniciativas promotoras de inclus\u00e3o social ou pela divulga\u00e7\u00e3o do conhecimento, dentre outras atividades;<\/p>\n<p>e) Coordena\u00e7\u00e3o de projetos de pesquisa, ensino ou extens\u00e3o e lideran\u00e7a de grupos de pesquisa;<\/p>\n<p>f) Coordena\u00e7\u00e3o de cursos ou programas de gradua\u00e7\u00e3o ou p\u00f3s-gradua\u00e7\u00e3o;<\/p>\n<p>g) Participa\u00e7\u00e3o em bancas de concursos, de mestrado ou de doutorado;<\/p>\n<p>h) Organiza\u00e7\u00e3o e\/ou participa\u00e7\u00e3o em eventos de pesquisa, ensino ou extens\u00e3o;<\/p>\n<p>i) Apresenta\u00e7\u00e3o, a convite, de palestras ou cursos em eventos acad\u00eamicos;<\/p>\n<p>j) Recebimento de comendas e premia\u00e7\u00f5es advindas do exerc\u00edcio de atividades acad\u00eamicas;<\/p>\n<p>k) Participa\u00e7\u00e3o em atividades editoriais e\/ou de arbitragem de produ\u00e7\u00e3o intelectual e\/ou art\u00edstica;<\/p>\n<p>l) Assessoria, consultoria ou participa\u00e7\u00e3o em \u00f3rg\u00e3os de fomento \u00e0 pesquisa, ao ensino ou \u00e0 extens\u00e3o; e<\/p>\n<p>m) Exerc\u00edcio de cargos na administra\u00e7\u00e3o central e\/ou colegiados centrais e\/ou de chefia de unidades\/setores e\/ou de representa\u00e7\u00e3o.<\/p>\n<br>\n<br>\n<p><b><div align=\"center\">ANEXO II<\/b><\/div><\/p>\n<p><b><div align=\"center\">ATA DE APRESENTA\u00c7\u00c3O E DEFESA DO MEMORIAL<\/b><\/div><\/p>\n<br>\n<br>\n<p>Aos ........................................... dias do m\u00eas de ...............................do ano de ........ , \u00e0s ........................... horas, no(a) (sala, pr\u00e9dio) ......................................................... , realizou-se a apresenta\u00e7\u00e3o e defesa do memorial do(a) Professor(a) (NOME COMPLETO DO PROFESSOR), SIAPE (n\u00famero do SIAPE) requisito para acesso a classe E \u2014 Professor Titular, da carreira do Magist\u00e9rio Superior do Plano de Carreiras de Cargos de Magist\u00e9rio Federal (PCCMP) <a href=\"http:\/\/www.planalto.gov.br\/ccivil_03\/_ato2011-2014\/2012\/lei\/l12772.htm\" target=\"_blank\"><font color=\"blue\"><u>Lei n\u00ba 12.772 de 28-12\/2012<\/u><\/font><\/a> e <a href=\"http:\/\/www.planalto.gov.br\/ccivil_03\/_ato2011-2014\/2013\/Lei\/L12863.htm\" target=\"_blank\"><font color=\"blue\"><u>Lei n\u00ba 12.863 de 24-9-2013<\/u><\/font><\/a>. A Comiss\u00e3o especial esteve constitu\u00edda pelos professores: (NOME DO PROFESSOR), Presidente, (NOME DO SEGUNDO DA COMISS\u00c3O), (NOME DO TERCEIRO MEMBRO DA COMISS\u00c3O) e (NOME DO QUARTO MEMBRO DA COMISS\u00c3O). Conclu\u00eddos os trabalhos de apresenta\u00e7\u00e3o e defesa, o(a) professor(a) foi (APROVADO OU REPROVADO) pela Comiss\u00e3o Especial. E, para constar, foi lavrada a presente ata, que vai assinada pelos membros da Comiss\u00e3o.<\/p>\n<br>\n<br>\n<p><div align=\"center\">.....................................................................................................<\/div><\/p>\n<p><div align=\"center\">Nome do Professor<\/div><\/p>\n<p><div align=\"center\">Presidente<\/div><\/p>\n<br>\n<br>\n<p><div align=\"center\">.....................................................................................................<\/div><\/p>\n<p><div align=\"center\">Nome do Professor<\/div><\/p>\n<p><div align=\"center\">Segundo membro da comiss\u00e3o especial<\/div><\/p>\n<br>\n<br>\n<p><div align=\"center\">....................................................................................................<\/div><\/p>\n<p><div align=\"center\">Nome do Professor<\/div><\/p>\n<p><div align=\"center\">Terceiro membro da comiss\u00e3o especial<\/div><\/p>\n<br>\n<br>\n<p><div align=\"center\">......................................................................................................<\/div><\/p>\n<p><div align=\"center\">Nome do Professor<\/div><\/p>\n<p><div align=\"center\">Quarto membro da comiss\u00e3o especial<\/div><\/p>\n<br>\n<br>\n<p><b><div align=\"center\">ANEXO III<\/b><\/div><\/p>\n<p><b><div align=\"center\">ATA DE APRESENTA\u00c7\u00c3O E DEFESA DE TESE ACAD\u00caMICA<\/b><\/div><\/p>\n<br>\n<br>\n<p>Aos ........................................ dias do m\u00eas de ................................. do ano de ......... , \u00e0s ........................ horas no(a) (sala,  pr\u00e9dio) ............................................................. , realizou-se a apresenta\u00e7\u00e3o e  defesa  da  tese  acad\u00eamica  com  o  t\u00edtulo:......................................................................................................................................................................................................................................................................................................................................................................................................................., do (a) Professor(a) (NOME COMPLETO DO PROFESSOR), SIAPE (n\u00famero do SIAPE) requisito para acesso a classe E \u2014  Professor Titular, da carreira do Magist\u00e9rio Superior do Plano de Carreiras de Cargos de Magist\u00e9rio Federal (PCCMF) <a href=\"http:\/\/www.planalto.gov.br\/ccivil_03\/_ato2011-2014\/2012\/lei\/l12772.htm\" target=\"_blank\"><font color=\"blue\"><u>Lei n\u00ba 12.772 de 28-12\/2012<\/u><\/font><\/a> e <a href=\"http:\/\/www.planalto.gov.br\/ccivil_03\/_ato2011-2014\/2013\/Lei\/L12863.htm\" target=\"_blank\"><font color=\"blue\"><u>Lei n\u00ba 12.863 de 24-9-2013<\/u><\/font><\/a>. A Comiss\u00e3o especial esteve constitu\u00edda pelos professores: (NOME DO PROFESSOR), Presidente, (NOME DO SEGUNDO DA COMISS\u00c3O), (NOME DO TERCEIRO MEMBRO DA COMISS\u00c3O) e (NOME DO QUARTO MEMBRO DA COMISS\u00c3O). Conclu\u00eddos os trabalhos de apresenta\u00e7\u00e3o e defesa, o(a) professor(a) foi APROVADO OU REPROVADO) pela Comiss\u00e3o Especial. E, para constar, foi lavrada a presente ata, que vai assinada pelos membros da Comiss\u00e3o.<\/p>\n<br>\n<br>\n<p><div align=\"center\">................................................................................................................<\/div><\/p>\n<p><div align=\"center\">Nome do Professor<\/div><\/p>\n<p><div align=\"center\">Presidente<\/div><\/p>\n<br>\n<br>\n<p><div align=\"center\">.................................................................................................................<\/div><\/p>\n<p><div align=\"center\">Nome do Professor<\/div><\/p>\n<p><div align=\"center\">Segundo membro da comiss\u00e3o especial<\/div><\/p>\n<br>\n<br>\n<p><div align=\"center\">....................................................................................................................<\/div><\/p>\n<p><div align=\"center\">Nome do Professor<\/div><\/p>\n<p><div align=\"center\">Terceiro membro da comiss\u00e3o especial<\/div><\/p>\n<br>\n<br>\n<p><div align=\"center\">....................................................................................................................<\/div><\/p>\n<p><div align=\"center\">Nome do Professor<\/div><\/p>\n<p><div align=\"center\">Quarto membro da comiss\u00e3o especial<\/p>\n\n<\/div>\n<p><font color=\"red0000\">Este texto n\u00e3o substitui o documento original, publicado no Portal de Documentos.<\/font> Dispon\u00edvel em: <a href=\"https:\/\/portal.ufsm.br\/documentos\/publico\/documento.html?id=12823408\"><font color=\"blue\">https:\/\/portal.ufsm.br\/documentos\/publico\/documento.html?id=12823408<\/font><\/a><\/strike>\n\n\n\t\t<\/div>\n\t\t\t\t<\/div>\n\t\t\t\t\t<\/div>\n\t\t<\/div>\n\t\t\t\t\t<\/div>\n\t\t<\/section>\n\t\t\t\t<\/div>\n\t\t","protected":false},"excerpt":{"rendered":"<p>RESOLU\u00c7\u00c3O N. 013\/2014 &#8211; ANEXOS MINIST\u00c9RIO DA EDUCA\u00c7\u00c3O UNIVERSIDADE FEDERAL DE SANTA MARIA RESOLU\u00c7\u00c3O N. 013\/2014 &#8211; ANEXOS Revogada pela Resolu\u00e7\u00e3o N. 031\/2020 ANEXO I MODELO PARA ELABORA\u00c7\u00c3O DO MEMORIAL I) MEMORIAL \u00c9 um documento que descreve, analisa, quantifica e qualifica os acontecimentos sobre a trajet\u00f3ria no processo acad\u00eamico, profissional e intelectual do candidato a [&hellip;]<\/p>\n","protected":false},"author":205,"featured_media":0,"parent":0,"menu_order":0,"comment_status":"closed","ping_status":"closed","template":"","meta":{"footnotes":""},"categories":[],"tags":[],"class_list":["post-2745","page","type-page","status-publish","hentry"],"acf":[],"_links":{"self":[{"href":"https:\/\/www.ufsm.br\/pro-reitorias\/proplan\/wp-json\/wp\/v2\/pages\/2745","targetHints":{"allow":["GET"]}}],"collection":[{"href":"https:\/\/www.ufsm.br\/pro-reitorias\/proplan\/wp-json\/wp\/v2\/pages"}],"about":[{"href":"https:\/\/www.ufsm.br\/pro-reitorias\/proplan\/wp-json\/wp\/v2\/types\/page"}],"author":[{"embeddable":true,"href":"https:\/\/www.ufsm.br\/pro-reitorias\/proplan\/wp-json\/wp\/v2\/users\/205"}],"replies":[{"embeddable":true,"href":"https:\/\/www.ufsm.br\/pro-reitorias\/proplan\/wp-json\/wp\/v2\/comments?post=2745"}],"version-history":[{"count":0,"href":"https:\/\/www.ufsm.br\/pro-reitorias\/proplan\/wp-json\/wp\/v2\/pages\/2745\/revisions"}],"wp:attachment":[{"href":"https:\/\/www.ufsm.br\/pro-reitorias\/proplan\/wp-json\/wp\/v2\/media?parent=2745"}],"wp:term":[{"taxonomy":"category","embeddable":true,"href":"https:\/\/www.ufsm.br\/pro-reitorias\/proplan\/wp-json\/wp\/v2\/categories?post=2745"},{"taxonomy":"post_tag","embeddable":true,"href":"https:\/\/www.ufsm.br\/pro-reitorias\/proplan\/wp-json\/wp\/v2\/tags?post=2745"}],"curies":[{"name":"wp","href":"https:\/\/api.w.org\/{rel}","templated":true}]}}