{"id":2750,"date":"2019-11-25T13:25:53","date_gmt":"2019-11-25T16:25:53","guid":{"rendered":"https:\/\/www.ufsm.br\/pro-reitorias\/proplan\/?page_id=2750"},"modified":"2020-05-18T09:05:04","modified_gmt":"2020-05-18T12:05:04","slug":"resolucao-n-019-2014","status":"publish","type":"page","link":"https:\/\/www.ufsm.br\/pro-reitorias\/proplan\/resolucao-n-019-2014","title":{"rendered":"Resolu\u00e7\u00e3o N. 019\/2014"},"content":{"rendered":"\t\t<div data-elementor-type=\"wp-page\" data-elementor-id=\"2750\" class=\"elementor elementor-2750\">\n\t\t\t\t\t\t<section class=\"elementor-section elementor-top-section elementor-element elementor-element-040d2ba elementor-section-boxed elementor-section-height-default elementor-section-height-default\" data-id=\"040d2ba\" data-element_type=\"section\">\n\t\t\t\t\t\t<div class=\"elementor-container elementor-column-gap-default\">\n\t\t\t\t\t<div class=\"elementor-column elementor-col-100 elementor-top-column elementor-element elementor-element-8d4b72c\" data-id=\"8d4b72c\" data-element_type=\"column\">\n\t\t\t<div class=\"elementor-widget-wrap elementor-element-populated\">\n\t\t\t\t\t\t<div class=\"elementor-element elementor-element-18eb7d2 elementor-widget elementor-widget-html\" data-id=\"18eb7d2\" data-element_type=\"widget\" data-widget_type=\"html.default\">\n\t\t\t\t<div class=\"elementor-widget-container\">\n\t\t\t\r\n\r\n\r\n<title><b>RESOLU\u00c7\u00c3O N. 019\/2014<\/b><\/title>\r\n\r\n\r\n<div align=\"center\"><img decoding=\"async\" src=\"https:\/\/www.ufsm.br\/pro-reitorias\/proplan\/wp-content\/uploads\/sites\/344\/2019\/09\/brasao-da-republica-do-brasil-logo.png\" alt=\"Bras\u00e3o Rep\u00fablica Federativa do Brasil\" width=\"6%\" height=\"6%\"><\/div>    \r\n<h1><font color=\"blue\"><font size=\"5\"><div align=\"center\">MINIST\u00c9RIO DA EDUCA\u00c7\u00c3O<\/b><\/font><\/font><\/div><\/H1>\r\n<p><b><font color=\"0000blue\"><div align=\"center\">UNIVERSIDADE FEDERAL DE SANTA MARIA<\/b><\/font><\/div><\/p>\r\n\r\n<p><div align=\"center\"><b><a href=\"https:\/\/portal.ufsm.br\/documentos\/publico\/documento.html?id=6592959\"><font color=\"blue\">RESOLU\u00c7\u00c3O N. 019\/2014<\/font><\/a><\/b><\/div><\/p>\r\n<br>\r\n<p><div align=\"right\"><font color=\"800000\">Institui o Boletim de Conv\u00eanios, no \u00e2mbito da Universidade Federal de Santa Maria.<\/font><\/div><\/p>\r\n<br><div align=\"justify\">\r\n<p>O REITOR DA UNIVERSIDADE FEDERAL DE SANTA MARIA, no uso de suas atribui\u00e7\u00f5es legais e estatut\u00e1rias e considerando:<\/p>\r\n<p>- a necessidade da cria\u00e7\u00e3o de um instrumento atrav\u00e9s do qual se dar\u00e1 publicidade aos conv\u00eanios e cong\u00eaneres, bem como seus respectivos termos aditivos celebrados pela Universidade Federal de Santa Maria;<\/p>\r\n<p>- a <a href=\"http:\/\/www.planalto.gov.br\/ccivil_03\/_ato2011-2014\/2011\/lei\/l12527.htm\" target=\"_blank\"><font color=\"blue\"><u>Lei N. 12.527, de 18 de novembro de 2011<\/u><\/font><\/a>, denominada Lei de Acesso \u00e0 Informa\u00e7\u00e3o, que regula o acesso \u00e0 informa\u00e7\u00e3o previsto no inciso XXXIII do art. 5\u00ba, do \u00a7 3\u00ba do art. 37 e no \u00a72\u00ba do art. 216 da <a href=\"\t\" target=\"_blank\"><font color=\"blue\"><u>Constitui\u00e7\u00e3o<\/u><\/font><\/a>;<\/p>\r\n<p>- o Cap\u00edtulo IV da <a href=\"http:\/\/plataformamaisbrasil.gov.br\/legislacao\/portarias\/portaria-interministerial-n-507-de-24-de-novembro-de-2011\" target=\"_blank\"><font color=\"blue\"><u>Portaria Interministerial CGU\/MF\/MP 507\/2011 denominado \u201cDa Publicidade\u201d<\/u><\/font><\/a>;<\/p>\r\n<p>- o inciso II, do par\u00e1grafo \u00fanico, do art. 48 da <a href=\"http:\/\/www.planalto.gov.br\/ccivil_03\/leis\/lcp\/lcp101.htm\" target=\"_blank\"><font color=\"blue\"><u>Lei Complementar N. 101 de 4 de maio de 2000, denominada Lei de Responsabilidade Fiscal<\/u><\/font><\/a>;<\/p>\r\n<p>- O Parecer n. 122\/2014 da Comiss\u00e3o de Legisla\u00e7\u00e3o e Regimentos (CLR), aprovado na 764\u00aa Sess\u00e3o do Conselho Universit\u00e1rio, de 29\/08\/2014, referente ao Processo n. <a href=\"https:\/\/portal.ufsm.br\/documentos\/publico\/processo\/documento.html?idDocumento=6514466\" target=\"_blank\"><font color=\"blue\"><u>23081.011963\/2014-95<\/u><\/font><\/a>.<\/p>\r\n<br>\r\n<p><b><div align=\"center\">RESOLVE:<\/b><\/div><\/p>\r\n<br>\r\n<p>Art. 1\u00ba  Instituir o Boletim de Conv\u00eanios da Universidade Federal de Santa Maria.<\/p>\r\n<p>Art. 2\u00ba O boletim ser\u00e1 publicado com periodicidade de quinze dias, atendendo assim o prazo de publica\u00e7\u00e3o dos termos, que devem ser realizados em at\u00e9 vinte dias ap\u00f3s a sua celebra\u00e7\u00e3o.<\/p>\r\n<p>Par\u00e1grafo \u00fanico. Os termos celebrados nos conv\u00eanios passam a viger imediatamente ap\u00f3s a publica\u00e7\u00e3o dos atos.<\/p>\r\n<p>Art. 3\u00ba responsabilidade pela publica\u00e7\u00e3o do boletim fica a cargo da Coordenadoria de Projetos e Conv\u00eanios da Pr\u00f3-Reitoria de Planejamento, nos termos dessa resolu\u00e7\u00e3o.<\/p>\r\n<p>Art. 4\u00ba O boletim ser\u00e1 publicado em formato digital, na p\u00e1gina da Coordenadoria de Projetos e Conv\u00eanios da Pr\u00f3-Reitoria de Planejamento.<\/p>\r\n<p>Art. 5\u00ba Esta resolu\u00e7\u00e3o entra em vigor na data de sua assinatura, ficando revogadas as disposi\u00e7\u00f5es em contr\u00e1rio.<\/p>\r\n\r\n<p>GABINETE DO REITOR DA UNIVERSIDADE FEDERAL DE SANTA MARIA, aaos onze dias do m\u00eas de setembro do ano dois mil e quatorze.<\/p>\r\n<\/div>\r\n<p>Paulo Afonso Burmann,<\/p>\r\n<p>Reitor<\/p>\r\n<br>\r\n<p><font color=\"red0000\">Este texto n\u00e3o substitui o documento original, publicado no Portal de Documentos.<\/font> Dispon\u00edvel em: <a href=\"https:\/\/portal.ufsm.br\/documentos\/publico\/documento.html?id=6592959\"><font color=\"blue\">https:\/\/portal.ufsm.br\/documentos\/publico\/documento.html?id=6592959<\/font><\/a>\r\n\r\n\t\t<\/div>\n\t\t\t\t<\/div>\n\t\t\t\t\t<\/div>\n\t\t<\/div>\n\t\t\t\t\t<\/div>\n\t\t<\/section>\n\t\t\t\t<\/div>\n\t\t","protected":false},"excerpt":{"rendered":"<p>RESOLU\u00c7\u00c3O N. 019\/2014 MINIST\u00c9RIO DA EDUCA\u00c7\u00c3O UNIVERSIDADE FEDERAL DE SANTA MARIA RESOLU\u00c7\u00c3O N. 019\/2014 Institui o Boletim de Conv\u00eanios, no \u00e2mbito da Universidade Federal de Santa Maria. O REITOR DA UNIVERSIDADE FEDERAL DE SANTA MARIA, no uso de suas atribui\u00e7\u00f5es legais e estatut\u00e1rias e considerando: &#8211; a necessidade da cria\u00e7\u00e3o de um instrumento atrav\u00e9s do [&hellip;]<\/p>\n","protected":false},"author":205,"featured_media":0,"parent":0,"menu_order":0,"comment_status":"closed","ping_status":"closed","template":"","meta":{"footnotes":""},"categories":[],"tags":[],"class_list":["post-2750","page","type-page","status-publish","hentry"],"acf":[],"_links":{"self":[{"href":"https:\/\/www.ufsm.br\/pro-reitorias\/proplan\/wp-json\/wp\/v2\/pages\/2750","targetHints":{"allow":["GET"]}}],"collection":[{"href":"https:\/\/www.ufsm.br\/pro-reitorias\/proplan\/wp-json\/wp\/v2\/pages"}],"about":[{"href":"https:\/\/www.ufsm.br\/pro-reitorias\/proplan\/wp-json\/wp\/v2\/types\/page"}],"author":[{"embeddable":true,"href":"https:\/\/www.ufsm.br\/pro-reitorias\/proplan\/wp-json\/wp\/v2\/users\/205"}],"replies":[{"embeddable":true,"href":"https:\/\/www.ufsm.br\/pro-reitorias\/proplan\/wp-json\/wp\/v2\/comments?post=2750"}],"version-history":[{"count":0,"href":"https:\/\/www.ufsm.br\/pro-reitorias\/proplan\/wp-json\/wp\/v2\/pages\/2750\/revisions"}],"wp:attachment":[{"href":"https:\/\/www.ufsm.br\/pro-reitorias\/proplan\/wp-json\/wp\/v2\/media?parent=2750"}],"wp:term":[{"taxonomy":"category","embeddable":true,"href":"https:\/\/www.ufsm.br\/pro-reitorias\/proplan\/wp-json\/wp\/v2\/categories?post=2750"},{"taxonomy":"post_tag","embeddable":true,"href":"https:\/\/www.ufsm.br\/pro-reitorias\/proplan\/wp-json\/wp\/v2\/tags?post=2750"}],"curies":[{"name":"wp","href":"https:\/\/api.w.org\/{rel}","templated":true}]}}