{"id":2755,"date":"2019-11-25T13:31:34","date_gmt":"2019-11-25T16:31:34","guid":{"rendered":"https:\/\/www.ufsm.br\/pro-reitorias\/proplan\/?page_id=2755"},"modified":"2024-01-02T11:05:25","modified_gmt":"2024-01-02T14:05:25","slug":"resolucao-n-023-2014","status":"publish","type":"page","link":"https:\/\/www.ufsm.br\/pro-reitorias\/proplan\/resolucao-n-023-2014","title":{"rendered":"Resolu\u00e7\u00e3o N. 023\/2014"},"content":{"rendered":"\t\t<div data-elementor-type=\"wp-page\" data-elementor-id=\"2755\" class=\"elementor elementor-2755\">\n\t\t\t\t\t\t<section class=\"elementor-section elementor-top-section elementor-element elementor-element-5f70bfe elementor-section-boxed elementor-section-height-default elementor-section-height-default\" data-id=\"5f70bfe\" data-element_type=\"section\">\n\t\t\t\t\t\t<div class=\"elementor-container elementor-column-gap-default\">\n\t\t\t\t\t<div class=\"elementor-column elementor-col-100 elementor-top-column elementor-element elementor-element-0444100\" data-id=\"0444100\" data-element_type=\"column\">\n\t\t\t<div class=\"elementor-widget-wrap elementor-element-populated\">\n\t\t\t\t\t\t<div class=\"elementor-element elementor-element-78f69a4 elementor-widget elementor-widget-html\" data-id=\"78f69a4\" data-element_type=\"widget\" data-widget_type=\"html.default\">\n\t\t\t\t<div class=\"elementor-widget-container\">\n\t\t\t\r\n\r\n\r\n<title><b>RESOLU\u00c7\u00c3O N. 023\/2014<\/b><\/title>\r\n\r\n\r\n<div align=\"center\"><img decoding=\"async\" src=\"https:\/\/www.ufsm.br\/pro-reitorias\/proplan\/wp-content\/uploads\/sites\/344\/2019\/09\/brasao-da-republica-do-brasil-logo.png\" alt=\"Bras\u00e3o Rep\u00fablica Federativa do Brasil\" width=\"6%\" height=\"6%\"><\/div>    \r\n<h1><font color=\"blue\"><font size=\"5\"><div align=\"center\">MINIST\u00c9RIO DA EDUCA\u00c7\u00c3O<\/b><\/font><\/font><\/div><\/H1>\r\n<p><b><font color=\"0000blue\"><div align=\"center\">UNIVERSIDADE FEDERAL DE SANTA MARIA<\/b><\/font><\/div><\/p>\r\n\r\n<p><div align=\"center\"><b><a href=\"https:\/\/portal.ufsm.br\/documentos\/publico\/documento.html?id=6660570\"><font color=\"blue\">RESOLU\u00c7\u00c3O N. 023\/2014<\/font><\/a><\/b><\/div><\/p>\r\n<br>\r\n<p><div align=\"right\"><font color=\"800000\">Institui o Programa de Moradia Estudantil, no \u00e2mbito da Universidade Federal de Santa Maria, aos alunos da p\u00f3s-gradua\u00e7\u00e3o e revoga a Resolu\u00e7\u00e3o n. 006\/08.<\/font><\/div><\/p>\r\n<br><div align=\"justify\">\r\n<br>\r\n<p><a href=\"https:\/\/www.ufsm.br\/pro-reitorias\/proplan\/resolucao-ufsm-n-149-2023\"><font color=\"blue\">Alterada pela Resolu\u00e7\u00e3o UFSM N. 149\/2023<\/font><\/a><\/p>\r\n<br>\r\n<p>O REITOR DA UNIVERSIDADE FEDERAL DE SANTA MARIA, no uso de suas atribui\u00e7\u00f5es legais e estatut\u00e1rias e considerando:<\/p>\r\n<p>- a necessidade de disciplinar a concess\u00e3o de benef\u00edcio da Moradia Estudantil da p\u00f3s-gradua\u00e7\u00e3o no \u00e2mbito da Universidade Federal de Santa Maria;<\/p>\r\n<p>- que a moradia estudantil se insere em uma proposta de assist\u00eancia socioecon\u00f4mico-pedag\u00f3gica, visando prioritariamente estudantes brasileiros, de ambos os sexos, vinculados \u00e0 Universidade Federal de Santa Maria, contribuindo para a forma\u00e7\u00e3o integral desses estudantes;<\/p>\r\n<p>- a <a href=\"http:\/\/www.planalto.gov.br\/ccivil_03\/_ato2011-2014\/2011\/lei\/l12527.htm\" target=\"_blank\"><font color=\"blue\"><u>Lei N\u00ba 12.527 de 18 de novembro de 2011<\/u><\/font><\/a>, que regula o acesso a informa\u00e7\u00f5es previsto na <a href=\"http:\/\/www.planalto.gov.br\/ccivil_03\/constituicao\/constituicao.htm\" target=\"_blank\"><font color=\"blue\"><u>Constitui\u00e7\u00e3o Federal<\/u><\/font><\/a>;<\/p>\r\n<p>- a <a href=\"https:\/\/www.ufsm.br\/pro-reitorias\/proplan\/resolucao-n-016-1996\/\" target=\"_blank\"><font color=\"blue\"><u>Resolu\u00e7\u00e3o N. 016\/96<\/u><\/font><\/a>, que disp\u00f5e sobre normas e procedimentos administrativos relativos ao controle patrimonial da UFSM;<\/p>\r\n<p>- o Parecer de Vista, aprovado na 765\u00aa sess\u00e3o do Conselho Universit\u00e1rio, de 26 de setembro de 2014, referente ao Processo n. <a href=\"https:\/\/portal.ufsm.br\/documentos\/publico\/processo\/documento.html?idDocumento=6517684\" target=\"_blank\"><font color=\"blue\"><u>23081.012095\/2014-61<\/u><\/font><\/a>.<\/p>\r\n<br>\r\n<p>RESOLVE:<\/p>\r\n<br>\r\n<p>\r\n<p>Art. 1\u00ba Instituir o Programa Gratuito de Moradia Estudantil para alunos de p\u00f3s-gradua\u00e7\u00e3o da Universidade Federal de Santa Maria.<\/p>\r\n<p>Art. 2\u00ba O Programa destina-se exclusivamente \u00e0 moradia de estudantes de p\u00f3s-gradua\u00e7\u00e3o da Universidade Federal de Santa Maria que atendam \u00e0s exig\u00eancias desta resolu\u00e7\u00e3o.<\/p>\r\n<p>Art. 3\u00ba Compete \u00e0 Universidade Federal de Santa Maria assegurar aos alunos que residem nas moradias estudantis condi\u00e7\u00f5es adequadas de infraestrutura, capazes de suprir as necessidades que os alunos possuem em seus aspectos psicopedag\u00f3gicos, assim como as que o meio acad\u00eamico lhes exigir.<\/p>\r\n<p>Par\u00e1grafo \u00fanico. As condi\u00e7\u00f5es adequadas de infraestrutura ser\u00e3o mantidas observando-se o equil\u00edbrio or\u00e7ament\u00e1rio e limites institucionais previstos no art. 5\u00ba desta resolu\u00e7\u00e3o.<\/p>\r\n\r\n<p><strike>Art. 4\u00ba A coordena\u00e7\u00e3o do programa ficar\u00e1 a cargo de um Conselho de Administra\u00e7\u00e3o que ter\u00e1 a seguinte composi\u00e7\u00e3o:<\/p>\r\n<p>I - tr\u00eas membros da Pr\u00f3-Reitoria de Assuntos Estudantis; e<\/p>\r\n<p>II - tr\u00eas moradores indicados pela Moradia da P\u00f3s-Gradua\u00e7\u00e3o.<\/p>\r\n<p>\u00a7 1\u00ba A escolha desses membros ser\u00e1 feita pelos seus pares.<\/p>\r\n<p>\u00a7 2\u00ba A Pr\u00f3-Reitoria de Assuntos Estudantis presidir\u00e1 o Conselho de Administra\u00e7\u00e3o.<\/p>\r\n<p>\u00a7 3\u00ba O Conselho de Administra\u00e7\u00e3o reunir-se-\u00e1 ordinariamente com frequ\u00eancia m\u00ednima de noventa dias.<\/p>\r\n<p>\u00a7 4\u00ba Reuni\u00f5es extraordin\u00e1rias deste Conselho ser\u00e3o realizadas sempre que necess\u00e1rio, convocadas pela presid\u00eancia ou por dois ter\u00e7os de seus membros.<\/strike> <a href=\"https:\/\/www.ufsm.br\/pro-reitorias\/proplan\/resolucao-ufsm-n-149-2023\" target=\"_blank\"><font color=\"blue\"><u> (Reda\u00e7\u00e3o alterada pela Resolu\u00e7\u00e3o UFSM N.149\/2023)<\/u><\/font><\/a><\/p>\r\n\r\n<p>Art. 4\u00ba A gest\u00e3o do Programa de Moradia Estudantil da P\u00f3s-Gradua\u00e7\u00e3o ser\u00e1 realizada pela PRAE com apoio \r\nconsultivo do Conselho do Programa de Moradia Estudantil da P\u00f3s-Gradua\u00e7\u00e3o (CPMPG-PRAE), nos termos \r\nda Resolu\u00e7\u00e3o UFSM n\u00b0 149\/2023. <a href=\"https:\/\/www.ufsm.br\/pro-reitorias\/proplan\/resolucao-ufsm-n-149-2023\" target=\"_blank\"><font color=\"blue\"><u>(Reda\u00e7\u00e3o dada pela Resolu\u00e7\u00e3o UFSM N.149\/2023)<\/u><\/font><\/a><\/p> \r\n\r\n<p>Art. 5\u00ba A sele\u00e7\u00e3o de estudantes para residir nas moradias estudantis ser\u00e1 realizada por meio de edital, que dever\u00e1 especificar o n\u00famero de vagas dispon\u00edveis e os crit\u00e9rios de sele\u00e7\u00e3o.<\/p>\r\n<p>\u00a7 1\u00ba A elabora\u00e7\u00e3o e publica\u00e7\u00e3o do edital ser\u00e1 de responsabilidade da coordena\u00e7\u00e3o do programa.<\/p>\r\n<p>\u00a7 2\u00ba O edital dever\u00e1 ser publicado no m\u00e1ximo trinta dias ap\u00f3s o in\u00edcio de cada semestre letivo.<\/p>\r\n<p>\u00a7 3\u00ba Os estudantes que tiverem o benef\u00edcio aprovado ter\u00e3o at\u00e9 trinta dias ap\u00f3s a publica\u00e7\u00e3o da lista de aprovados para assinar Termo de Responsabilidade Patrimonial junto \u00e0 PRAE.<\/p>\r\n\r\n<p>Art. 6\u00ba O programa ser\u00e1 custeado pelos seguintes recursos:<\/p>\r\n<p>\u00a7 1\u00ba Recursos financeiros do Tesouro alocados de acordo com as normas para Distribui\u00e7\u00e3o de Recursos de Outros Custeios e Capital \u2013 OCC.<\/p>\r\n<p>\u00a7 2\u00ba Dota\u00e7\u00f5es espec\u00edficas inclu\u00eddas no Or\u00e7amento da Uni\u00e3o.<\/p>\r\n<p>\u00a7 3\u00ba Receita diretamente arrecadada, inclu\u00edda no Or\u00e7amento Interno da UFSM.<\/p>\r\n\r\n<p>Art. 7\u00ba Para a admiss\u00e3o e perman\u00eancia na moradia estudantil, ser\u00e3o observados os seguintes crit\u00e9rios:<\/p>\r\n<p>I - ser estudante, com matr\u00edcula e frequ\u00eancia regular em curso presenciais de p\u00f3s-gradua\u00e7\u00e3o da UFSM;<\/p>\r\n<p>II - o grupo familiar n\u00e3o residir e n\u00e3o possuir im\u00f3vel residencial na sede do munic\u00edpio do campus onde se localiza a moradia pretendida ou em distritos que possuam transporte coletivo regular para a sede do munic\u00edpio;<\/p>\r\n<p>III - residir em munic\u00edpios com dist\u00e2ncia superior a 20 km da sede do campus;<\/p>\r\n<p>IV - possuir Benef\u00edcio Socioecon\u00f4mico aprovado pela Pr\u00f3-Reitoria de Assuntos Estudantis.<\/p>\r\n<p>\u00a7 1\u00ba Em caso de excesso de candidatos no ingresso em rela\u00e7\u00e3o ao n\u00famero de vagas, ser\u00e1 dada prioridade aos alunos que apresentarem maior vulnerabilidade social.<\/p>\r\n<p><strike>\u00a7 2\u00ba \u00c9 de responsabilidade da Pr\u00f3-Reitoria de Assuntos Estudantis, juntamente com a Dire\u00e7\u00e3o da Moradia Estudantil da P\u00f3s-Gradua\u00e7\u00e3o, a realiza\u00e7\u00e3o de vistoria antes e depois da ocupa\u00e7\u00e3o do im\u00f3vel.<\/strike> <a href=\"https:\/\/www.ufsm.br\/pro-reitorias\/proplan\/resolucao-ufsm-n-149-2023\" target=\"_blank\"><font color=\"blue\"><u> (Reda\u00e7\u00e3o alterada pela Resolu\u00e7\u00e3o UFSM N.149\/2023)<\/u><\/font><\/a><\/p>\r\n<p>\u00a72\u00ba \u00c9 de responsabilidade da Pr\u00f3-Reitoria de Assuntos Estudantis a realiza\u00e7\u00e3o de vistoria antes e depois \r\nda ocupa\u00e7\u00e3o do im\u00f3vel. <a href=\"https:\/\/www.ufsm.br\/pro-reitorias\/proplan\/resolucao-ufsm-n-149-2023\" target=\"_blank\"><font color=\"blue\"><u>(Reda\u00e7\u00e3o dada pela Resolu\u00e7\u00e3o UFSM N.149\/2023)<\/u><\/font><\/a><\/p>    \r\n<p>\u00a7 3\u00ba Enquanto o estudante possuir benef\u00edcio provis\u00f3rio, ter\u00e1 direito de acessar a moradia provis\u00f3ria \u2013 Uni\u00e3o Universit\u00e1ria, e demais espa\u00e7os que a comp\u00f5e.<\/p>\r\n\r\n<p><strike>Art. 8\u00ba Compete \u00e0 Pr\u00f3-Reitoria de Assuntos Estudantis manter registro atualizado dos residentes das moradias, bem como acompanhar e orientar, juntamente com as dire\u00e7\u00f5es das moradias, o ingresso e a perman\u00eancia dos estudantes nas moradias estudantis para estudantes de p\u00f3s-gradua\u00e7\u00e3o.<\/strike> <a href=\"https:\/\/www.ufsm.br\/pro-reitorias\/proplan\/resolucao-ufsm-n-149-2023\" target=\"_blank\"><font color=\"blue\"><u> (Reda\u00e7\u00e3o alterada pela Resolu\u00e7\u00e3o UFSM N.149\/2023)<\/u><\/font><\/a><\/p>\r\n<p> Art. 8\u00ba Compete \u00e0 Pr\u00f3-Reitoria de Assuntos Estudantis manter registro atualizado dos residentes das \r\nmoradias, bem como acompanhar e orientar o ingresso e a perman\u00eancia dos estudantes nas moradias \r\nestudantis para estudantes de p\u00f3s-gradua\u00e7\u00e3o. <a href=\"https:\/\/www.ufsm.br\/pro-reitorias\/proplan\/resolucao-ufsm-n-149-2023\" target=\"_blank\"><font color=\"blue\"><u>(Reda\u00e7\u00e3o dada pela Resolu\u00e7\u00e3o UFSM N.149\/2023)<\/u><\/font><\/a><\/p> \r\n<p>\u00a7 1\u00ba O registro a que se refere o caput ser\u00e1 realizado por  meio  de  sistema eletr\u00f4nico, onde dever\u00e1 constar, no m\u00ednimo, nome, matr\u00edcula, curso, bloco, apartamento e n\u00famero do termo de responsabilidade patrimonial.<\/p>\r\n<p>\u00a7 2\u00ba At\u00e9 trinta dias ap\u00f3s o in\u00edcio das aulas de cada semestre, as dire\u00e7\u00f5es das moradias estudantis de p\u00f3s-gradua\u00e7\u00e3o informar\u00e3o ao Conselho de Moradia o n\u00famero de vagas dispon\u00edveis nas moradias, para que a Pr\u00f3-Reitoria de Assuntos Estudantis possa fazer cumprir o art. 7\u00ba desta resolu\u00e7\u00e3o.<\/p>\r\n<p>\u00a7 3\u00ba No caso de n\u00e3o cumprimento dessa determina\u00e7\u00e3o, a Pr\u00f3-Reitoria de Assuntos Estudantis tomar\u00e1 para si a execu\u00e7\u00e3o do processo de cadastramento e elabora\u00e7\u00e3o das listas de moradores das moradias.<\/p>\r\n<p><strike>\u00a7 4\u00ba No in\u00edcio de cada semestre, todo morador dever\u00e1 fazer a confirma\u00e7\u00e3o de vaga junto \u00e0 dire\u00e7\u00e3o da respectiva CEU, mediante assinatura de termo de ocupa\u00e7\u00e3o de vaga, o qual dever\u00e1 ser entregue \u00e0 Pr\u00f3-Reitoria de Assuntos Estudantis.<\/strike><a href=\"https:\/\/www.ufsm.br\/pro-reitorias\/proplan\/resolucao-ufsm-n-149-2023\" target=\"_blank\"><font color=\"blue\"><u> (Reda\u00e7\u00e3o alterada pela Resolu\u00e7\u00e3o UFSM N.149\/2023)<\/u><\/font><\/a><\/p>\r\n<p>\u00a74\u00ba No in\u00edcio de cada semestre, todo(a) morador(a) dever\u00e1 fazer a confirma\u00e7\u00e3o de vaga junto \u00e0 PRAE, \r\nmediante assinatura de termo de ocupa\u00e7\u00e3o de vaga. <a href=\"https:\/\/www.ufsm.br\/pro-reitorias\/proplan\/resolucao-ufsm-n-149-2023\" target=\"_blank\"><font color=\"blue\"><u>(Reda\u00e7\u00e3o dada pela Resolu\u00e7\u00e3o UFSM N.149\/2023)<\/u><\/font><\/a><\/p> \r\n<p>\u00a7 5\u00ba A n\u00e3o confirma\u00e7\u00e3o da vaga pelo estudante, sem justificativa, em prazo h\u00e1bil estipulado no edital a que se refere o art. 5\u00ba, acarretar\u00e1 a perda da mesma.<\/p>\r\n<p>\u00a7 6\u00ba Caso ocorra o previsto no par\u00e1grafo anterior, o retorno \u00e0 moradia se dar\u00e1 somente ap\u00f3s a aloca\u00e7\u00e3o de todos os estudantes que aguardam, em moradia provis\u00f3ria, o resultado do processo seletivo do Benef\u00edcio Socioecon\u00f4mico e\/ou vaga na moradia estudantil.<\/p>\r\n<p>\u00a7 7\u00ba Cabe \u00e0 Pr\u00f3-Reitoria de Assuntos Estudantis verificar as informa\u00e7\u00f5es contidas nos cadastros de moradores.\r\n\r\n<p><strike>Art. 9\u00ba Caber\u00e1 \u00e0 coordena\u00e7\u00e3o do programa dar ampla divulga\u00e7\u00e3o das vagas existentes entre os estudantes.<\/strike> <a href=\"https:\/\/www.ufsm.br\/pro-reitorias\/proplan\/resolucao-ufsm-n-149-2023\" target=\"_blank\"><font color=\"blue\"><u> (Reda\u00e7\u00e3o alterada pela Resolu\u00e7\u00e3o UFSM N.149\/2023)<\/u><\/font><\/a><\/p>\r\n<p>Art. 9\u00ba Caber\u00e1 aos respons\u00e1veis pela gest\u00e3o do Programa de Moradia Estudantil da P\u00f3s-Gradua\u00e7\u00e3o dar \r\nampla divulga\u00e7\u00e3o das vagas existentes entre os estudantes. <a href=\"https:\/\/www.ufsm.br\/pro-reitorias\/proplan\/resolucao-ufsm-n-149-2023\" target=\"_blank\"><font color=\"blue\"><u>(Reda\u00e7\u00e3o dada pela Resolu\u00e7\u00e3o UFSM N.149\/2023)<\/u><\/font><\/a><\/p> \r\n<p><strike>\u00a7 1\u00ba As Dire\u00e7\u00f5es das moradias estudantis ter\u00e3o a responsabilidade de acompanhar a aloca\u00e7\u00e3o nas vagas e entregar na Pr\u00f3-Reitoria de Assuntos Estudantis  os termos de responsabilidade patrimonial corretamente preenchidos e assinados, nos termos do art. 5\u00ba.<\/strike> <a href=\"https:\/\/www.ufsm.br\/pro-reitorias\/proplan\/resolucao-ufsm-n-149-2023\" target=\"_blank\"><font color=\"blue\"><u> (Revogado pela Resolu\u00e7\u00e3o UFSM N.149\/2023)<\/u><\/font><\/a><\/p>\r\n<p>\u00a7 2\u00ba Toda e qualquer mudan\u00e7a interna de estudantes de uma vaga para outra, somente poder\u00e1 ocorrer mediante troca do Termo de Responsabilidade.<\/p>\r\n<p>\u00a7 3\u00ba A n\u00e3o observ\u00e2ncia do disposto nos par\u00e1grafos anteriores ser\u00e1 considerada falta disciplinar, pass\u00edveis de san\u00e7\u00e3o, nos termos do <a href=\"https:\/\/www.ufsm.br\/pro-reitorias\/proplan\/regimento-geral-da-ufsm-2011\/\" target=\"_blank\"><font color=\"blue\"><u>Regimento Geral da Universidade<\/u><\/font><\/a>.<\/p>\r\n\r\n<p>Art. 10 Os apartamentos de Moradia da P\u00f3s-Gradua\u00e7\u00e3o ser\u00e3o ocupados por tr\u00eas estudantes, matriculados em cursos de p\u00f3s-gradua\u00e7\u00e3o da UFSM.<\/p>\r\n<p>Par\u00e1grafo \u00fanico. Companheiro(a), filho(a) e\/ou c\u00f4njuge que estejam acompanhando o estudante de p\u00f3s-gradua\u00e7\u00e3o poder\u00e3o usufruir da moradia desde que tenham pr\u00e9via autoriza\u00e7\u00e3o dos ocupantes do apartamento e ocupem o mesmo quarto do estudante.<\/p>\r\n\r\n<p>Art. 11 A concess\u00e3o de benef\u00edcio do programa de moradia aos estudantes da p\u00f3s-gradua\u00e7\u00e3o ter\u00e1 dura\u00e7\u00e3o m\u00e1xima igual ao per\u00edodo em que estiver vinculado ao Programa de P\u00f3s-Gradua\u00e7\u00e3o, conforme <a href=\"https:\/\/www.ufsm.br\/pro-reitorias\/proplan\/regimento-geral-da-pos-graduacao-stricto-sensu-e-lato-sensu-da-ufsm\/\" target=\"_blank\"><font color=\"blue\"><u>Regimento Geral dos Programas de P\u00f3s-Gradua\u00e7\u00e3o da UFSM<\/u><\/font><\/a>.<\/p>\r\n<p>\u00a7 1\u00ba A utiliza\u00e7\u00e3o da Moradia Estudantil s\u00f3 ser\u00e1 permitida para um curso por n\u00edvel de forma\u00e7\u00e3o.<\/p>\r\n<p>\u00a7 2\u00ba A Pr\u00f3-Reitoria de P\u00f3s-Gradua\u00e7\u00e3o e Pesquisa deve informar a Pr\u00f3-Reitoria de Assuntos Estudantis, semestralmente, a lista dos alunos desligados da p\u00f3s-gradua\u00e7\u00e3o em virtude da conclus\u00e3o do curso, por reprova\u00e7\u00f5es ou por outros motivos.<\/p>\r\n\r\n<p><strike>Art. 12 Ap\u00f3s a sele\u00e7\u00e3o, caber\u00e1 \u00e0 Diretoria da Moradia Estudantil da P\u00f3s-Gradua\u00e7\u00e3o designar os estudantes aos quartos que estes utilizar\u00e3o, firmando o Termo de Responsabilidade Patrimonial, o qual dever\u00e1 ser protocolado junto a Pr\u00f3-Reitoria de Assuntos Estudantis.<\/p>\r\n<p>\u00a7 1\u00ba Toda e qualquer mudan\u00e7a interna dos estudantes de um alojamento para outro, dever\u00e1 obedecer \u00e0s normativas estabelecidas no Regimento Interno da Moradia Estudantil da P\u00f3s-Gradua\u00e7\u00e3o.<\/strike> <a href=\"https:\/\/www.ufsm.br\/pro-reitorias\/proplan\/resolucao-ufsm-n-149-2023\" target=\"_blank\"><font color=\"blue\"><u> (Reda\u00e7\u00e3o alterada pela Resolu\u00e7\u00e3o UFSM N.149\/2023)<\/u><\/font><\/a><\/p>\r\n<p> Art. 12. Ap\u00f3s a sele\u00e7\u00e3o caber\u00e1 \u00e0 PRAE designar os estudantes aos quartos que estes utilizar\u00e3o, firmando \r\no Termo de Responsabilidade Patrimonial, o qual dever\u00e1 ser protocolado junto \u00e0 PRAE. \r\n<p>\u00a71\u00ba A transfer\u00eancia de vagas entre moradores na moradia estudantil da p\u00f3s-gradua\u00e7\u00e3o ser\u00e1 autorizada \r\nsomente mediante troca de Termo de Responsabilidade Patrimonial, previsto no \u00a73\u00ba do art.5\u00ba. <a href=\"https:\/\/www.ufsm.br\/pro-reitorias\/proplan\/resolucao-ufsm-n-149-2023\" target=\"_blank\"><font color=\"blue\"><u>(Reda\u00e7\u00e3o dada pela Resolu\u00e7\u00e3o UFSM N.149\/2023)<\/u><\/font><\/a><\/p> \r\n<p><strike>\u00a7 2\u00ba A transfer\u00eancia de vagas entre moradores na Moradia Estudantil da P\u00f3s-Gradua\u00e7\u00e3o ser\u00e1 gerida pela diretoria da casa, conforme concord\u00e2ncia com o estatuto da casa da P\u00f3s-Gradua\u00e7\u00e3o, observando o disposto no par\u00e1grafo anterior.<\/strike> <a href=\"https:\/\/www.ufsm.br\/pro-reitorias\/proplan\/resolucao-ufsm-n-149-2023\" target=\"_blank\"><font color=\"blue\"><u> (Revogado pela Resolu\u00e7\u00e3o UFSM N.149\/2023)<\/u><\/font><\/a><\/p>\r\n<p><strike>\u00a7 3\u00ba A transfer\u00eancia referida no par\u00e1grafo anterior ser\u00e1 autorizada somente mediante troca do Termo de Responsabilidade Patrimonial, previsto no \u00a7 3\u00ba do art. 5\u00ba.<\/strike> <a href=\"https:\/\/www.ufsm.br\/pro-reitorias\/proplan\/resolucao-ufsm-n-149-2023\" target=\"_blank\"><font color=\"blue\"><u> (Revogado pela Resolu\u00e7\u00e3o UFSM N.149\/2023)<\/u><\/font><\/a><\/p>\r\n\r\n<p>Art. 13 Em caso de vagas ociosas, estudantes que obtiveram benef\u00edcio s\u00f3cio econ\u00f4mico e recebem bolsa, a ordem de prioridade para acesso \u00e0s vagas na Moradia Estudantil da P\u00f3s-Gradua\u00e7\u00e3o, ser\u00e1 a seguinte:<\/p>\r\n<p>I - Estudante de especializa\u00e7\u00e3o, ordenados pela menor renda;<\/p>\r\n<p>II - Mestrandos, ordenados pela menor renda; e<\/p>\r\n<p>III - Doutorandos, ordenados pela menor renda.<\/p>\r\n<p>Par\u00e1grafo \u00fanico. Em quaisquer dos casos, ser\u00e3o atendidos prioritariamente estudantes com renda familiar per capita inferior ao limite estabelecido pela PRAE, atrav\u00e9s de Edital, para concess\u00e3o de Benef\u00edcio Socioecon\u00f4mico aos estudantes da UFSM.<\/p>\r\n\r\n<p>Art. 14 Em caso de conflito por vagas entre estudantes, a prioridade absoluta de ocupa\u00e7\u00e3o \u00e9 para aqueles com a menor renda familiar per capita.<\/p>\r\n<p>Art. 15 Constituem faltas graves, com a consequente exclus\u00e3o do programa de Moradia Estudantil, desde que devidamente comprovadas por meio de processo no qual seja propiciado o contradit\u00f3rio e a ampla defesa:<\/p>\r\n<p>I - sonegar vaga existente no apartamento onde reside, n\u00e3o permitindo a sua ocupa\u00e7\u00e3o por estudante com BSE ativo;<\/p>\r\n<p>II - colaborar ou ser conivente com a ocupa\u00e7\u00e3o irregular de vaga;<\/p>\r\n<p>III - praticar ou promover discrimina\u00e7\u00e3o \u00e9tnica, sexual, religiosa, pol\u00edtica e social;<\/p>\r\n<p>IV - realizar atentado ou constrangimento sexual;<\/p>\r\n<p>V - usar, portar e\/ou comercializar, nas depend\u00eancias da(s) CEU(s), subst\u00e2ncias proibidas na legisla\u00e7\u00e3o em vigor;<\/p>\r\n<p>VI - comercializa\u00e7\u00e3o de bebida alco\u00f3lica nas depend\u00eancias da(s) CEU(s);<\/p>\r\n<p>VII - falsidade ideol\u00f3gica;<\/p>\r\n<p>VIII - uso ou porte ilegal de arma de fogo;<\/p>\r\n<p>IX - agress\u00e3o f\u00edsica;<\/p>\r\n<p>X - pr\u00e1tica de roubo ou furto;<\/p>\r\n<p>XI - atentado contra a vida de terceiros;<\/p>\r\n<p>XII - pr\u00e1tica de a\u00e7\u00f5es que contribuam para a degrada\u00e7\u00e3o das condi\u00e7\u00f5es ambientais da resid\u00eancia, da conserva\u00e7\u00e3o do im\u00f3vel e bens patrimoniais;<\/p>\r\n<p>XIII - deixar de cumprir o regulamento interno da Moradia Estudantil; e<\/p>\r\n<p>XIIV - deixar de cumprir esta resolu\u00e7\u00e3o.<\/p>\r\n\r\n<p>Art. 16 O estudante que ocupe a Moradia Estudantil sem direito \u00e0 vaga ou que infrinja o art. 13 desta resolu\u00e7\u00e3o, ser\u00e1 retirado imediatamente da moradia estudantil pelos \u00f3rg\u00e3os competentes da UFSM, sem preju\u00edzo \u00e0s demais medidas cab\u00edveis.<\/p>\r\n<p>Art. 17 Os casos omissos ser\u00e3o resolvidos pelo Conselho de Administra\u00e7\u00e3o da Moradia Estudantil da P\u00f3s-Gradua\u00e7\u00e3o, previsto no art. 3\u00ba desta resolu\u00e7\u00e3o.<\/p>\r\n<p>Art. 18 Esta resolu\u00e7\u00e3o entrar\u00e1 em vigor na data de sua assinatura e revoga a <a href=\"https:\/\/www.ufsm.br\/pro-reitorias\/proplan\/resolucao-n-006-2008\/\" target=\"_blank\"><font color=\"blue\"><u>Resolu\u00e7\u00e3o n. 006\/08<\/u><\/font><\/a>.<\/p>\r\n\r\n<p>GABINETE DO REITOR DA UNIVERSIDADE FEDERAL DE SANTA MARIA, ao primeiro dia do m\u00eas de outubro do ano dois mil e quatorze.<\/p>\r\n<\/div>\r\n<p>Paulo Afonso Burmann,<\/p>\r\n<p>Reitor<\/p>\r\n<br>\r\n<p><font color=\"red0000\">Este texto n\u00e3o substitui o documento original, publicado no Portal de Documentos.<\/font> Dispon\u00edvel em: <a href=\"https:\/\/portal.ufsm.br\/documentos\/publico\/documento.html?id=6660570\"><font color=\"blue\">https:\/\/portal.ufsm.br\/documentos\/publico\/documento.html?id=6660570<\/font><\/a>\r\n\r\n\t\t<\/div>\n\t\t\t\t<\/div>\n\t\t\t\t\t<\/div>\n\t\t<\/div>\n\t\t\t\t\t<\/div>\n\t\t<\/section>\n\t\t\t\t<\/div>\n\t\t","protected":false},"excerpt":{"rendered":"<p>RESOLU\u00c7\u00c3O N. 023\/2014 MINIST\u00c9RIO DA EDUCA\u00c7\u00c3O UNIVERSIDADE FEDERAL DE SANTA MARIA RESOLU\u00c7\u00c3O N. 023\/2014 Institui o Programa de Moradia Estudantil, no \u00e2mbito da Universidade Federal de Santa Maria, aos alunos da p\u00f3s-gradua\u00e7\u00e3o e revoga a Resolu\u00e7\u00e3o n. 006\/08. Alterada pela Resolu\u00e7\u00e3o UFSM N. 149\/2023 O REITOR DA UNIVERSIDADE FEDERAL DE SANTA MARIA, no uso de [&hellip;]<\/p>\n","protected":false},"author":205,"featured_media":0,"parent":0,"menu_order":0,"comment_status":"closed","ping_status":"closed","template":"","meta":{"footnotes":""},"categories":[],"tags":[],"class_list":["post-2755","page","type-page","status-publish","hentry"],"acf":[],"_links":{"self":[{"href":"https:\/\/www.ufsm.br\/pro-reitorias\/proplan\/wp-json\/wp\/v2\/pages\/2755","targetHints":{"allow":["GET"]}}],"collection":[{"href":"https:\/\/www.ufsm.br\/pro-reitorias\/proplan\/wp-json\/wp\/v2\/pages"}],"about":[{"href":"https:\/\/www.ufsm.br\/pro-reitorias\/proplan\/wp-json\/wp\/v2\/types\/page"}],"author":[{"embeddable":true,"href":"https:\/\/www.ufsm.br\/pro-reitorias\/proplan\/wp-json\/wp\/v2\/users\/205"}],"replies":[{"embeddable":true,"href":"https:\/\/www.ufsm.br\/pro-reitorias\/proplan\/wp-json\/wp\/v2\/comments?post=2755"}],"version-history":[{"count":0,"href":"https:\/\/www.ufsm.br\/pro-reitorias\/proplan\/wp-json\/wp\/v2\/pages\/2755\/revisions"}],"wp:attachment":[{"href":"https:\/\/www.ufsm.br\/pro-reitorias\/proplan\/wp-json\/wp\/v2\/media?parent=2755"}],"wp:term":[{"taxonomy":"category","embeddable":true,"href":"https:\/\/www.ufsm.br\/pro-reitorias\/proplan\/wp-json\/wp\/v2\/categories?post=2755"},{"taxonomy":"post_tag","embeddable":true,"href":"https:\/\/www.ufsm.br\/pro-reitorias\/proplan\/wp-json\/wp\/v2\/tags?post=2755"}],"curies":[{"name":"wp","href":"https:\/\/api.w.org\/{rel}","templated":true}]}}