{"id":2833,"date":"2019-11-29T15:17:06","date_gmt":"2019-11-29T18:17:06","guid":{"rendered":"https:\/\/www.ufsm.br\/pro-reitorias\/proplan\/?page_id=2833"},"modified":"2020-07-17T15:28:13","modified_gmt":"2020-07-17T18:28:13","slug":"resolucao-n-017-2012","status":"publish","type":"page","link":"https:\/\/www.ufsm.br\/pro-reitorias\/proplan\/resolucao-n-017-2012","title":{"rendered":"Resolu\u00e7\u00e3o N. 017\/2012"},"content":{"rendered":"\t\t<div data-elementor-type=\"wp-page\" data-elementor-id=\"2833\" class=\"elementor elementor-2833\">\n\t\t\t\t\t\t<section class=\"elementor-section elementor-top-section elementor-element elementor-element-43064c6 elementor-section-boxed elementor-section-height-default elementor-section-height-default\" data-id=\"43064c6\" data-element_type=\"section\">\n\t\t\t\t\t\t<div class=\"elementor-container elementor-column-gap-default\">\n\t\t\t\t\t<div class=\"elementor-column elementor-col-100 elementor-top-column elementor-element elementor-element-de44554\" data-id=\"de44554\" data-element_type=\"column\">\n\t\t\t<div class=\"elementor-widget-wrap elementor-element-populated\">\n\t\t\t\t\t\t<div class=\"elementor-element elementor-element-842e623 elementor-widget elementor-widget-html\" data-id=\"842e623\" data-element_type=\"widget\" data-widget_type=\"html.default\">\n\t\t\t\t<div class=\"elementor-widget-container\">\n\t\t\t\r\n\r\n\r\n<title><b>RESOLU\u00c7\u00c3O N. 017\/2012<\/b><\/title>\r\n\r\n\r\n<div align=\"center\"><img decoding=\"async\" src=\"https:\/\/www.ufsm.br\/pro-reitorias\/proplan\/wp-content\/uploads\/sites\/344\/2019\/09\/brasao-da-republica-do-brasil-logo.png\" alt=\"Bras\u00e3o Rep\u00fablica Federativa do Brasil\" width=\"6%\" height=\"6%\"><\/div>    \r\n<h1><font color=\"blue\"><font size=\"5\"><div align=\"center\">MINIST\u00c9RIO DA EDUCA\u00c7\u00c3O<\/b><\/font><\/font><\/div><\/H1>\r\n<p><b><font color=\"0000blue\"><div align=\"center\">UNIVERSIDADE FEDERAL DE SANTA MARIA<\/b><\/font><\/div><\/p>\r\n\r\n<p><div align=\"center\"><b><a href=\"https:\/\/portal.ufsm.br\/documentos\/publico\/documento.html?id=5396524\"><font color=\"blue\">RESOLU\u00c7\u00c3O N. 017\/2012<\/font><\/a><\/b><\/div><\/p>\r\n<br>\r\n<p><div align=\"right\"><font color=\"800000\"><strike>Adia o in\u00edcio do segundo semestre letivo de 2012 e d\u00e1 outras provid\u00eancias<\/strike><\/font><\/div><\/p>\r\n<br>\r\n<p><a href=\"https:\/\/www.ufsm.br\/pro-reitorias\/proplan\/resolucao-n-022-2020\/\" target=\"_blank\"><font color=\"blue\">Revogada pela Resolu\u00e7\u00e3o N. 022\/2020<\/font><\/a><\/p>\r\n<br>\r\n<br><div align=\"justify\">\r\n<strike>\r\n<p>O REITOR DA UNIVERSIDADE FEDERAL DE SANTA MARIA, no uso de suas atribui\u00e7\u00f5es legais e estatut\u00e1rias e considerando:<\/p>\r\n<p>- Considerando as dificuldades de garantias do direito de ir e vir impossibilitando a operacionaliza\u00e7\u00e3o da Reuni\u00e3o do CEPE, programada para 03\/08\/12, por falta de acesso dos integrantes da administra\u00e7\u00e3o aos seus locais de trabalho;<\/p>\r\n<p>- Considerando os dados levantados pelas Pr\u00f3-Reitorias de Gradua\u00e7\u00e3o e de P\u00f3s-Gradua\u00e7\u00e3o e Pesquisa sobre a situa\u00e7\u00e3o das atividades acad\u00eamicas do 1\u00ba semestre letivo de 2012, oferta e matr\u00edcula para o 2\u00ba semestre de 2012; e,<\/p>\r\n<p>- Considerando a necessidade de as unidades e subunidades de ensino expressarem seu posicionamento sobre as formas de recupera\u00e7\u00e3o do 1\u00ba semestre e in\u00edcio do 2\u00ba semestre 2012.<\/p>\r\n<br>\r\n<p><b><div align=\"center\">RESOLVE:<\/b><\/div><\/p>\r\n<br>\r\n<p>Art. 1\u00ba Adiar por uma semana, \u201cad referendum\u201d do CEPE, o in\u00edcio do 2\u00ba semestre letivo de 2012.<\/p>\r\n<p>Art. 2\u00ba Cancelar a Reuni\u00e3o do CEPE convocada para o dia 03\/08\/12, devendo outra ser chamada para o dia 10\/08\/12, desde que estejam todos os setores da UFSM desobstru\u00eddos com anteced\u00eancia m\u00ednima de 72 horas de tal data, de modo a permitir o acesso das pessoas aos seus locais de trabalho e aos dados indispens\u00e1veis para as delibera\u00e7\u00f5es do CEPE;<\/p>\r\n<p>Art. 3\u00ba Determinar que os chefes de Departamento, Coordenadores de Curso e Diretores de Unidades de Ensino analisem e se manifestem, por meio de memorando a ser entregue na Secretaria dos Conselhos, at\u00e9 as 18h do dia 08\/08\/12, sobre os seguintes pontos:<\/p>\r\n<p>I - condi\u00e7\u00f5es necess\u00e1rias para o in\u00edcio do segundo semestre na gradua\u00e7\u00e3o e na p\u00f3s-gradua\u00e7\u00e3o, considerando as atividades j\u00e1 conclu\u00eddas, a oferta das disciplinas e as matr\u00edculas j\u00e1 realizadas;<\/p>\r\n<p>II - possibilidade de que os pr\u00e9-requisitos necess\u00e1rios para a matr\u00edcula no 2\u00ba semestre possam ser flexibilizados para aqueles regularmente matriculados nas disciplinas inconclusas, uma vez que pelo menos 2\/3 do conte\u00fado j\u00e1 foram vencidos;<\/p>\r\n<p>III - viabilidade da recupera\u00e7\u00e3o das atividades pendentes do 1\u00ba semestre, no decorrer do 2\u00ba semestre letivo, em hor\u00e1rios alternativos acordados entre os envolvidos, lembrando que a data de in\u00edcio do 2\u00ba semestre \u00e9 decis\u00e3o do CEPE; e<\/p>\r\n<p>IV - proposta dos Comandos Locais de Greve, enviada ao CEPE em 30\/07\/2012, solicitando que \u201co in\u00edcio do segundo semestre seja adiado at\u00e9 o encerramento das atividades do 1\u00ba semestre\u201d.<\/p>\r\n\r\n\r\n<p>GABINETE DO REITOR DA UNIVERSIDADE FEDERAL DE SANTA MARIA, aos dois dias do m\u00eas de agosto do ano dois mil e doze.<\/p>\r\n<\/div>\r\n<p>Felipe Martins M\u00fcller,<\/p>\r\n<p>Reitor<\/p>\r\n<\/strike>\r\n\r\n<p><font color=\"red0000\">Este texto n\u00e3o substitui o documento original, publicado no Portal de Documentos.<\/font> Dispon\u00edvel em: <a href=\"https:\/\/portal.ufsm.br\/documentos\/publico\/documento.html?id=5396524\"><font color=\"blue\">https:\/\/portal.ufsm.br\/documentos\/publico\/documento.html?id=5396524<\/font><\/a>\r\n\r\n\r\n\t\t<\/div>\n\t\t\t\t<\/div>\n\t\t\t\t\t<\/div>\n\t\t<\/div>\n\t\t\t\t\t<\/div>\n\t\t<\/section>\n\t\t\t\t<\/div>\n\t\t","protected":false},"excerpt":{"rendered":"<p>RESOLU\u00c7\u00c3O N. 017\/2012 MINIST\u00c9RIO DA EDUCA\u00c7\u00c3O UNIVERSIDADE FEDERAL DE SANTA MARIA RESOLU\u00c7\u00c3O N. 017\/2012 Adia o in\u00edcio do segundo semestre letivo de 2012 e d\u00e1 outras provid\u00eancias Revogada pela Resolu\u00e7\u00e3o N. 022\/2020 O REITOR DA UNIVERSIDADE FEDERAL DE SANTA MARIA, no uso de suas atribui\u00e7\u00f5es legais e estatut\u00e1rias e considerando: &#8211; Considerando as dificuldades de [&hellip;]<\/p>\n","protected":false},"author":205,"featured_media":0,"parent":0,"menu_order":0,"comment_status":"closed","ping_status":"closed","template":"","meta":{"footnotes":""},"categories":[],"tags":[],"class_list":["post-2833","page","type-page","status-publish","hentry"],"acf":[],"_links":{"self":[{"href":"https:\/\/www.ufsm.br\/pro-reitorias\/proplan\/wp-json\/wp\/v2\/pages\/2833","targetHints":{"allow":["GET"]}}],"collection":[{"href":"https:\/\/www.ufsm.br\/pro-reitorias\/proplan\/wp-json\/wp\/v2\/pages"}],"about":[{"href":"https:\/\/www.ufsm.br\/pro-reitorias\/proplan\/wp-json\/wp\/v2\/types\/page"}],"author":[{"embeddable":true,"href":"https:\/\/www.ufsm.br\/pro-reitorias\/proplan\/wp-json\/wp\/v2\/users\/205"}],"replies":[{"embeddable":true,"href":"https:\/\/www.ufsm.br\/pro-reitorias\/proplan\/wp-json\/wp\/v2\/comments?post=2833"}],"version-history":[{"count":0,"href":"https:\/\/www.ufsm.br\/pro-reitorias\/proplan\/wp-json\/wp\/v2\/pages\/2833\/revisions"}],"wp:attachment":[{"href":"https:\/\/www.ufsm.br\/pro-reitorias\/proplan\/wp-json\/wp\/v2\/media?parent=2833"}],"wp:term":[{"taxonomy":"category","embeddable":true,"href":"https:\/\/www.ufsm.br\/pro-reitorias\/proplan\/wp-json\/wp\/v2\/categories?post=2833"},{"taxonomy":"post_tag","embeddable":true,"href":"https:\/\/www.ufsm.br\/pro-reitorias\/proplan\/wp-json\/wp\/v2\/tags?post=2833"}],"curies":[{"name":"wp","href":"https:\/\/api.w.org\/{rel}","templated":true}]}}