{"id":2835,"date":"2019-11-29T15:18:27","date_gmt":"2019-11-29T18:18:27","guid":{"rendered":"https:\/\/www.ufsm.br\/pro-reitorias\/proplan\/?page_id=2835"},"modified":"2020-05-19T07:48:24","modified_gmt":"2020-05-19T10:48:24","slug":"resolucao-n-019-2012","status":"publish","type":"page","link":"https:\/\/www.ufsm.br\/pro-reitorias\/proplan\/resolucao-n-019-2012","title":{"rendered":"Resolu\u00e7\u00e3o N. 019\/2012"},"content":{"rendered":"\t\t<div data-elementor-type=\"wp-page\" data-elementor-id=\"2835\" class=\"elementor elementor-2835\">\n\t\t\t\t\t\t<section class=\"elementor-section elementor-top-section elementor-element elementor-element-24bace0 elementor-section-boxed elementor-section-height-default elementor-section-height-default\" data-id=\"24bace0\" data-element_type=\"section\">\n\t\t\t\t\t\t<div class=\"elementor-container elementor-column-gap-default\">\n\t\t\t\t\t<div class=\"elementor-column elementor-col-100 elementor-top-column elementor-element elementor-element-64fe1ca\" data-id=\"64fe1ca\" data-element_type=\"column\">\n\t\t\t<div class=\"elementor-widget-wrap elementor-element-populated\">\n\t\t\t\t\t\t<div class=\"elementor-element elementor-element-c80a4d1 elementor-widget elementor-widget-html\" data-id=\"c80a4d1\" data-element_type=\"widget\" data-widget_type=\"html.default\">\n\t\t\t\t<div class=\"elementor-widget-container\">\n\t\t\t\r\n\r\n\r\n<title><b>RESOLU\u00c7\u00c3O N. 019\/2012<\/b><\/title>\r\n\r\n\r\n<div align=\"center\"><img decoding=\"async\" src=\"https:\/\/www.ufsm.br\/pro-reitorias\/proplan\/wp-content\/uploads\/sites\/344\/2019\/09\/brasao-da-republica-do-brasil-logo.png\" alt=\"Bras\u00e3o Rep\u00fablica Federativa do Brasil\" width=\"6%\" height=\"6%\"><\/div>    \r\n<h1><font color=\"blue\"><font size=\"5\"><div align=\"center\">MINIST\u00c9RIO DA EDUCA\u00c7\u00c3O<\/b><\/font><\/font><\/div><\/H1>\r\n<p><b><font color=\"0000blue\"><div align=\"center\">UNIVERSIDADE FEDERAL DE SANTA MARIA<\/b><\/font><\/div><\/p>\r\n\r\n<p><div align=\"center\"><b><a href=\"https:\/\/portal.ufsm.br\/documentos\/publico\/documento.html?id=5431945\"><font color=\"blue\">RESOLU\u00c7\u00c3O N. 019\/2012<\/font><\/a><\/b><\/div><\/p>\r\n<br>\r\n<p><div align=\"right\"><font color=\"800000\">Fixa percentual do n\u00famero de vagas de concursos p\u00fablicos realizados pela Universidade Federal de Santa Maria, aos portadores de necessidades especiais.<\/font><\/div><\/p>\r\n<br><div align=\"justify\">\r\n\r\n<p>O REITOR DA UNIVERSIDADE FEDERAL DE SANTA MARIA, no uso de suas atribui\u00e7\u00f5es legais e estatut\u00e1rias e considerando:<\/p>\r\n<p>- o inciso VIII do art. 37 da <a href=\"http:\/\/www.planalto.gov.br\/ccivil_03\/constituicao\/constituicao.htm\" target=\"_blank\"><font color=\"blue\"><u>Constitui\u00e7\u00e3o Federal<\/u><\/font><\/a>;<\/p>\r\n<p>- o \u00a7 2\u00ba do art. 5 da <a href=\"http:\/\/www.planalto.gov.br\/ccivil_03\/leis\/l8112cons.htm\" target=\"_blank\"><font color=\"blue\"><u>Lei N. 8.112\/90, de 11\/12\/90<\/u><\/font><\/a>, com suas altera\u00e7\u00f5es;<\/p>\r\n<p>- o <a href=\"http:\/\/www.planalto.gov.br\/ccivil_03\/decreto\/d3298.htm\" target=\"_blank\"><font color=\"blue\"><u>Decreto N. 3.298\/99<\/u><\/font><\/a>, publicado no DOU, de 21\/12\/99; e<\/p>\r\n<p>- o Parecer n. 121\/2012 da CLR, aprovado na 738\u00ba Sess\u00e3o do Conselho Universit\u00e1rio, de 31.08.2012, referente ao Processo n. <a href=\"https:\/\/portal.ufsm.br\/documentos\/publico\/processo\/documento.html?idDocumento=5353393\" target=\"_blank\"><font color=\"blue\"><u>23081.011424\/2012-94<\/u><\/font><\/a>.<\/p>\r\n<br>\r\n<p><b><div align=\"center\">RESOLVE:<\/b><\/div><\/p>\r\n<br>\r\n<p>Art. 1\u00ba Fixar em 5% (cinco por cento) o percentual do n\u00famero de vagas de concursos p\u00fablicos realizados pela Universidade Federal de Santa Maria, reservado aos portadores de necessidades especiais.<\/p>\r\n<p>Art. 2\u00ba A verifica\u00e7\u00e3o da defici\u00eancia, assim como a compatibilidade entre o exerc\u00edcio das atribui\u00e7\u00f5es do cargo pretendido e a defici\u00eancia do inscrito, ser\u00e1 feita pela Junta M\u00e9dica da UFSM, considerando a plenitude do exerc\u00edcio, dura\u00e7\u00e3o da jornada e o \u00f3rg\u00e3o, sentido ou fun\u00e7\u00e3o que caracterize a defici\u00eancia do candidato aprovado.<\/p>\r\n<p>Art. 3\u00ba Os candidatos aprovados, cuja defici\u00eancia n\u00e3o se comprove na forma desta resolu\u00e7\u00e3o, ser\u00e3o inclu\u00eddos automaticamente na classifica\u00e7\u00e3o geral.<\/p>\r\n<p>Art. 4\u00ba Os candidatos aprovados cuja defici\u00eancia seja incompat\u00edvel com o exerc\u00edcio do cargo estar\u00e3o automaticamente exclu\u00eddos.<\/p>\r\n<p>Art. 5\u00ba Esgotados os aprovados para as vagas integrantes da reserva, estas ser\u00e3o utilizadas por candidatos da classifica\u00e7\u00e3o geral.<\/p>\r\n<p>Art. 6\u00ba No ato da inscri\u00e7\u00e3o, no regime da reserva, o candidato indicar\u00e1 a defici\u00eancia de que seja portador, n\u00e3o podendo modificar a causa da inclus\u00e3o na reserva, nem pleitear readapta\u00e7\u00e3o.<\/p>\r\n<p>Art. 7\u00ba Fica revogada a <a href=\"https:\/\/www.ufsm.br\/pro-reitorias\/proplan\/resolucao-n-012-1992\/\" target=\"_blank\"><font color=\"blue\"><u>Resolu\u00e7\u00e3o 012\/1992<\/u><\/font><\/a>.<\/p>\r\n\r\n\r\n<p>GABINETE DO REITOR DA UNIVERSIDADE FEDERAL DE SANTA MARIA, aos tr\u00eas dias do m\u00eas de setembro do ano dois mil e doze.<\/p>\r\n<\/div>\r\n<p>Felipe Martins M\u00fcller,<\/p>\r\n<p>Reitor<\/p>\r\n\r\n<p><font color=\"red0000\">Este texto n\u00e3o substitui o documento original, publicado no Portal de Documentos.<\/font> Dispon\u00edvel em: <a href=\"https:\/\/portal.ufsm.br\/documentos\/publico\/documento.html?id=5431945\"><font color=\"blue\">https:\/\/portal.ufsm.br\/documentos\/publico\/documento.html?id=5431945<\/font><\/a>\r\n\r\n\r\n\t\t<\/div>\n\t\t\t\t<\/div>\n\t\t\t\t\t<\/div>\n\t\t<\/div>\n\t\t\t\t\t<\/div>\n\t\t<\/section>\n\t\t\t\t<\/div>\n\t\t","protected":false},"excerpt":{"rendered":"<p>RESOLU\u00c7\u00c3O N. 019\/2012 MINIST\u00c9RIO DA EDUCA\u00c7\u00c3O UNIVERSIDADE FEDERAL DE SANTA MARIA RESOLU\u00c7\u00c3O N. 019\/2012 Fixa percentual do n\u00famero de vagas de concursos p\u00fablicos realizados pela Universidade Federal de Santa Maria, aos portadores de necessidades especiais. O REITOR DA UNIVERSIDADE FEDERAL DE SANTA MARIA, no uso de suas atribui\u00e7\u00f5es legais e estatut\u00e1rias e considerando: &#8211; o [&hellip;]<\/p>\n","protected":false},"author":205,"featured_media":0,"parent":0,"menu_order":0,"comment_status":"closed","ping_status":"closed","template":"","meta":{"footnotes":""},"categories":[],"tags":[],"class_list":["post-2835","page","type-page","status-publish","hentry"],"acf":[],"_links":{"self":[{"href":"https:\/\/www.ufsm.br\/pro-reitorias\/proplan\/wp-json\/wp\/v2\/pages\/2835","targetHints":{"allow":["GET"]}}],"collection":[{"href":"https:\/\/www.ufsm.br\/pro-reitorias\/proplan\/wp-json\/wp\/v2\/pages"}],"about":[{"href":"https:\/\/www.ufsm.br\/pro-reitorias\/proplan\/wp-json\/wp\/v2\/types\/page"}],"author":[{"embeddable":true,"href":"https:\/\/www.ufsm.br\/pro-reitorias\/proplan\/wp-json\/wp\/v2\/users\/205"}],"replies":[{"embeddable":true,"href":"https:\/\/www.ufsm.br\/pro-reitorias\/proplan\/wp-json\/wp\/v2\/comments?post=2835"}],"version-history":[{"count":0,"href":"https:\/\/www.ufsm.br\/pro-reitorias\/proplan\/wp-json\/wp\/v2\/pages\/2835\/revisions"}],"wp:attachment":[{"href":"https:\/\/www.ufsm.br\/pro-reitorias\/proplan\/wp-json\/wp\/v2\/media?parent=2835"}],"wp:term":[{"taxonomy":"category","embeddable":true,"href":"https:\/\/www.ufsm.br\/pro-reitorias\/proplan\/wp-json\/wp\/v2\/categories?post=2835"},{"taxonomy":"post_tag","embeddable":true,"href":"https:\/\/www.ufsm.br\/pro-reitorias\/proplan\/wp-json\/wp\/v2\/tags?post=2835"}],"curies":[{"name":"wp","href":"https:\/\/api.w.org\/{rel}","templated":true}]}}