{"id":2839,"date":"2019-11-29T15:22:50","date_gmt":"2019-11-29T18:22:50","guid":{"rendered":"https:\/\/www.ufsm.br\/pro-reitorias\/proplan\/?page_id=2839"},"modified":"2020-05-19T07:51:01","modified_gmt":"2020-05-19T10:51:01","slug":"regimento-interno-do-conselho-de-curadores-2013","status":"publish","type":"page","link":"https:\/\/www.ufsm.br\/pro-reitorias\/proplan\/regimento-interno-do-conselho-de-curadores-2013","title":{"rendered":"Regimento Interno do Conselho de Curadores (2012)"},"content":{"rendered":"\t\t<div data-elementor-type=\"wp-page\" data-elementor-id=\"2839\" class=\"elementor elementor-2839\">\n\t\t\t\t\t\t<section class=\"elementor-section elementor-top-section elementor-element elementor-element-05891f9 elementor-section-boxed elementor-section-height-default elementor-section-height-default\" data-id=\"05891f9\" data-element_type=\"section\">\n\t\t\t\t\t\t<div class=\"elementor-container elementor-column-gap-default\">\n\t\t\t\t\t<div class=\"elementor-column elementor-col-100 elementor-top-column elementor-element elementor-element-df11d0f\" data-id=\"df11d0f\" data-element_type=\"column\">\n\t\t\t<div class=\"elementor-widget-wrap elementor-element-populated\">\n\t\t\t\t\t\t<div class=\"elementor-element elementor-element-e5dfb67 elementor-widget elementor-widget-html\" data-id=\"e5dfb67\" data-element_type=\"widget\" data-widget_type=\"html.default\">\n\t\t\t\t<div class=\"elementor-widget-container\">\n\t\t\t\r\n\r\n\r\n<title><b>REGIMENTO INTERNO DO CONSELHO DE CURADORES<\/b><\/title>\r\n\r\n\r\n<div align=\"center\"><img decoding=\"async\" src=\"https:\/\/www.ufsm.br\/pro-reitorias\/proplan\/wp-content\/uploads\/sites\/344\/2019\/09\/brasao-da-republica-do-brasil-logo.png\" alt=\"Bras\u00e3o Rep\u00fablica Federativa do Brasil\" width=\"6%\" height=\"6%\"><\/div>    \r\n<h1><font color=\"blue\"><font size=\"5\"><div align=\"center\">MINIST\u00c9RIO DA EDUCA\u00c7\u00c3O<\/b><\/font><\/font><\/div><\/H1>\r\n<p><b><font color=\"0000blue\"><div align=\"center\">UNIVERSIDADE FEDERAL DE SANTA MARIA<\/b><\/font><\/div><\/p>\r\n\r\n<p><div align=\"center\"><b><a href=\"https:\/\/portal.ufsm.br\/documentos\/publico\/documento.html?id=12840543\"><font color=\"blue\"><strike>REGIMENTO INTERNO DO CONSELHO DE CURADORES<\/strike><\/font><\/a><\/b><\/div><\/p>\r\n<br>\r\n<p><a href=\"https:\/\/www.ufsm.br\/pro-reitorias\/proplan\/regimento-interno-do-conselho-de-curadores\/\"><font color=\"blue\">Revogada pela Resolu\u00e7\u00e3o N. 016\/2018 - Anexo<\/font><\/a><\/p>\r\n<br>\r\n<strike>\r\n<p><b><div align=\"center\">CAP\u00cdTULO I<\/b><\/div><\/p>\r\n<p><b><div align=\"center\">DA NATUREZA E DA CONSTITUI\u00c7\u00c3O<\/b><\/div><\/p>\r\n<br><div align=\"justify\">\r\n<br>\r\n<p>Art. 1\u00ba O Conselho de Curadores \u00e9 o \u00f3rg\u00e3o de fiscaliza\u00e7\u00e3o econ\u00f4mico-financeira da Universidade Federal de Santa Maria.<\/p>\r\n<p>Art. 2\u00ba O Conselho de Curadores comp\u00f5e-se dos seguintes membros:<\/p>\r\n<p>I - o Reitor ou, na sua aus\u00eancia, o Vice-Reitor, como seu presidente, com direito a voz, sem direito a voto;<\/p>\r\n<p>II - o Reitor cujo mandato antecedeu ao do Reitor atual;<\/p>\r\n<p>III - cinco docentes e respectivos suplentes;<\/p>\r\n<p>IV - um representante da comunidade e respectivo suplente;<\/p>\r\n<p>V - um representante dos T\u00e9cnico-Administrativos em Educa\u00e7\u00e3o e respectivo suplente; e<\/p>\r\n<p>VI - um representante do Corpo Discente e respectivo suplente.<\/p>\r\n\r\n<p>\u00a7 1\u00ba A escolha dos representantes de Curadores referidos no Art.2\u00ba ser\u00e1 realizada da seguinte forma:<\/p>\r\n<p>a) dos representantes docentes e seus respectivos suplentes, n\u00e3o participantes de outro \u00f3rg\u00e3o colegiado superior da Universidade Federal de Santa Maria, tr\u00eas ser\u00e3o indicados pelo Conselho Universit\u00e1rio e dois pelo Conselho de Ensino, Pesquisa e Extens\u00e3o;<\/p>\r\n<p>b) o representante da comunidade e seu suplente ser\u00e3o eleitos pelo Conselho Universit\u00e1rio, dentre os nomes indicados pelas entidades representativas da comunidade.<\/p>\r\n<p>c) o representante dos T\u00e9cnico-Administrativos em Educa\u00e7\u00e3o e seu suplente, n\u00e3o participantes de outro \u00f3rg\u00e3o colegiado superior da Universidade Federal de Santa Maria, ser\u00e3o eleitos por seus pares;<\/p>\r\n<p>d) o representante do Corpo Discente e seu suplente ser\u00e3o designados pelo Diret\u00f3rio Central de Estudantes.<\/p>\r\n\r\n<p>\u00a7 2\u00ba \u00c0 exce\u00e7\u00e3o do representante do corpo discente, que ser\u00e1 designado anualmente, os demais representantes exercer\u00e3o o mandato pelo prazo de dois anos, permitida uma \u00fanica recondu\u00e7\u00e3o.<\/p>\r\n<br>\r\n<p><b><div align=\"center\">CAP\u00cdTULO II<\/b><\/div><\/p>\r\n<p><b><div align=\"center\">DAS COMPET\u00caNCIAS DO CONSELHO DE CURADORES<\/b><\/div><\/p>\r\n<br>\r\n<p>Art. 3\u00ba Compete ao Conselho de Curadores:<\/p>\r\n<p>I - aprovar as normas do seu funcionamento;<\/p>\r\n<p>II - apreciar a proposta or\u00e7ament\u00e1ria e o or\u00e7amento anal\u00edtico da Universidade elaborado conforme as Normas de Distribui\u00e7\u00e3o de Recursos de Outros Custeios e Capital, aprovadas pelo Conselho Universit\u00e1rio;<\/p>\r\n<p>III - acompanhar a execu\u00e7\u00e3o or\u00e7ament\u00e1ria;<\/p>\r\n<p>IV - apreciar e emitir parecer sobre a presta\u00e7\u00e3o de contas anual do Reitor da Universidade a ser encaminhada ao Conselho Universit\u00e1rio;<\/p>\r\n<p>V - fiscalizar despesas com acordos ou conv\u00eanios para realiza\u00e7\u00e3o de pesquisa;<\/p>\r\n<p>VI - fixar tabelas de taxas e outros emolumentos devidos \u00e0 Universidade e propor homologa\u00e7\u00e3o ao Egr\u00e9gio Conselho Universit\u00e1rio;<\/p>\r\n<p>VII - apreciar e emitir parecer sobre a presta\u00e7\u00e3o de contas anual das Funda\u00e7\u00f5es de Apoio credenciadas, a ser encaminhada ao Conselho Universit\u00e1rio;<\/p>\r\n<p>VIII - exercer outras atividades compat\u00edveis com suas prerrogativas legais; e<\/p>\r\n<p>IX - indicar, em conjunto com o Conselho Universit\u00e1rio e Conselho de Ensino, Pesquisa e Extens\u00e3o, a lista tr\u00edplice para o provimento dos cargos de Reitor e Vice-Reitor.<\/p>\r\n<br>\r\n<p><b><div align=\"center\">CAP\u00cdTULO III<\/b><\/div><\/p>\r\n<p><b><div align=\"center\">DAS ATRIBUI\u00c7\u00d5ES DOS DIRIGENTES<\/b><\/div><\/p>\r\n<br>\r\n<p><b><div align=\"center\">Se\u00e7\u00e3o I<\/b><\/div><\/p>\r\n<p><b><div align=\"center\">Das Atribui\u00e7\u00f5es do Presidente<\/b><\/div><\/p>\r\n<br>\r\n<p>Art. 4\u00ba Ao Presidente incumbe:<\/p>\r\n<p>I - representar o Conselho de Curadores;<\/p>\r\n<p>II - presidir a sess\u00f5es e os trabalhos;<\/p>\r\n<p>III - providenciar a organiza\u00e7\u00e3o da pauta dos processos a serem apreciados pelo Conselho em suas sess\u00f5es;<\/p>\r\n<p>IV - solicitar informa\u00e7\u00f5es aos Diretores dos Centros e a outros \u00f3rg\u00e3os suplementares;<\/p>\r\n<p>V - determinar a baixa dos processos em dilig\u00eancia \u00e0 reparti\u00e7\u00e3o de origem, para regulariza\u00e7\u00e3o das faltas ou falhas que sejam apontadas pelos Conselheiros;<\/p>\r\n<p>VI - convocar o Conselho para sess\u00f5es ordin\u00e1rias e extraordin\u00e1rias;<\/p>\r\n<p>VII - cumprir e fazer cumprir as decis\u00f5es do Conselho; e<\/p>\r\n<p>VIII - dirimir as quest\u00f5es de ordem surgidas durante as sess\u00f5es.<\/p>\r\n<br>\r\n<p><b><div align=\"center\">Se\u00e7\u00e3o II<\/b><\/div><\/p>\r\n<p><b><div align=\"center\">Das Atribui\u00e7\u00f5es da Secretaria<\/b><\/div><\/p>\r\n<br>\r\n<p>Art. 5\u00ba A Secretaria do Conselho de Curadores ser\u00e1 atendida pela Secretaria dos Conselhos, com as atribui\u00e7\u00f5es previstas no <a href=\"https:\/\/www.ufsm.br\/pro-reitorias\/proplan\/regimento-geral-da-ufsm-2011\/\" target=\"_blank\"><font color=\"blue\"><u>Regimento Geral da Universidade<\/u><\/font><\/a>.<\/p>\r\n<p>Art. 6\u00ba Ao Secret\u00e1rio incumbe:<\/p>\r\n<p>I - fazer lavrar as atas do Conselho;<\/p>\r\n<p>II - superintender os trabalhos da Secretaria;<\/p>\r\n<p>III - distribuir entre os servidores da Secretaria os encargos necess\u00e1rios ao seu perfeito funcionamento;<\/p>\r\n<p>IV - encaminhar ao Presidente os expedientes que devam ser submetidos \u00e0 sua aprecia\u00e7\u00e3o;<\/p>\r\n<p>V - fazer registrar integralmente as delibera\u00e7\u00f5es do Conselho, ap\u00f3s a reda\u00e7\u00e3o final;<\/p>\r\n<p>VI - transmitir aos membros do Conselho os avisos de notifica\u00e7\u00e3o de sess\u00f5es ordin\u00e1rias e extraordin\u00e1rias;<\/p>\r\n<p>VII - fazer cumprir as dilig\u00eancias e encaminhar os pedidos de informa\u00e7\u00f5es dirigidas \u00e0 presid\u00eancia do Conselho;<\/p>\r\n<p>VIII - submeter ao Presidente para aprova\u00e7\u00e3o, a pauta e a ordem do dia das sess\u00f5es do Conselho;<\/p>\r\n<p>IX - manter sob sua guarda e responsabilidade os livros de atas, processos, provimentos demais documentos do Conselho;<\/p>\r\n<p>X - exercer as demais atribui\u00e7\u00f5es inerentes \u00e0s suas fun\u00e7\u00f5es; e<\/p>\r\n<p>XI - oferecer subs\u00eddios \u00e0 Presid\u00eancia quando solicitado.<\/p>\r\n<br>\r\n<p><b><div align=\"center\">CAP\u00cdTULO IV<\/b><\/div><\/p>\r\n<p><b><div align=\"center\">DO FUNCIONAMENTO DO CONSELHO<\/b><\/div><\/p>\r\n<br>\r\n<p><b><div align=\"center\">Se\u00e7\u00e3o I<\/b><\/div><\/p>\r\n<p><b><div align=\"center\">Das Sess\u00f5es<\/b><\/div><\/p>\r\n<br>\r\n<p>Art. 7\u00ba O Conselho de Curadores reunir-se-\u00e1 ordinariamente uma vez a cada 3 (tr\u00eas) meses e, extraordinariamente, quando convocado pelo Presidente ou mediante requerimento da metade e mais um de seus membros, com a indica\u00e7\u00e3o do motivo e da justificativa.<\/p>\r\n<p>\u00a7 1\u00ba O Conselho de Curadores reunir-se-\u00e1 com a presen\u00e7a da maioria de seus membros deliberar\u00e1 por maioria de votos.<\/p>\r\n<p>\u00a7 2\u00ba A convoca\u00e7\u00e3o de reuni\u00f5es ordin\u00e1rias e extraordin\u00e1rias ser\u00e3o feitas por escrito, com anteced\u00eancia m\u00ednima de dois dias \u00fateis, devendo constar no instrumento de convoca\u00e7\u00e3o a rela\u00e7\u00e3o dos processos, o expediente e a ordem do dia.<\/p>\r\n<p>\u00a7 3\u00ba Em caso de urg\u00eancia, o prazo de convoca\u00e7\u00e3o poder\u00e1 ser reduzido.<\/p>\r\n<p>\u00a7 4\u00ba A presen\u00e7a \u00e0s reuni\u00f5es \u00e9 obrigat\u00f3ria para todos os membros do Conselho e preferencial a qualquer servi\u00e7o da Universidade.<\/p>\r\n<p>\u00a7 5\u00ba O Conselho de Curadores poder\u00e1 propor a destitui\u00e7\u00e3o do Conselheiro que, sem justificativa, deixar de comparecer a mais de duas sess\u00f5es consecutivas.<\/p>\r\n\r\n<p>Art. 8\u00ba A ata da sess\u00e3o do Conselho ser\u00e1 submetida \u00e0 aprecia\u00e7\u00e3o na sess\u00e3o seguinte, s\u00f3 sendo v\u00e1lida depois de aprovada.<\/p>\r\n<p>\u00a7 1\u00ba Nos casos de mat\u00e9ria de reconhecida urg\u00eancia, a ata poder\u00e1 ser lavrada imediatamente ap\u00f3s a reuni\u00e3o e votada na mesma sess\u00e3o.<\/p>\r\n<p>\u00a7 2\u00ba Considerar-se-\u00e1 aprovada \u00e0 ata que n\u00e3o suscitar obje\u00e7\u00e3o.<\/p>\r\n<br>\r\n<p><b><div align=\"center\">Se\u00e7\u00e3o II<\/b><\/div><\/p>\r\n<p><b><div align=\"center\">Do Expediente<\/b><\/div><\/p>\r\n<br>\r\n<p>Art. 9\u00ba Terminada a vota\u00e7\u00e3o da ata da sess\u00e3o anterior, passar-se-\u00e1 ao Expediente, que constar\u00e1 de comunica\u00e7\u00f5es da mesa e dos conselheiros, mo\u00e7\u00f5es que ser\u00e3o submetidas \u00e0 delibera\u00e7\u00e3o no fim da ordem do dia, ou de projetos de resolu\u00e7\u00e3o que ser\u00e3o encaminhados aos relatores designados.<\/p>\r\n<p>Par\u00e1grafo \u00fanico. A pedido de um Conselheiro poder\u00e1 ser dispensado o interst\u00edcio para o processo constante do Expediente, desde que justificada a urg\u00eancia e com a aprova\u00e7\u00e3o do Plen\u00e1rio.<\/p>\r\n<br>\r\n<p><b><div align=\"center\">Se\u00e7\u00e3o III<\/b><\/div><\/p>\r\n<p><b><div align=\"center\">Da Ordem do Dia<\/b><\/div><\/p>\r\n<br>\r\n<p>Art. 10. Anunciada a ordem do dia, o Presidente submeter\u00e1 ao Conselho os assuntos na sequ\u00eancia estabelecida em pauta.<\/p>\r\n<p>Art. 11. A sequ\u00eancia estabelecida na pauta para a ordem do dia poder\u00e1 ser alterada a crit\u00e9rio do plen\u00e1rio.<\/p>\r\n<p>Art. 12. Poder\u00e1 ser concedida urg\u00eancia, para imediata discuss\u00e3o e vota\u00e7\u00e3o de assunto extra-pauta, desde que solicitada por qualquer Conselheiro e aprovada pelo plen\u00e1rio.<\/p>\r\n<p>Art. 13. A mat\u00e9ria a que se tenha reconhecido urg\u00eancia continuar\u00e1 nesse regime at\u00e9 final delibera\u00e7\u00e3o, salvo se, pelo voto do Conselho, a urg\u00eancia for sustada.<\/p>\r\n<p>Art. 14. O pedido de vista de processo ser\u00e1 concedido automaticamente a todo o Conselheiro que o solicitar durante a sess\u00e3o.<\/p>\r\n<p>Art. 15. No caso processo submetido ao regime de urg\u00eancia, o pedido de vistas ser\u00e1 submetido a decis\u00e3o do plen\u00e1rio.<\/p>\r\n<p>Art. 16. O Conselheiro que solicitar vistas de um processo poder\u00e1 retir\u00e1-lo da Secretaria do Conselho sob sua inteira responsabilidade e com a obriga\u00e7\u00e3o de devolv\u00ea-lo, com parecer, a tempo de ser apreciado na sess\u00e3o imediata.<\/p>\r\n<p>Art. 17. O pedido de vista poder\u00e1 ser renovado por deferimento do Presidente.<\/p>\r\n<p>Art. 18. Da ata das sess\u00f5es do Conselho dever\u00e1 constar:<\/p>\r\n<p>I - natureza da sess\u00e3o, dia, hora e local de sua realiza\u00e7\u00e3o, e o nome de quem a presidiu;<\/p>\r\n<p>II - o nome dos conselheiros presentes, bem como o dos que n\u00e3o compareceram, mencionando a respeito destes, se houve justifica\u00e7\u00e3o da falta;<\/p>\r\n<p>III - a discuss\u00e3o por ventura havida a prop\u00f3sito da ata e a vota\u00e7\u00e3o desta;<\/p>\r\n<p>IV - o expediente;<\/p>\r\n<p>V - os pareceres dos relatores nos processos da ordem do dia;<\/p>\r\n<p>VI - o resumo da discuss\u00e3o havida na ordem do dia e os resultados das vota\u00e7\u00f5es;<\/p>\r\n<p>VII - as declara\u00e7\u00f5es de votos, que devem sempre ser apresentadas por escrito, transcritas na \u00edntegra; e<\/p>\r\n<p>VIII - por extenso, todas as propostas.<\/p>\r\n\r\n<p>Art. 19. Se algum processo submetido ao Conselho demandar estudo mais detalhado, por decis\u00e3o do plen\u00e1rio, baixar\u00e1 para dilig\u00eancia e retornar\u00e1 para ser votado na sess\u00e3o seguinte.<\/p>\r\n<br>\r\n<p><b><div align=\"center\">Se\u00e7\u00e3o IV<\/b><\/div><\/p>\r\n<p><b><div align=\"center\">Da Vota\u00e7\u00e3o<\/b><\/div><\/p>\r\n<br>\r\n<p>Art. 20. A vota\u00e7\u00e3o ser\u00e1 obrigat\u00f3ria e nominal, salvo no caso de impedimento legal.<\/p>\r\n<br>\r\n<p><b><div align=\"center\">CAP\u00cdTULO V<\/b><\/div><\/p>\r\n<p><b><div align=\"center\">DA APRECIA\u00c7\u00c3O DAS CONTAS<\/b><\/div><\/p>\r\n<br>\r\n<p>Art. 21. A apresenta\u00e7\u00e3o de contas anual da Universidade e das Funda\u00e7\u00f5es de Apoio credenciadas, compreende o Relat\u00f3rio de Gest\u00e3o, o Balan\u00e7o Patrimonial e demais Demonstra\u00e7\u00f5es Cont\u00e1beis, devendo ser apresentada pelos dirigentes das respectivas Institui\u00e7\u00f5es ao Conselho de Curadores, at\u00e9 60 (sessenta) dias ap\u00f3s o encerramento do exerc\u00edcio financeiro, \u00e0quele a que corresponde \u00e0 presta\u00e7\u00e3o.<\/p>\r\n<p>Art. 22. O Conselho poder\u00e1 solicitar demonstra\u00e7\u00f5es e documentos de gest\u00e3o financeira adicionais, sempre que considerar necess\u00e1rio.<\/p>\r\n<p>Art. 23. Quando julgar oportuno, o Conselho solicitar\u00e1 a presen\u00e7a dos Pr\u00f3-Reitores, do Dirigente das Funda\u00e7\u00f5es de Apoio credenciadas, do Diretor do Departamento de Contabilidade e Finan\u00e7as, dos Diretores das Unidades ou do Coordenador dos \u00d3rg\u00e3os Suplementares necess\u00e1rios.<\/p>\r\n<br>\r\n<p><b><div align=\"center\">CAP\u00cdTULO VI<\/b><\/div><\/p>\r\n<p><b><div align=\"center\">DAS DISPOSI\u00c7\u00d5ES GERAIS<\/b><\/div><\/p>\r\n<br>\r\n<p>Art. 24. O suplente ser\u00e1 convocado para preencher vaga do Conselheiro respectivo, devendo complementar o mandato do titular.<\/p>\r\n<p>Par\u00e1grafo \u00fanico. Nos casos de aus\u00eancia ou impedimento tempor\u00e1rio do Titular, poder\u00e1 ser convocado o seu suplente, por igual per\u00edodo da aus\u00eancia ou impedimento.<\/p>\r\n\r\n<p>Art. 25. O presente Regimento entra em vigor na data de sua aprova\u00e7\u00e3o por este Conselho.<\/p>\r\n<p>Art. 26. Os casos omissos ser\u00e3o resolvidos pelo plen\u00e1rio.<\/p>\r\n<br>\r\n<\/div>\r\n<p><font color=\"red0000\">Este texto n\u00e3o substitui o documento original, publicado no Portal de Documentos.<\/font> Dispon\u00edvel em: <a href=\"https:\/\/portal.ufsm.br\/documentos\/publico\/documento.html?id=12840543\"><font color=\"blue\">https:\/\/portal.ufsm.br\/documentos\/publico\/documento.html?id=12840543<\/font><\/a>\r\n<\/strike>\r\n\r\n\t\t<\/div>\n\t\t\t\t<\/div>\n\t\t\t\t\t<\/div>\n\t\t<\/div>\n\t\t\t\t\t<\/div>\n\t\t<\/section>\n\t\t\t\t<\/div>\n\t\t","protected":false},"excerpt":{"rendered":"<p>REGIMENTO INTERNO DO CONSELHO DE CURADORES MINIST\u00c9RIO DA EDUCA\u00c7\u00c3O UNIVERSIDADE FEDERAL DE SANTA MARIA REGIMENTO INTERNO DO CONSELHO DE CURADORES Revogada pela Resolu\u00e7\u00e3o N. 016\/2018 &#8211; Anexo CAP\u00cdTULO I DA NATUREZA E DA CONSTITUI\u00c7\u00c3O Art. 1\u00ba O Conselho de Curadores \u00e9 o \u00f3rg\u00e3o de fiscaliza\u00e7\u00e3o econ\u00f4mico-financeira da Universidade Federal de Santa Maria. Art. 2\u00ba O [&hellip;]<\/p>\n","protected":false},"author":205,"featured_media":0,"parent":0,"menu_order":0,"comment_status":"closed","ping_status":"closed","template":"","meta":{"footnotes":""},"categories":[],"tags":[],"class_list":["post-2839","page","type-page","status-publish","hentry"],"acf":[],"_links":{"self":[{"href":"https:\/\/www.ufsm.br\/pro-reitorias\/proplan\/wp-json\/wp\/v2\/pages\/2839","targetHints":{"allow":["GET"]}}],"collection":[{"href":"https:\/\/www.ufsm.br\/pro-reitorias\/proplan\/wp-json\/wp\/v2\/pages"}],"about":[{"href":"https:\/\/www.ufsm.br\/pro-reitorias\/proplan\/wp-json\/wp\/v2\/types\/page"}],"author":[{"embeddable":true,"href":"https:\/\/www.ufsm.br\/pro-reitorias\/proplan\/wp-json\/wp\/v2\/users\/205"}],"replies":[{"embeddable":true,"href":"https:\/\/www.ufsm.br\/pro-reitorias\/proplan\/wp-json\/wp\/v2\/comments?post=2839"}],"version-history":[{"count":0,"href":"https:\/\/www.ufsm.br\/pro-reitorias\/proplan\/wp-json\/wp\/v2\/pages\/2839\/revisions"}],"wp:attachment":[{"href":"https:\/\/www.ufsm.br\/pro-reitorias\/proplan\/wp-json\/wp\/v2\/media?parent=2839"}],"wp:term":[{"taxonomy":"category","embeddable":true,"href":"https:\/\/www.ufsm.br\/pro-reitorias\/proplan\/wp-json\/wp\/v2\/categories?post=2839"},{"taxonomy":"post_tag","embeddable":true,"href":"https:\/\/www.ufsm.br\/pro-reitorias\/proplan\/wp-json\/wp\/v2\/tags?post=2839"}],"curies":[{"name":"wp","href":"https:\/\/api.w.org\/{rel}","templated":true}]}}