{"id":2900,"date":"2019-12-09T10:09:06","date_gmt":"2019-12-09T13:09:06","guid":{"rendered":"https:\/\/www.ufsm.br\/pro-reitorias\/proplan\/?page_id=2900"},"modified":"2020-07-17T15:02:24","modified_gmt":"2020-07-17T18:02:24","slug":"resolucao-n-042-2011","status":"publish","type":"page","link":"https:\/\/www.ufsm.br\/pro-reitorias\/proplan\/resolucao-n-042-2011","title":{"rendered":"Resolu\u00e7\u00e3o N. 042\/2011"},"content":{"rendered":"\t\t<div data-elementor-type=\"wp-page\" data-elementor-id=\"2900\" class=\"elementor elementor-2900\">\n\t\t\t\t\t\t<section class=\"elementor-section elementor-top-section elementor-element elementor-element-8df0bd1 elementor-section-boxed elementor-section-height-default elementor-section-height-default\" data-id=\"8df0bd1\" data-element_type=\"section\">\n\t\t\t\t\t\t<div class=\"elementor-container elementor-column-gap-default\">\n\t\t\t\t\t<div class=\"elementor-column elementor-col-100 elementor-top-column elementor-element elementor-element-25465cf\" data-id=\"25465cf\" data-element_type=\"column\">\n\t\t\t<div class=\"elementor-widget-wrap elementor-element-populated\">\n\t\t\t\t\t\t<div class=\"elementor-element elementor-element-1115dd7 elementor-widget elementor-widget-html\" data-id=\"1115dd7\" data-element_type=\"widget\" data-widget_type=\"html.default\">\n\t\t\t\t<div class=\"elementor-widget-container\">\n\t\t\t\r\n\r\n\r\n<title><b>RESOLU\u00c7\u00c3O N. 042\/2011<\/b><\/title>\r\n\r\n\r\n<div align=\"center\"><img decoding=\"async\" src=\"https:\/\/www.ufsm.br\/pro-reitorias\/proplan\/wp-content\/uploads\/sites\/344\/2019\/09\/brasao-da-republica-do-brasil-logo.png\" alt=\"Bras\u00e3o Rep\u00fablica Federativa do Brasil\" width=\"6%\" height=\"6%\"><\/div>    \r\n<h1><font color=\"blue\"><font size=\"5\"><div align=\"center\">MINIST\u00c9RIO DA EDUCA\u00c7\u00c3O<\/b><\/font><\/font><\/div><\/H1>\r\n<p><b><font color=\"0000blue\"><div align=\"center\">UNIVERSIDADE FEDERAL DE SANTA MARIA<\/b><\/font><\/div><\/p>\r\n\r\n<p><div align=\"center\"><b><a href=\"https:\/\/portal.ufsm.br\/documentos\/publico\/documento.html?id=4986018\"><font color=\"blue\">RESOLU\u00c7\u00c3O N. 042\/2011<\/font><\/a><\/b><\/div><\/p>\r\n<br>\r\n<p><strike><div align=\"right\"><font color=\"800000\">Regulamenta a concess\u00e3o da Medalha do Cinquenten\u00e1rio da Universidade Federal de Santa Maria \u2014 UFSM, de que trata a Resolu\u00e7\u00e3o N. 040\/2010, cria novas categorias de distin\u00e7\u00e3o e d\u00e1 outras provid\u00eancias.<\/strike><\/font><\/div><\/p>\r\n<p><a href=\"https:\/\/www.ufsm.br\/pro-reitorias\/proplan\/resolucao-n-022-2020\/\" target=\"_blank\"><font color=\"blue\">Revogada pela Resolu\u00e7\u00e3o N. 022\/2020<\/font><\/a><\/p>\r\n<br>\r\n<br><div align=\"justify\">\r\n<strike>\r\n\r\n<p>O REITOR DA UNIVERSIDADE FEDERAL DE SANTA MARIA, no uso de suas atribui\u00e7\u00f5es legais e estatut\u00e1rias e considerando:<\/p>\r\n<p>- o advento do Cinquenten\u00e1rio de cria\u00e7\u00e3o da Universidade Federal de Santa Maria;<\/p>\r\n<p>- o Parecer n. 134\/2010 da Comiss\u00e3o de Legisla\u00e7\u00e3o e Regimentos do Conselho Universit\u00e1rio, aprovado em sua 719\u00aa Sess\u00e3o, de 17\/12\/2010, referente ao Processo n. <a href=\"https:\/\/portal.ufsm.br\/documentos\/publico\/processo\/documento.html?idDocumento=4355632\" target=\"_blank\"><font color=\"blue\"><u>23081.017402\/2010-76<\/u><\/font><\/a>;<\/p>\r\n<p>- as disposi\u00e7\u00f5es previstas na <a href=\"https:\/\/www.ufsm.br\/pro-reitorias\/proplan\/resolucao-n-040-2010\/\" target=\"_blank\"><font color=\"blue\"><u>Resolu\u00e7\u00e3o N. 040\/2010<\/u><\/font><\/a>;<\/p>\r\n<p>- a necessidade de previs\u00e3o de Categorias diversas de agraciados; e<\/p>\r\n<p>- o Parecer n. 114\/11, aprovado na 730\u00aa Sess\u00e3o do Conselho Universit\u00e1rio, de 25.11.2011, conforme Processo n. <a href=\"https:\/\/portal.ufsm.br\/documentos\/publico\/processo\/documento.html?idDocumento=4956184\" target=\"_blank\"><font color=\"blue\"><u>23081.016503\/2011-19<\/u><\/font><\/a>.<\/p>\r\n<br>\r\n<p><b><div align=\"center\">RESOLVE:<\/b><\/div><\/p>\r\n<br>\r\n<p>Art. 1\u00ba Regulamentar a concess\u00e3o da Medalha do Cinquenten\u00e1rio da Universidade Federal de Santa Maria \u2014 UFSM, de que trata a Resolu\u00e7\u00e3o N. 040\/2010, cria novas categorias de distin\u00e7\u00e3o e d\u00e1 outras provid\u00eancias.<\/p>\r\n<p>Art. 2\u00ba A Medalha do Cinquenten\u00e1rio da Universidade Federal de Santa Maria - UFSM, de que trata a <a href=\"https:\/\/www.ufsm.br\/pro-reitorias\/proplan\/resolucao-n-040-2010\/\" target=\"_blank\"><font color=\"blue\"><u>Resolu\u00e7\u00e3o N. 040\/2010<\/u><\/font><\/a> ser\u00e1 concedida de acordo com o disposto no \u00a7 3\u00ba do Art. 4\u00ba da presente Resolu\u00e7\u00e3o, em uma \u00fanica edi\u00e7\u00e3o, como reconhecimento da Institui\u00e7\u00e3o a membros da comunidade acad\u00eamica e externa que se destacaram no ensino, pesquisa, extens\u00e3o e gest\u00e3o contribuindo para a instala\u00e7\u00e3o, consolida\u00e7\u00e3o e desenvolvimento da UFSM nos seus primeiros 50 anos de hist\u00f3ria.<\/p>\r\n<p>Art. 3\u00ba Tamb\u00e9m fica criada a Medalha do Cinquenten\u00e1rio da Universidade Federal de Santa Maria - UFSM, em novas categorias, a serem concedidas a pessoas que se destacaram no ensino, pesquisa, extens\u00e3o e gest\u00e3o contribuindo para a instala\u00e7\u00e3o, consolida\u00e7\u00e3o e desenvolvimento da UFSM nos seus primeiros 50 anos de hist\u00f3ria.<\/p>\r\n<p>Par\u00e1grafo \u00fanico. As categorias de que trata o \u201ccaput\u201d s\u00e3o:<\/p>\r\n<p>I - Categoria ex-Diretores de Unidades Educacionais pertencentes \u00e0 Universidade Federal de Santa Maria, a eles equiparados os Decanos e ex-Diretores do Col\u00e9gio Polit\u00e9cnico da UFSM, Col\u00e9gio T\u00e9cnico Industrial de Santa Maria e Col\u00e9gio Agr\u00edcola de Frederico Westphalen;<\/p>\r\n<p>II - Categoria Servidores Aposentados, Docentes e T\u00e9cnico-Administrativos em Educa\u00e7\u00e3o;<\/p>\r\n<p>III - Categoria Comunidade Externa e Egressos; e<\/p>\r\n<p>IV - Categoria Servidores Ativos.<\/p>\r\n\r\n<p>Art. 4\u00ba Os agraciados, em n\u00famero m\u00e1ximo de cinquenta por categoria, \u00e0 exce\u00e7\u00e3o da Medalha Categoria ex-Diretores, ser\u00e3o escolhidos segundo as regras previstas nesta Resolu\u00e7\u00e3o, conforme segue:<\/p>\r\n<p>\u00a7 1\u00ba A Medalha Categoria ex-Diretores de Unidades Educacionais ser\u00e1 conferida ao Docente que, ao longo dos cinquenta anos da UFSM, tenha exercido a Dire\u00e7\u00e3o ou o Decanato de uma Unidade Acad\u00eamica ou a Dire\u00e7\u00e3o de um dos Col\u00e9gios de que trata o inciso |, par\u00e1grafo \u00fanico do art. 1\u00ba desta Resolu\u00e7\u00e3o e cujo mandato tenha terminado at\u00e9 14 de dezembro de 2010.<\/p>\r\n<p>\u00a7 2\u00ba A Medalha Categoria Servidores Aposentados ser\u00e1 conferida aos Servidores aposentados indicados em rela\u00e7\u00e3o justificada a ser encaminhada ao Gabinete do Reitor pela Associa\u00e7\u00e3o dos Servidores Inativos T\u00e9cnico-Administrativos - ASITA, at\u00e9 o limite de doze nomes de Servidores T\u00e9cnico-Administrativos em Educa\u00e7\u00e3o aposentados, filiados ou n\u00e3o, pela Associa\u00e7\u00e3o dos Servidores da UFSM - ASSUFSM, at\u00e9 o limite de treze Servidores T\u00e9cnico-Administrativos em Educa\u00e7\u00e3o aposentados, filiados ou n\u00e3o, pela Associa\u00e7\u00e3o dos Professores Universit\u00e1rios de Santa Maria - APUSM, at\u00e9 o limite de doze nomes de Servidores Docentes aposentados, filiados ou n\u00e3o, e pela Se\u00e7\u00e3o Sindical dos Docentes da Universidade Federal de Santa Maria - SEDUFSM, at\u00e9 o limite de treze nomes de Servidores Docentes aposentados, filiados ou n\u00e3o, ap\u00f3s consulta aos respectivos segmentos.<\/p>\r\n<p>\u00a7 3\u00ba A Medalha Categoria Comunidade Externa e Egressos ser\u00e1 conferida a pessoas que tenham prestado relevantes servi\u00e7os em prol da Educa\u00e7\u00e3o e, em especial, \u00e0 UFSM, mediante listagem votada e justificada pelos Conselhos Universit\u00e1rio e de Ensino, Pesquisa e Extens\u00e3o, \u00e0 raz\u00e3o de vinte nomes por Conselho e pelo Conselho de Curadores, \u00e0 raz\u00e3o de dez nomes.<\/p>\r\n<p>\u00a7 4\u00ba A Categoria Servidores Ativos ser\u00e1 conferida ao Servidor Docente ou T\u00e9cnico-Administrativo em Educa\u00e7\u00e3o da UFSM, que esteja no exerc\u00edcio pleno de suas fun\u00e7\u00f5es e que tenha prestado relevantes servi\u00e7os \u00e0 Educa\u00e7\u00e3o e, em especial, \u00e0 UFSM cabendo a indica\u00e7\u00e3o e justificativa dos agraciados nesta Categoria ao Gabinete do Reitor.<\/p>\r\n\r\n<p>Art. 5\u00ba A campanha para indica\u00e7\u00e3o dos nomes envolver\u00e1 ampla divulga\u00e7\u00e3o e consulta \u00e0 comunidade acad\u00eamica.<\/p>\r\n<p>Art. 6\u00ba N\u00e3o ser\u00e3o concedidas Medalhas \u201cin memoriam\u201d.<\/p>\r\n<p>Art. 7\u00ba As medalhas ser\u00e3o entregues em solenidades especiais.<\/p>\r\n<p>Art. 8\u00ba Em caso de conveni\u00eancia administrativa poder\u00e1 o Gabinete do Reitor aumentar o n\u00famero de Medalhas concedidas, dentre aquelas previstas no art. 4\u00ba, caso em que o total das Medalhas de que trata a presente Resolu\u00e7\u00e3o n\u00e3o poder\u00e1 passar de duzentos e cinquenta.<\/p>\r\n<p>Art. 9\u00ba As despesas decorrentes da cria\u00e7\u00e3o, confec\u00e7\u00e3o, escolha dos agraciados e concess\u00e3o das medalhas ser\u00e3o de responsabilidade da Administra\u00e7\u00e3o Central da UFSM.<\/p>\r\n<p>Art. 10. Esta resolu\u00e7\u00e3o entra em vigor na data de sua publica\u00e7\u00e3o e revogam-se as disposi\u00e7\u00f5es em contr\u00e1rio.<\/p>\r\n\r\n<p>GABINETE DO REITOR DA UNIVERSIDADE FEDERAL DE SANTA MARIA, aos vinte e oito dias do m\u00eas de novembro do ano dois mil e onze.<\/p>\r\n<\/div>\r\n<p>Felipe Martins M\u00fcller,<\/p>\r\n<p>Reitor.<\/p>\r\n<\/strike>\r\n\r\n<p><font color=\"red0000\">Este texto n\u00e3o substitui o documento original, publicado no Portal de Documentos.<\/font> Dispon\u00edvel em: <a href=\"https:\/\/portal.ufsm.br\/documentos\/publico\/documento.html?id=4986018\"><font color=\"blue\">https:\/\/portal.ufsm.br\/documentos\/publico\/documento.html?id=4986018<\/font><\/a>\r\n\r\n\r\n\t\t<\/div>\n\t\t\t\t<\/div>\n\t\t\t\t\t<\/div>\n\t\t<\/div>\n\t\t\t\t\t<\/div>\n\t\t<\/section>\n\t\t\t\t<\/div>\n\t\t","protected":false},"excerpt":{"rendered":"<p>RESOLU\u00c7\u00c3O N. 042\/2011 MINIST\u00c9RIO DA EDUCA\u00c7\u00c3O UNIVERSIDADE FEDERAL DE SANTA MARIA RESOLU\u00c7\u00c3O N. 042\/2011 Regulamenta a concess\u00e3o da Medalha do Cinquenten\u00e1rio da Universidade Federal de Santa Maria \u2014 UFSM, de que trata a Resolu\u00e7\u00e3o N. 040\/2010, cria novas categorias de distin\u00e7\u00e3o e d\u00e1 outras provid\u00eancias. Revogada pela Resolu\u00e7\u00e3o N. 022\/2020 O REITOR DA UNIVERSIDADE FEDERAL [&hellip;]<\/p>\n","protected":false},"author":205,"featured_media":0,"parent":0,"menu_order":0,"comment_status":"closed","ping_status":"closed","template":"","meta":{"footnotes":""},"categories":[],"tags":[],"class_list":["post-2900","page","type-page","status-publish","hentry"],"acf":[],"_links":{"self":[{"href":"https:\/\/www.ufsm.br\/pro-reitorias\/proplan\/wp-json\/wp\/v2\/pages\/2900","targetHints":{"allow":["GET"]}}],"collection":[{"href":"https:\/\/www.ufsm.br\/pro-reitorias\/proplan\/wp-json\/wp\/v2\/pages"}],"about":[{"href":"https:\/\/www.ufsm.br\/pro-reitorias\/proplan\/wp-json\/wp\/v2\/types\/page"}],"author":[{"embeddable":true,"href":"https:\/\/www.ufsm.br\/pro-reitorias\/proplan\/wp-json\/wp\/v2\/users\/205"}],"replies":[{"embeddable":true,"href":"https:\/\/www.ufsm.br\/pro-reitorias\/proplan\/wp-json\/wp\/v2\/comments?post=2900"}],"version-history":[{"count":0,"href":"https:\/\/www.ufsm.br\/pro-reitorias\/proplan\/wp-json\/wp\/v2\/pages\/2900\/revisions"}],"wp:attachment":[{"href":"https:\/\/www.ufsm.br\/pro-reitorias\/proplan\/wp-json\/wp\/v2\/media?parent=2900"}],"wp:term":[{"taxonomy":"category","embeddable":true,"href":"https:\/\/www.ufsm.br\/pro-reitorias\/proplan\/wp-json\/wp\/v2\/categories?post=2900"},{"taxonomy":"post_tag","embeddable":true,"href":"https:\/\/www.ufsm.br\/pro-reitorias\/proplan\/wp-json\/wp\/v2\/tags?post=2900"}],"curies":[{"name":"wp","href":"https:\/\/api.w.org\/{rel}","templated":true}]}}