{"id":2929,"date":"2019-12-12T16:17:09","date_gmt":"2019-12-12T19:17:09","guid":{"rendered":"https:\/\/www.ufsm.br\/pro-reitorias\/proplan\/?page_id=2929"},"modified":"2020-05-21T17:26:46","modified_gmt":"2020-05-21T20:26:46","slug":"resolucao-n-017-2010","status":"publish","type":"page","link":"https:\/\/www.ufsm.br\/pro-reitorias\/proplan\/resolucao-n-017-2010","title":{"rendered":"Resolu\u00e7\u00e3o N. 017\/2010"},"content":{"rendered":"\t\t<div data-elementor-type=\"wp-page\" data-elementor-id=\"2929\" class=\"elementor elementor-2929\">\n\t\t\t\t\t\t<section class=\"elementor-section elementor-top-section elementor-element elementor-element-05db5fc elementor-section-boxed elementor-section-height-default elementor-section-height-default\" data-id=\"05db5fc\" data-element_type=\"section\">\n\t\t\t\t\t\t<div class=\"elementor-container elementor-column-gap-default\">\n\t\t\t\t\t<div class=\"elementor-column elementor-col-100 elementor-top-column elementor-element elementor-element-c1cc97c\" data-id=\"c1cc97c\" data-element_type=\"column\">\n\t\t\t<div class=\"elementor-widget-wrap elementor-element-populated\">\n\t\t\t\t\t\t<div class=\"elementor-element elementor-element-f3abca6 elementor-widget elementor-widget-html\" data-id=\"f3abca6\" data-element_type=\"widget\" data-widget_type=\"html.default\">\n\t\t\t\t<div class=\"elementor-widget-container\">\n\t\t\t\r\n\r\n\r\n<title><b>RESOLU\u00c7\u00c3O N. 017\/2010<\/b><\/title>\r\n\r\n\r\n<div align=\"center\"><img decoding=\"async\" src=\"https:\/\/www.ufsm.br\/pro-reitorias\/proplan\/wp-content\/uploads\/sites\/344\/2019\/09\/brasao-da-republica-do-brasil-logo.png\" alt=\"Bras\u00e3o Rep\u00fablica Federativa do Brasil\" width=\"6%\" height=\"6%\"><\/div>    \r\n<h1><font color=\"blue\"><font size=\"5\"><div align=\"center\">MINIST\u00c9RIO DA EDUCA\u00c7\u00c3O<\/b><\/font><\/font><\/div><\/H1>\r\n<p><b><font color=\"0000blue\"><div align=\"center\">UNIVERSIDADE FEDERAL DE SANTA MARIA<\/b><\/font><\/div><\/p>\r\n\r\n<p><div align=\"center\"><b><a href=\"https:\/\/portal.ufsm.br\/documentos\/publico\/documento.html?id=4328341\"><font color=\"blue\">RESOLU\u00c7\u00c3O N. 017\/2010<\/font><\/a><\/b><\/div><\/p>\r\n<br>\r\n<p><div align=\"right\"><font color=\"800000\"><strike>Disp\u00f5e sobre as normas de concess\u00e3o de bolsas de participa\u00e7\u00e3o em projetos operacionalizados por Funda\u00e7\u00f5es de Apoio.<\/strike><\/font><\/div><\/p>\r\n<br><div align=\"justify\">\r\n<p><a href=\"https:\/\/www.ufsm.br\/pro-reitorias\/proplan\/resolucao-n-024-2012\/\"><font color=\"blue\">Revogado pela Resolu\u00e7\u00e3o N. 024\/2012<\/font><\/a><\/p>\r\n<br>\r\n<strike>\r\n<p>O REITOR DA UNIVERSIDADE FEDERAL DE SANTA MARIA, no uso de suas atribui\u00e7\u00f5es legais e estatut\u00e1rias e considerando:<\/p>\r\n<p>- os processos que credenciam as Funda\u00e7\u00f5es de Apoio \u00e0 UFSM;<\/p>\r\n<p>- o disposto no art. 4\u00ba, par\u00e1grafo 1\u00ba, da <a href=\"http:\/\/www.planalto.gov.br\/ccivil_03\/leis\/l8958compilado.htm\" target=\"_blank\"><font color=\"blue\"><u>Lei n. 8.958\/94, de 20.12.1994<\/u><\/font><\/a>, que autoriza as Funda\u00e7\u00f5es de Apoio a conceder bolsas de ensino, pesquisa e extens\u00e3o a servidores da Institui\u00e7\u00e3o de Ensino Superior apoiada;<\/p>\r\n<p>- o disposto no art. 5\u00ba, par\u00e1grafo 2\u00ba, no art. 6\u00ba e seus par\u00e1grafos e no art. 7\u00ba, do <a href=\"http:\/\/www.planalto.gov.br\/ccivil_03\/_Ato2004-2006\/2004\/Decreto\/D5205.htm\" target=\"_blank\"><font color=\"blue\"><u>Decreto n. 5.205, de 14.12.2004<\/u><\/font><\/a>, que regulamenta a <a href=\"http:\/\/www.planalto.gov.br\/ccivil_03\/leis\/l8958compilado.htm\" target=\"_blank\"><font color=\"blue\"><u>Lei n. 8.958\/94, de 20.12.1994<\/u><\/font><\/a>;<\/p>\r\n<p>- o disposto no art. 9\u00ba, da <a href=\"http:\/\/www.planalto.gov.br\/ccivil_03\/_ato2004-2006\/2004\/lei\/l10.973.htm\" target=\"_blank\"><font color=\"blue\"><u>Lei 10.973\/04<\/u><\/font><\/a> e no art. 10 do <a href=\"http:\/\/www.planalto.gov.br\/ccivil_03\/_Ato2004-2006\/2005\/Decreto\/D5563.htm\" target=\"_blank\"><font color=\"blue\"><u>Decreto 5.563\/05, que regulamenta a Lei de Inova\u00e7\u00e3o<\/u><\/font><\/a>;<\/p>\r\n<p>- as determina\u00e7\u00f5es contidas no Ac\u00f3rd\u00e3o n. 2.259\/2007 \u2013 TCU - Plen\u00e1rio, aprovado em Sess\u00e3o Plen\u00e1ria de 31\/10\/2007;<\/p>\r\n<p>- as determina\u00e7\u00f5es contidas no Ac\u00f3rd\u00e3o n. 2.731\/2008 do Tribunal de Contas da Uni\u00e3o - TCU; e<\/p>\r\n<p>- o Parecer n. 063\/10 da Comiss\u00e3o de Legisla\u00e7\u00e3o e Regimentos do Conselho Universit\u00e1rio, aprovado em sua 710\u00aa Sess\u00e3o, de 28\/05\/2010, referente ao Processo n. <a href=\"https:\/\/portal.ufsm.br\/documentos\/publico\/processo\/documento.html?idDocumento=3406122\" target=\"_blank\"><font color=\"blue\"><u>23081.014084\/2008-77<\/u><\/font><\/a> apensado ao Processo n. <a href=\"https:\/\/portal.ufsm.br\/documentos\/publico\/processo\/documento.html?idDocumento=3196303\" target=\"_blank\"><font color=\"blue\"><u>23081.001871\/2008-59<\/u><\/font><\/a>.<\/p>\r\n<br>\r\n<p><b><div align=\"center\">RESOLVE:<\/b><\/div><\/p>\r\n<br>\r\n<p>Art. 1\u00ba A Universidade Federal de Santa Maria poder\u00e1 autorizar a participa\u00e7\u00e3o de seus servidores em projetos de ensino, pesquisa, extens\u00e3o e de desenvolvimento institucional, cient\u00edfico e tecnol\u00f3gico, apoiados por Funda\u00e7\u00e3o de Apoio sem preju\u00edzo de suas atribui\u00e7\u00f5es funcionais, na \u00e1rea de sua especialidade.<\/p>\r\n<p>Art. 2\u00ba A participa\u00e7\u00e3o de servidores da UFSM nas atividades previstas no artigo anterior n\u00e3o cria v\u00ednculo empregat\u00edcio de qualquer natureza, podendo as Funda\u00e7\u00f5es contratadas conceder-lhes bolsas de ensino, de pesquisa, de extens\u00e3o ou de inova\u00e7\u00e3o, nos moldes previstos no respectivo Projeto.<\/p>\r\n<p>Art. 3\u00ba \u00c9 vedada a participa\u00e7\u00e3o de servidores nas atividades referidas no art. 1\u00ba durante a jornada de trabalho a que est\u00e3o sujeitos, excetuada a colabora\u00e7\u00e3o espor\u00e1dica, remunerada ou n\u00e3o, em assuntos de sua especialidade.<\/p>\r\n<p>Par\u00e1grafo \u00fanico. De igual forma excetua-se a atua\u00e7\u00e3o do supervisor financeiro do Contrato\/Conv\u00eanio, que dever\u00e1 desenvolver suas atividades de acordo com as necessidades, inclusive durante a jornada de trabalho.<\/p>\r\n\r\n<p>Art. 4\u00ba Sob a forma de aux\u00edlio financeiro ficam institu\u00eddas as seguintes modalidades de bolsas:<\/p>\r\n<p>I - bolsa de ensino: constitui-se em instrumento de apoio e incentivo a projetos de forma\u00e7\u00e3o e capacita\u00e7\u00e3o de recursos humanos;<\/p>\r\n<p>II - bolsa de pesquisa: constitui-se em instrumento de apoio e incentivo \u00e0 realiza\u00e7\u00e3o de projetos de pesquisa cient\u00edfica e tecnol\u00f3gica;<\/p>\r\n<p>III - bolsa de extens\u00e3o: constitui-se em instrumento de apoio \u00e0 execu\u00e7\u00e3o de projetos desenvolvidos em intera\u00e7\u00e3o com os diversos setores da sociedade que visem ao interc\u00e2mbio e ao aprimoramento do conhecimento utilizado, bem como ao desenvolvimento institucional, cient\u00edfico e tecnol\u00f3gico; e<\/p>\r\n<p>IV - bolsa de est\u00edmulo \u00e0 inova\u00e7\u00e3o ou bolsa de inova\u00e7\u00e3o: constitui-se em doa\u00e7\u00e3o civil para a realiza\u00e7\u00e3o das atividades de um acordo de parceria de pesquisa cient\u00edfica e de desenvolvimento de tecnologia, produto ou processo.<\/p>\r\n\r\n<p>Art. 5\u00ba As bolsas de ensino, pesquisa, extens\u00e3o e de inova\u00e7\u00e3o constituem-se em doa\u00e7\u00e3o civil a t\u00edtulo de ressarcimento e estimulo para a realiza\u00e7\u00e3o de estudos e pesquisas e sua dissemina\u00e7\u00e3o \u00e0 sociedade, cujos resultados n\u00e3o revertam economicamente para doador ou pessoa interposta, nem importem contrapresta\u00e7\u00e3o de servi\u00e7os.<\/p>\r\n<p>Art. 6\u00ba Cada servidor poder\u00e1 participar de, no m\u00e1ximo, dois projetos concomitantemente, na condi\u00e7\u00e3o de coordenador, participante ou supervisor financeiro.<\/p>\r\n<p>Par\u00e1grafo \u00fanico. Um mesmo servidor poder\u00e1 participar sob duas formas simultaneamente em um mesmo projeto somente nas condi\u00e7\u00f5es de coordenador e participante.<\/p>\r\n\r\n<p>Art. 7\u00ba Ser\u00e3o bolsas de ensino, pesquisa, extens\u00e3o e de inova\u00e7\u00e3o aquelas expressamente previstas, identificados valores, periodicidade, dura\u00e7\u00e3o e benefici\u00e1rios, no teor dos projetos aprovados.<\/p>\r\n<p>Art. 8\u00ba O valor da bolsa ser\u00e1 definido em raz\u00e3o dos recursos alocados no respectivo projeto, observado o limite m\u00e1ximo em cinquenta por cento do sal\u00e1rio do professor titular com doutorado e Dedica\u00e7\u00e3o Exclusiva.<\/p>\r\n<p>\u00a7 1\u00ba O Plano de Bolsas ser\u00e1 proposto pelo coordenador do projeto, devidamente justificado.<\/p>\r\n<p>\u00a7 2\u00ba O valor mensal percebido pelo benefici\u00e1rio, considerando o somat\u00f3rio da participa\u00e7\u00e3o concomitante em projetos remunerados, n\u00e3o poder\u00e1 ultrapassar o par\u00e2metro estabelecido no caput deste artigo.<\/p>\r\n<p>\u00a7 3\u00ba O valor da bolsa a ser concedida ao supervisor financeiro dever\u00e1 ser proposto no projeto, sendo que o servidor ser\u00e1 designado para esta fun\u00e7\u00e3o pela dire\u00e7\u00e3o no caso de projeto de unidade universit\u00e1ria, ou pelo reitor no caso de projeto institucional.<\/p>\r\n\r\n<p>Art. 9\u00ba As bolsas de ensino, pesquisa, extens\u00e3o e de inova\u00e7\u00e3o somente ser\u00e3o concedidas a servidores ativos e em efetivo exerc\u00edcio e que n\u00e3o estejam afastados legalmente por mais de 30 dias em afastamentos e\/ou licen\u00e7as consideradas como de efetivo exerc\u00edcio.<\/p>\r\n<p>Art. 10. As bolsas de ensino, pesquisa, extens\u00e3o e de inova\u00e7\u00e3o ser\u00e3o concedidas com base em um termo de compromisso, vinculado a um projeto espec\u00edfico, que ter\u00e1 como dura\u00e7\u00e3o m\u00e1xima a da vig\u00eancia do projeto.<\/p>\r\n<p>Art. 11. O abandono, exclus\u00e3o ou t\u00e9rmino antecipado do projeto implicar\u00e1 o cancelamento imediato da bolsa.<\/p>\r\n<p>Art. 12. Nos casos de bolsa de ensino, pesquisa, extens\u00e3o e de inova\u00e7\u00e3o, \u00e9 obrigat\u00f3ria, por parte do benefici\u00e1rio, a apresenta\u00e7\u00e3o de relat\u00f3rio t\u00e9cnico, aprovado pelo coordenador do projeto, por ocasi\u00e3o do t\u00e9rmino do prazo de vig\u00eancia ou cancelamento da bolsa.<\/p>\r\n<p>Art. 13. As bolsas de ensino, pesquisa, extens\u00e3o e de inova\u00e7\u00e3o poder\u00e3o ser suspensas, temporariamente, ou canceladas a qualquer tempo, sem que caiba aos benefici\u00e1rios o direito ao recebimento de indeniza\u00e7\u00e3o, sob qualquer forma ou pretexto.<\/p>\r\n<p>Art. 14. Esta resolu\u00e7\u00e3o entrar\u00e1 em vigor na data de sua assinatura, revogadas as disposi\u00e7\u00f5es em contr\u00e1rio.<\/p>\r\n\r\n<p>GABINETE DO REITOR DA UNIVERSIDADE FEDERAL DE SANTA MARIA, aos dez dias do m\u00eas de junho do ano dois mil e dez.<\/p>\r\n<\/div>\r\n<p>Felipe Martins M\u00fcller,<\/p>\r\n<p>Reitor<\/p>\r\n\r\n<p><font color=\"red0000\">Este texto n\u00e3o substitui o documento original, publicado no Portal de Documentos.<\/font> Dispon\u00edvel em: <a href=\"https:\/\/portal.ufsm.br\/documentos\/publico\/documento.html?id=4328341\"><font color=\"blue\">https:\/\/portal.ufsm.br\/documentos\/publico\/documento.html?id=4328341<\/font><\/a>\r\n<\/strike>\r\n\r\n\t\t<\/div>\n\t\t\t\t<\/div>\n\t\t\t\t\t<\/div>\n\t\t<\/div>\n\t\t\t\t\t<\/div>\n\t\t<\/section>\n\t\t\t\t<\/div>\n\t\t","protected":false},"excerpt":{"rendered":"<p>RESOLU\u00c7\u00c3O N. 017\/2010 MINIST\u00c9RIO DA EDUCA\u00c7\u00c3O UNIVERSIDADE FEDERAL DE SANTA MARIA RESOLU\u00c7\u00c3O N. 017\/2010 Disp\u00f5e sobre as normas de concess\u00e3o de bolsas de participa\u00e7\u00e3o em projetos operacionalizados por Funda\u00e7\u00f5es de Apoio. Revogado pela Resolu\u00e7\u00e3o N. 024\/2012 O REITOR DA UNIVERSIDADE FEDERAL DE SANTA MARIA, no uso de suas atribui\u00e7\u00f5es legais e estatut\u00e1rias e considerando: &#8211; [&hellip;]<\/p>\n","protected":false},"author":205,"featured_media":0,"parent":0,"menu_order":0,"comment_status":"closed","ping_status":"closed","template":"","meta":{"footnotes":""},"categories":[],"tags":[],"class_list":["post-2929","page","type-page","status-publish","hentry"],"acf":[],"_links":{"self":[{"href":"https:\/\/www.ufsm.br\/pro-reitorias\/proplan\/wp-json\/wp\/v2\/pages\/2929","targetHints":{"allow":["GET"]}}],"collection":[{"href":"https:\/\/www.ufsm.br\/pro-reitorias\/proplan\/wp-json\/wp\/v2\/pages"}],"about":[{"href":"https:\/\/www.ufsm.br\/pro-reitorias\/proplan\/wp-json\/wp\/v2\/types\/page"}],"author":[{"embeddable":true,"href":"https:\/\/www.ufsm.br\/pro-reitorias\/proplan\/wp-json\/wp\/v2\/users\/205"}],"replies":[{"embeddable":true,"href":"https:\/\/www.ufsm.br\/pro-reitorias\/proplan\/wp-json\/wp\/v2\/comments?post=2929"}],"version-history":[{"count":0,"href":"https:\/\/www.ufsm.br\/pro-reitorias\/proplan\/wp-json\/wp\/v2\/pages\/2929\/revisions"}],"wp:attachment":[{"href":"https:\/\/www.ufsm.br\/pro-reitorias\/proplan\/wp-json\/wp\/v2\/media?parent=2929"}],"wp:term":[{"taxonomy":"category","embeddable":true,"href":"https:\/\/www.ufsm.br\/pro-reitorias\/proplan\/wp-json\/wp\/v2\/categories?post=2929"},{"taxonomy":"post_tag","embeddable":true,"href":"https:\/\/www.ufsm.br\/pro-reitorias\/proplan\/wp-json\/wp\/v2\/tags?post=2929"}],"curies":[{"name":"wp","href":"https:\/\/api.w.org\/{rel}","templated":true}]}}