{"id":2954,"date":"2019-12-13T09:50:09","date_gmt":"2019-12-13T12:50:09","guid":{"rendered":"https:\/\/www.ufsm.br\/pro-reitorias\/proplan\/?page_id=2954"},"modified":"2020-07-20T14:16:05","modified_gmt":"2020-07-20T17:16:05","slug":"resolucao-n-040-2010","status":"publish","type":"page","link":"https:\/\/www.ufsm.br\/pro-reitorias\/proplan\/resolucao-n-040-2010","title":{"rendered":"Resolu\u00e7\u00e3o N. 040\/2010"},"content":{"rendered":"\t\t<div data-elementor-type=\"wp-page\" data-elementor-id=\"2954\" class=\"elementor elementor-2954\">\n\t\t\t\t\t\t<section class=\"elementor-section elementor-top-section elementor-element elementor-element-f5f582a elementor-section-boxed elementor-section-height-default elementor-section-height-default\" data-id=\"f5f582a\" data-element_type=\"section\">\n\t\t\t\t\t\t<div class=\"elementor-container elementor-column-gap-default\">\n\t\t\t\t\t<div class=\"elementor-column elementor-col-100 elementor-top-column elementor-element elementor-element-121cc5d\" data-id=\"121cc5d\" data-element_type=\"column\">\n\t\t\t<div class=\"elementor-widget-wrap elementor-element-populated\">\n\t\t\t\t\t\t<div class=\"elementor-element elementor-element-7fd6fb3 elementor-widget elementor-widget-html\" data-id=\"7fd6fb3\" data-element_type=\"widget\" data-widget_type=\"html.default\">\n\t\t\t\t<div class=\"elementor-widget-container\">\n\t\t\t\r\n\r\n\r\n<title><b>RESOLU\u00c7\u00c3O N. 040\/2010<\/b><\/title>\r\n\r\n\r\n<div align=\"center\"><img decoding=\"async\" src=\"https:\/\/www.ufsm.br\/pro-reitorias\/proplan\/wp-content\/uploads\/sites\/344\/2019\/09\/brasao-da-republica-do-brasil-logo.png\" alt=\"Bras\u00e3o Rep\u00fablica Federativa do Brasil\" width=\"6%\" height=\"6%\"><\/div>    \r\n<h1><font color=\"blue\"><font size=\"5\"><div align=\"center\">MINIST\u00c9RIO DA EDUCA\u00c7\u00c3O<\/b><\/font><\/font><\/div><\/H1>\r\n<p><b><font color=\"0000blue\"><div align=\"center\">UNIVERSIDADE FEDERAL DE SANTA MARIA<\/b><\/font><\/div><\/p>\r\n\r\n<p><div align=\"center\"><b><a href=\"https:\/\/portal.ufsm.br\/documentos\/publico\/documento.html?id=4487366\"><font color=\"blue\">RESOLU\u00c7\u00c3O N. 040\/2010<\/font><\/a><\/b><\/div><\/p>\r\n<br>\r\n<p><div align=\"right\"><font color=\"800000\"><strike>Institui e regulamenta a concess\u00e3o da Medalha do Cinquenten\u00e1rio da Universidade Federal de Santa Maria - UFSM, e d\u00e1 outras provid\u00eancias.<\/strike><\/font><\/div><\/p>\r\n<br><div align=\"justify\">\r\n<p><a href=\"https:\/\/www.ufsm.br\/pro-reitorias\/proplan\/resolucao-n-042-2011\/\"><font color=\"blue\">Complementado pela Resolu\u00e7\u00e3o N. 042\/2011<\/font><\/a><\/p>\r\n<p><a href=\"https:\/\/www.ufsm.br\/pro-reitorias\/proplan\/resolucao-n-022-2020\/\" target=\"_blank\"><font color=\"blue\">Revogada pela Resolu\u00e7\u00e3o N. 022\/2020<\/font><\/a><\/p>\r\n<strike>\r\n<br>\r\n\r\n<p>O REITOR DA UNIVERSIDADE FEDERAL DE SANTA MARIA, no uso de suas atribui\u00e7\u00f5es legais e estatut\u00e1rias e considerando:<\/p>\r\n<p>- o advento do Cinquenten\u00e1rio de cria\u00e7\u00e3o da Universidade Federal de Santa Maria;<\/p>\r\n<p>- o Parecer n. 134\/2010 da Comiss\u00e3o de Legisla\u00e7\u00e3o e Regimentos do Conselho Universit\u00e1rio, aprovado em sua 719\u00aa Sess\u00e3o, de 17\/12\/2010, referente ao Processo n. <a href=\"https:\/\/portal.ufsm.br\/documentos\/publico\/processo\/documento.html?idDocumento=4355632\" target=\"_blank\"><font color=\"blue\"><u>23081.017402\/2010-76<\/u><\/font><\/a>.<\/p>\r\n<br>\r\n<p><b><div align=\"center\">RESOLVE:<\/b><\/div><\/p>\r\n<br>\r\n<p>Art. 1\u00ba Fica institu\u00edda a MEDALHA DO CINQUENTEN\u00c1RIO da Universidade Federal de Santa Maria - UFSM, que ser\u00e1 concedida, em uma \u00fanica edi\u00e7\u00e3o, como reconhecimento da Institui\u00e7\u00e3o a membros da comunidade acad\u00eamica e externa que se destacaram no ensino, pesquisa, extens\u00e3o e gest\u00e3o contribuindo para a instala\u00e7\u00e3o, consolida\u00e7\u00e3o e desenvolvimento da UFSM nos seus primeiros 50 anos de hist\u00f3ria.<\/p>\r\n<p>Art. 2\u00ba Os agraciados, em n\u00famero m\u00e1ximo de 50, ser\u00e3o escolhidos respeitada a paridade entre estudantes, docentes, servidores t\u00e9cnico-administrativos em educa\u00e7\u00e3o, comunidade externa, g\u00eanero, ensino, pesquisa, extens\u00e3o e gest\u00e3o.<\/p>\r\n<p>Art. 3\u00ba A coordena\u00e7\u00e3o da escolha dos 50 agraciados ficar\u00e1 sob responsabilidade do Gabinete do Reitor.<\/p>\r\n<p>Par\u00e1grafo \u00fanico. A campanha para indica\u00e7\u00e3o dos nomes envolver\u00e1 ampla divulga\u00e7\u00e3o e consulta \u00e0 comunidade acad\u00eamica.<\/p>\r\n\r\n<p>Art. 4\u00ba As medalhas ser\u00e3o entregues em solenidade especial entre os dias 14 de dezembro de 2010 e 14 de dezembro de 2011, per\u00edodo em que inicia e finda os 50 anos da Institui\u00e7\u00e3o.<\/p>\r\n<p>Art. 5\u00ba As despesas decorrentes da cria\u00e7\u00e3o, confec\u00e7\u00e3o, escolha dos agraciados e concess\u00e3o das medalhas ser\u00e3o de responsabilidade da Administra\u00e7\u00e3o Central da UFSM.<\/p>\r\n<p>Art. 6\u00ba Esta resolu\u00e7\u00e3o entra em vigor na data de sua publica\u00e7\u00e3o e revogam-se as disposi\u00e7\u00f5es em contr\u00e1rio.<\/p>\r\n\r\n<p>GABINETE DO REITOR DA UNIVERSIDADE FEDERAL DE SANTA MARIA, aos vinte e oito dias do m\u00eas de dezembro do ano dois mil e dez.<\/p>\r\n<\/div>\r\n<p>Dalvan Jos\u00e9 Reinert,<\/p>\r\n<p>Vice-Reitor no exerc\u00edcio da Reitoria.<\/p>\r\n<\/strike>\r\n\r\n<br>\r\n<p><font color=\"red0000\">Este texto n\u00e3o substitui o documento original, publicado no Portal de Documentos.<\/font> Dispon\u00edvel em: <a href=\"https:\/\/portal.ufsm.br\/documentos\/publico\/documento.html?id=4487366\"><font color=\"blue\">https:\/\/portal.ufsm.br\/documentos\/publico\/documento.html?id=4487366<\/font><\/a>\r\n\r\n\r\n\t\t<\/div>\n\t\t\t\t<\/div>\n\t\t\t\t\t<\/div>\n\t\t<\/div>\n\t\t\t\t\t<\/div>\n\t\t<\/section>\n\t\t\t\t<\/div>\n\t\t","protected":false},"excerpt":{"rendered":"<p>RESOLU\u00c7\u00c3O N. 040\/2010 MINIST\u00c9RIO DA EDUCA\u00c7\u00c3O UNIVERSIDADE FEDERAL DE SANTA MARIA RESOLU\u00c7\u00c3O N. 040\/2010 Institui e regulamenta a concess\u00e3o da Medalha do Cinquenten\u00e1rio da Universidade Federal de Santa Maria &#8211; UFSM, e d\u00e1 outras provid\u00eancias. Complementado pela Resolu\u00e7\u00e3o N. 042\/2011 Revogada pela Resolu\u00e7\u00e3o N. 022\/2020 O REITOR DA UNIVERSIDADE FEDERAL DE SANTA MARIA, no uso [&hellip;]<\/p>\n","protected":false},"author":205,"featured_media":0,"parent":0,"menu_order":0,"comment_status":"closed","ping_status":"closed","template":"","meta":{"footnotes":""},"categories":[],"tags":[],"class_list":["post-2954","page","type-page","status-publish","hentry"],"acf":[],"_links":{"self":[{"href":"https:\/\/www.ufsm.br\/pro-reitorias\/proplan\/wp-json\/wp\/v2\/pages\/2954","targetHints":{"allow":["GET"]}}],"collection":[{"href":"https:\/\/www.ufsm.br\/pro-reitorias\/proplan\/wp-json\/wp\/v2\/pages"}],"about":[{"href":"https:\/\/www.ufsm.br\/pro-reitorias\/proplan\/wp-json\/wp\/v2\/types\/page"}],"author":[{"embeddable":true,"href":"https:\/\/www.ufsm.br\/pro-reitorias\/proplan\/wp-json\/wp\/v2\/users\/205"}],"replies":[{"embeddable":true,"href":"https:\/\/www.ufsm.br\/pro-reitorias\/proplan\/wp-json\/wp\/v2\/comments?post=2954"}],"version-history":[{"count":0,"href":"https:\/\/www.ufsm.br\/pro-reitorias\/proplan\/wp-json\/wp\/v2\/pages\/2954\/revisions"}],"wp:attachment":[{"href":"https:\/\/www.ufsm.br\/pro-reitorias\/proplan\/wp-json\/wp\/v2\/media?parent=2954"}],"wp:term":[{"taxonomy":"category","embeddable":true,"href":"https:\/\/www.ufsm.br\/pro-reitorias\/proplan\/wp-json\/wp\/v2\/categories?post=2954"},{"taxonomy":"post_tag","embeddable":true,"href":"https:\/\/www.ufsm.br\/pro-reitorias\/proplan\/wp-json\/wp\/v2\/tags?post=2954"}],"curies":[{"name":"wp","href":"https:\/\/api.w.org\/{rel}","templated":true}]}}