{"id":2980,"date":"2020-01-03T08:05:14","date_gmt":"2020-01-03T11:05:14","guid":{"rendered":"https:\/\/www.ufsm.br\/pro-reitorias\/proplan\/?page_id=2980"},"modified":"2020-05-25T07:57:21","modified_gmt":"2020-05-25T10:57:21","slug":"resolucao-n-003-2009","status":"publish","type":"page","link":"https:\/\/www.ufsm.br\/pro-reitorias\/proplan\/resolucao-n-003-2009","title":{"rendered":"Resolu\u00e7\u00e3o N. 003\/2009"},"content":{"rendered":"\t\t<div data-elementor-type=\"wp-page\" data-elementor-id=\"2980\" class=\"elementor elementor-2980\">\n\t\t\t\t\t\t<section class=\"elementor-section elementor-top-section elementor-element elementor-element-de63ea1 elementor-section-boxed elementor-section-height-default elementor-section-height-default\" data-id=\"de63ea1\" data-element_type=\"section\">\n\t\t\t\t\t\t<div class=\"elementor-container elementor-column-gap-default\">\n\t\t\t\t\t<div class=\"elementor-column elementor-col-100 elementor-top-column elementor-element elementor-element-7738938\" data-id=\"7738938\" data-element_type=\"column\">\n\t\t\t<div class=\"elementor-widget-wrap elementor-element-populated\">\n\t\t\t\t\t\t<div class=\"elementor-element elementor-element-7b0ae9a elementor-widget elementor-widget-html\" data-id=\"7b0ae9a\" data-element_type=\"widget\" data-widget_type=\"html.default\">\n\t\t\t\t<div class=\"elementor-widget-container\">\n\t\t\t\r\n\r\n\r\n<title><b>RESOLU\u00c7\u00c3O N. 003\/2009<\/b><\/title>\r\n\r\n\r\n<div align=\"center\"><img decoding=\"async\" src=\"https:\/\/www.ufsm.br\/pro-reitorias\/proplan\/wp-content\/uploads\/sites\/344\/2019\/09\/brasao-da-republica-do-brasil-logo.png\" alt=\"Bras\u00e3o Rep\u00fablica Federativa do Brasil\" width=\"6%\" height=\"6%\"><\/div>    \r\n<h1><font color=\"blue\"><font size=\"5\"><div align=\"center\">MINIST\u00c9RIO DA EDUCA\u00c7\u00c3O<\/b><\/font><\/font><\/div><\/H1>\r\n<p><b><font color=\"0000blue\"><div align=\"center\">UNIVERSIDADE FEDERAL DE SANTA MARIA<\/b><\/font><\/div><\/p>\r\n\r\n<p><div align=\"center\"><b><a href=\"https:\/\/portal.ufsm.br\/documentos\/publico\/documento.html?id=4357735\"><font color=\"blue\">RESOLU\u00c7\u00c3O N. 003\/2009<\/font><\/a><\/b><\/div><\/p>\r\n<br>\r\n<p><div align=\"right\"><font color=\"800000\">Cria a Coordenadoria de Planejamento e Avalia\u00e7\u00e3o Institucional - COPLAI, na estrutura organizacional da Pr\u00f3-Reitoria de Planejamento.<\/font><\/div><\/p>\r\n<br><div align=\"justify\">\r\n<p>O REITOR DA UNIVERSIDADE FEDERAL DE SANTA MARIA, no uso de suas atribui\u00e7\u00f5es legais e estatut\u00e1rias e considerando:<\/p>\r\n<p>- a <a href=\"http:\/\/www.planalto.gov.br\/ccivil_03\/_ato2004-2006\/2004\/lei\/l10.861.htm\" target=\"_blank\"><font color=\"blue\"><u>Lei n. 10.861, de 14 de abril de 2004<\/u><\/font><\/a>, que institui o Sistema Nacional de Avalia\u00e7\u00e3o da Educa\u00e7\u00e3o Superior - SINAES, que tem por objetivo assegurar processo nacional de avalia\u00e7\u00e3o das institui\u00e7\u00f5es de educa\u00e7\u00e3o superior, dos cursos de gradua\u00e7\u00e3o e do desempenho acad\u00eamico de seus estudantes, nos termos do art. 9\u00ba: VI, VIII e IX, da <a href=\"http:\/\/www.planalto.gov.br\/ccivil_03\/leis\/l9394.htm\" target=\"_blank\"><font color=\"blue\"><u>Lei n\u00ba 9.394, de 20 de dezembro de 1996<\/u><\/font><\/a>;<\/p>\r\n<p>- o Parecer n. 041\/09, aprovado na 691\u00ba Sess\u00e3o do Conselho Universit\u00e1rio, de 27.03.2009, referente ao Processo n. <a href=\"https:\/\/portal.ufsm.br\/documentos\/publico\/processo\/documento.html?idDocumento=3510025\" target=\"_blank\"><font color=\"blue\"><u>23081.019712\/2008-19<\/u><\/font><\/a>, que aprova o Projeto de Auto-Avalia\u00e7\u00e3o Institucional da UFSM;<\/p>\r\n<p>- a necessidade de implementar e apoiar a din\u00e2mica de funcionamento do processo de planejamento e avalia\u00e7\u00e3o interna da UFSM;<\/p>\r\n<p>- a necessidade de contribuir para a efic\u00e1cia no processo de avalia\u00e7\u00e3o interna institucional realizando o planejamento das a\u00e7\u00f5es mediante plano de trabalho que inclua cronograma, oficinas de planejamento, distribui\u00e7\u00e3o de tarefas, recursos humanos, materiais e operacionais;<\/p>\r\n<p>- a necessidade de subsidiar e apoiar a CPA\/UFSM na implementa\u00e7\u00e3o do processo de planejamento e avalia\u00e7\u00e3o institucional e na tomada de decis\u00e3o da gest\u00e3o universit\u00e1ria, por meio da verifica\u00e7\u00e3o das potencialidades e das oportunidades de melhoria, visando contribuir com o desenvolvimento e o aperfei\u00e7oamento no ensino, na pesquisa, na extens\u00e3o e na gest\u00e3o institucional no cumprimento do Projeto Pedag\u00f3gico Institucional \u2014 PPI e do Plano de Desenvolvimento Institucional \u2014 PDI da UFSM; e<\/p>\r\n<p>- o Parecer n. 071\/09, aprovado na 694\u00ba Sess\u00e3o do Conselho Universit\u00e1rio, de 29\/05\/09, referente ao Processo n. <a href=\"https:\/\/portal.ufsm.br\/documentos\/publico\/processo\/documento.html?idDocumento=3585913\" target=\"_blank\"><font color=\"blue\"><u>23081.002274\/2009-22<\/u><\/font><\/a>.<\/p>\r\n<br>\r\n<p><b><div align=\"center\">RESOLVE:<\/b><\/div><\/p>\r\n<br>\r\n<p>Art. 1\u00ba Criar a Coordenadoria de Planejamento e Avalia\u00e7\u00e3o Institucional - COPLAI como parte integrante da estrutura organizacional da Pr\u00f3-Reitoria de Planejamento da Universidade Federal de Santa Maria.<\/p>\r\n<p>Art. 2\u00ba Esta resolu\u00e7\u00e3o entra em vigor na data de sua assinatura e revoga as disposi\u00e7\u00f5es em contr\u00e1rio.<\/p>\r\n\r\n<p>GABINETE DO REITOR DA UNIVERSIDADE FEDERAL DE SANTA MARIA, aos dois dias do m\u00eas de junho do ano de dois mil e nove.<\/p>\r\n<\/div>\r\n<p>Cl\u00f3vis Silva Lima,<\/p>\r\n<p>Reitor.<\/p>\r\n\r\n<p><font color=\"red0000\">Este texto n\u00e3o substitui o documento original, publicado no Portal de Documentos.<\/font> Dispon\u00edvel em: <a href=\"https:\/\/portal.ufsm.br\/documentos\/publico\/documento.html?id=4357735\"><font color=\"blue\">https:\/\/portal.ufsm.br\/documentos\/publico\/documento.html?id=4357735<\/font><\/a>\r\n\r\n\t\t<\/div>\n\t\t\t\t<\/div>\n\t\t\t\t\t<\/div>\n\t\t<\/div>\n\t\t\t\t\t<\/div>\n\t\t<\/section>\n\t\t\t\t<\/div>\n\t\t","protected":false},"excerpt":{"rendered":"<p>RESOLU\u00c7\u00c3O N. 003\/2009 MINIST\u00c9RIO DA EDUCA\u00c7\u00c3O UNIVERSIDADE FEDERAL DE SANTA MARIA RESOLU\u00c7\u00c3O N. 003\/2009 Cria a Coordenadoria de Planejamento e Avalia\u00e7\u00e3o Institucional &#8211; COPLAI, na estrutura organizacional da Pr\u00f3-Reitoria de Planejamento. O REITOR DA UNIVERSIDADE FEDERAL DE SANTA MARIA, no uso de suas atribui\u00e7\u00f5es legais e estatut\u00e1rias e considerando: &#8211; a Lei n. 10.861, de [&hellip;]<\/p>\n","protected":false},"author":205,"featured_media":0,"parent":0,"menu_order":0,"comment_status":"closed","ping_status":"closed","template":"","meta":{"footnotes":""},"categories":[],"tags":[],"class_list":["post-2980","page","type-page","status-publish","hentry"],"acf":[],"_links":{"self":[{"href":"https:\/\/www.ufsm.br\/pro-reitorias\/proplan\/wp-json\/wp\/v2\/pages\/2980","targetHints":{"allow":["GET"]}}],"collection":[{"href":"https:\/\/www.ufsm.br\/pro-reitorias\/proplan\/wp-json\/wp\/v2\/pages"}],"about":[{"href":"https:\/\/www.ufsm.br\/pro-reitorias\/proplan\/wp-json\/wp\/v2\/types\/page"}],"author":[{"embeddable":true,"href":"https:\/\/www.ufsm.br\/pro-reitorias\/proplan\/wp-json\/wp\/v2\/users\/205"}],"replies":[{"embeddable":true,"href":"https:\/\/www.ufsm.br\/pro-reitorias\/proplan\/wp-json\/wp\/v2\/comments?post=2980"}],"version-history":[{"count":0,"href":"https:\/\/www.ufsm.br\/pro-reitorias\/proplan\/wp-json\/wp\/v2\/pages\/2980\/revisions"}],"wp:attachment":[{"href":"https:\/\/www.ufsm.br\/pro-reitorias\/proplan\/wp-json\/wp\/v2\/media?parent=2980"}],"wp:term":[{"taxonomy":"category","embeddable":true,"href":"https:\/\/www.ufsm.br\/pro-reitorias\/proplan\/wp-json\/wp\/v2\/categories?post=2980"},{"taxonomy":"post_tag","embeddable":true,"href":"https:\/\/www.ufsm.br\/pro-reitorias\/proplan\/wp-json\/wp\/v2\/tags?post=2980"}],"curies":[{"name":"wp","href":"https:\/\/api.w.org\/{rel}","templated":true}]}}