{"id":2997,"date":"2020-01-03T08:23:14","date_gmt":"2020-01-03T11:23:14","guid":{"rendered":"https:\/\/www.ufsm.br\/pro-reitorias\/proplan\/?page_id=2997"},"modified":"2020-05-25T14:43:44","modified_gmt":"2020-05-25T17:43:44","slug":"resolucao-n-018-2009","status":"publish","type":"page","link":"https:\/\/www.ufsm.br\/pro-reitorias\/proplan\/resolucao-n-018-2009","title":{"rendered":"Resolu\u00e7\u00e3o N. 018\/2009"},"content":{"rendered":"\t\t<div data-elementor-type=\"wp-page\" data-elementor-id=\"2997\" class=\"elementor elementor-2997\">\n\t\t\t\t\t\t<section class=\"elementor-section elementor-top-section elementor-element elementor-element-cd4410a elementor-section-boxed elementor-section-height-default elementor-section-height-default\" data-id=\"cd4410a\" data-element_type=\"section\">\n\t\t\t\t\t\t<div class=\"elementor-container elementor-column-gap-default\">\n\t\t\t\t\t<div class=\"elementor-column elementor-col-100 elementor-top-column elementor-element elementor-element-0d2d15b\" data-id=\"0d2d15b\" data-element_type=\"column\">\n\t\t\t<div class=\"elementor-widget-wrap elementor-element-populated\">\n\t\t\t\t\t\t<div class=\"elementor-element elementor-element-939a72a elementor-widget elementor-widget-html\" data-id=\"939a72a\" data-element_type=\"widget\" data-widget_type=\"html.default\">\n\t\t\t\t<div class=\"elementor-widget-container\">\n\t\t\t\r\n\r\n\r\n<title><b>RESOLU\u00c7\u00c3O N. 018\/2009<\/b><\/title>\r\n\r\n\r\n<div align=\"center\"><img decoding=\"async\" src=\"https:\/\/www.ufsm.br\/pro-reitorias\/proplan\/wp-content\/uploads\/sites\/344\/2019\/09\/brasao-da-republica-do-brasil-logo.png\" alt=\"Bras\u00e3o Rep\u00fablica Federativa do Brasil\" width=\"6%\" height=\"6%\"><\/div>    \r\n<h1><font color=\"blue\"><font size=\"5\"><div align=\"center\">MINIST\u00c9RIO DA EDUCA\u00c7\u00c3O<\/b><\/font><\/font><\/div><\/H1>\r\n<p><b><font color=\"0000blue\"><div align=\"center\">UNIVERSIDADE FEDERAL DE SANTA MARIA<\/b><\/font><\/div><\/p>\r\n\r\n<p><div align=\"center\"><b><a href=\"https:\/\/portal.ufsm.br\/documentos\/publico\/documento.html?id=4357750\"><font color=\"blue\">RESOLU\u00c7\u00c3O N. 018\/2009<\/font><\/a><\/b><\/div><\/p>\r\n<br>\r\n<p><div align=\"right\"><font color=\"800000\"><strike>Disp\u00f5e, no \u00e2mbito da UFSM, sobre as diretrizes e normas relativas \u00e0 presta\u00e7\u00e3o de servi\u00e7os, por meio do desenvolvimento de atividades voltadas ao ensino, \u00e0 pesquisa cient\u00edfica e tecnol\u00f3gica \u00e0 extens\u00e3o universit\u00e1ria e a inova\u00e7\u00e3o.<\/strike><\/font><\/div><\/p>\r\n<br>\r\n<p><a href=\"https:\/\/www.ufsm.br\/pro-reitorias\/proplan\/resolucao-n-025-2012\/\"><font color=\"blue\">Revogada pela Resolu\u00e7\u00e3o N. 025\/2012<\/font><\/a><\/p>\r\n<br>\r\n<br><div align=\"justify\">\r\n<strike>\r\n<p>O REITOR DA UNIVERSIDADE FEDERAL DE SANTA MARIA, no uso de suas atribui\u00e7\u00f5es legais e estatut\u00e1rias e considerando:<\/p>\r\n<p>- a autonomia universit\u00e1ria constante no art. 207, da <a href=\"http:\/\/www.planalto.gov.br\/ccivil_03\/constituicao\/constituicao.htm\" target=\"_blank\"><font color=\"blue\"><u>Constitui\u00e7\u00e3o Federal<\/u><\/font><\/a>, como nos art. 53 e 54, da <a href=\"http:\/\/www.planalto.gov.br\/ccivil_03\/leis\/l9394.htm\" target=\"_blank\"><font color=\"blue\"><u>Lei n. 9.394, de 20 de dezembro de 1996<\/u><\/font><\/a>;<\/p>\r\n<p>- o disposto nos art. 218 e 219, da <a href=\"http:\/\/www.planalto.gov.br\/ccivil_03\/constituicao\/constituicao.htm\" target=\"_blank\"><font color=\"blue\"><u>Constitui\u00e7\u00e3o Federal<\/u><\/font><\/a>, bem como o disposto na <a href=\"http:\/\/www.planalto.gov.br\/ccivil_03\/_ato2004-2006\/2004\/lei\/l10.973.htm\" target=\"_blank\"><font color=\"blue\"><u>Lei n. 10.973\/2004<\/u><\/font><\/a> que disp\u00f5e sobre os incentivos \u00e0 inova\u00e7\u00e3o e \u00e0 pesquisa tecnol\u00f3gica no ambiente produtivo;<\/p>\r\n<p>- o Estatuto da UFSM, art. 2\u00ba, incisos III, IV e V, que fixa a sua autonomia did\u00e1tico-cient\u00edfica, disciplinar, administrativa e sua autonomia financeira e o disposto no art. 5\u00ba, inciso II, al\u00ednea \u201cd\u201d, que estabelece, dentro dos seus objetivos especiais, a presta\u00e7\u00e3o de servi\u00e7os especializados \u00e0 comunidade;<\/p>\r\n<p>- que o N\u00facleo de Inova\u00e7\u00e3o e Transfer\u00eancia de Tecnologia (NIT) tem a finalidade de gerir a pol\u00edtica de inova\u00e7\u00e3o da UFSM e \u00e9 o \u00f3rg\u00e3o respons\u00e1vel por zelar pela pol\u00edtica institucional de est\u00edmulo a prote\u00e7\u00e3o das cria\u00e7\u00f5es, licenciamento, inova\u00e7\u00e3o e outras formas de transfer\u00eancia de tecnologia, de conformidade com o art. 16, da <a href=\"http:\/\/www.planalto.gov.br\/ccivil_03\/_ato2004-2006\/2004\/lei\/l10.973.htm\" target=\"_blank\"><font color=\"blue\"><u>Lei n. 10.973\/04<\/u><\/font><\/a>;<\/p>\r\n<p>- o disposto no art. 8\u00ba, da <a href=\"http:\/\/www.planalto.gov.br\/ccivil_03\/_ato2004-2006\/2004\/lei\/l10.973.htm\" target=\"_blank\"><font color=\"blue\"><u>Lei n. 10.973\/04<\/u><\/font><\/a> e o art. 9\u00ba, do <a href=\"http:\/\/www.planalto.gov.br\/ccivil_03\/_Ato2004-2006\/2005\/Decreto\/D5563.htm\" target=\"_blank\"><font color=\"blue\"><u>Decreto n. 5.563\/05<\/u><\/font><\/a> de sua regulamenta\u00e7\u00e3o;<\/p>\r\n<p>- o Ac\u00f3rd\u00e3o n. 2.731\/08-TCU (7.1, A, XXXVIII); e<\/p>\r\n<p>- o Parecer de Plen\u00e1rio aprovado na. 701\u00aa Sess\u00e3o do Conselho Universit\u00e1rio de 30\/10\/09, referente ao Processo n. <a href=\"https:\/\/portal.ufsm.br\/documentos\/publico\/processo\/documento.html?idDocumento=3739392\" target=\"_blank\"><font color=\"blue\"><u>23081.008215\/2009-68<\/u><\/font><\/a>.<\/p>\r\n<br>\r\n<p><b><div align=\"center\">RESOLVE:<\/b><\/div><\/p>\r\n<br>\r\n<p><b><div align=\"center\">CAP\u00cdTULO I<\/b><\/div><\/p>\r\n<p><b><div align=\"center\">DAS DISPOSI\u00c7\u00d5ES INICIAIS<\/b><\/div><\/p>\r\n<br>\r\n<p>Art. 1\u00ba A UFSM poder\u00e1 prestar servi\u00e7os \u00e0s institui\u00e7\u00f5es p\u00fablicas ou privadas, empresas nacionais, e organiza\u00e7\u00f5es de direito privado sem fins lucrativos, nas atividades voltadas ao ensino, \u00e0 pesquisa cient\u00edfica e tecnol\u00f3gica, \u00e0 extens\u00e3o universit\u00e1ria e \u00e0 inova\u00e7\u00e3o.<\/p>\r\n<p>\u00a7 1\u00ba A presta\u00e7\u00e3o de servi\u00e7os prevista no caput deste artigo depender\u00e1 de aprova\u00e7\u00e3o pela unidade e autoridade m\u00e1xima da UFSM.<\/p>\r\n<p>\u00a7 2\u00ba As atividades de presta\u00e7\u00e3o de servi\u00e7os ser\u00e3o realizadas diretamente pela UFSM ou mediante coopera\u00e7\u00e3o ou parceria com Institui\u00e7\u00f5es de Apoio.<\/p>\r\n<p>\u00a7 3\u00ba Os servidores envolvidos nas atividades de presta\u00e7\u00e3o de servi\u00e7o poder\u00e3o receber retribui\u00e7\u00e3o pecuni\u00e1ria, diretamente da UFSM ou das Institui\u00e7\u00f5es de Apoio com quem est\u00e1 tenha firmado contrato, sempre na forma de adicional vari\u00e1vel e desde que custeado exclusivamente com recursos provenientes da atividade contratada.<\/p>\r\n<p>\u00a7 4\u00ba O valor do adicional vari\u00e1vel de que trata o \u00a7 3\u00ba fica sujeito \u00e0 incid\u00eancia dos tributos e contribui\u00e7\u00f5es aplic\u00e1veis \u00e0 esp\u00e9cie, vedada a incorpora\u00e7\u00e3o aos vencimentos, \u00e0 remunera\u00e7\u00e3o ou aos proventos, bem como refer\u00eancia para a base de c\u00e1lculo de qualquer benef\u00edcio, adicional ou vantagem coletiva ou pessoal.<\/p>\r\n<p>\u00a7 5\u00ba O adicional vari\u00e1vel de que trata o \u00a7 3\u00ba configura-se, para os fins do art. 28, da <a href=\"http:\/\/www.planalto.gov.br\/ccivil_03\/leis\/l8212cons.htm\" target=\"_blank\"><font color=\"blue\"><u>Lei n. 8.212, de 24 de julho de 1991<\/u><\/font><\/a>, em ganho eventual.<\/p>\r\n<p>\u00a7 6\u00ba Os projetos que envolvam Inova\u00e7\u00e3o Tecnol\u00f3gica poder\u00e3o prever a doa\u00e7\u00e3o de bolsa pela Institui\u00e7\u00e3o de Apoio, sem car\u00e1ter de contrapresta\u00e7\u00e3o, e obedecidos os crit\u00e9rios fixados na legisla\u00e7\u00e3o pr\u00f3pria.<\/p>\r\n\r\n<p>Art. 2\u00ba Os contratos de presta\u00e7\u00e3o de servi\u00e7os voltados \u00e0 inova\u00e7\u00e3o, \u00e0 pesquisa cient\u00edfica e tecnol\u00f3gica no ambiente produtivo prestados pela UFSM a institui\u00e7\u00f5es p\u00fablicas ou privadas, empresas nacionais, organiza\u00e7\u00f5es de direito privado sem fins lucrativos, devem observar os princ\u00edpios do caput do art. 37, da <a href=\"http:\/\/www.planalto.gov.br\/ccivil_03\/constituicao\/constituicao.htm\" target=\"_blank\"><font color=\"blue\"><u>Constitui\u00e7\u00e3o Federal<\/u><\/font><\/a>, bem como as demais disposi\u00e7\u00f5es legais que regem a administra\u00e7\u00e3o p\u00fablica.<\/p>\r\n<p>Art. 3\u00ba Os contratos de presta\u00e7\u00e3o de servi\u00e7os poder\u00e3o ser eventuais ou continuados, com um prazo m\u00e1ximo de dura\u00e7\u00e3o de cinco anos improrrog\u00e1veis conforme art. 57, inciso II, da <a href=\"http:\/\/www.planalto.gov.br\/ccivil_03\/leis\/l8666cons.htm\" target=\"_blank\"><font color=\"blue\"><u>Lei n. 8.666\/98<\/u><\/font><\/a>.<\/p>\r\n<br>\r\n<p><b><div align=\"center\">CAPITULO II<\/b><\/div><\/p>\r\n<p><b><div align=\"center\">DA PRESTA\u00c7\u00c3O DE SERVI\u00c7OS<\/b><\/div><\/p>\r\n<br>\r\n<p>Art. 4\u00ba Para efeitos desta resolu\u00e7\u00e3o considera-se:<\/p>\r\n<p>I - cria\u00e7\u00e3o: inven\u00e7\u00e3o, modelo de utilidade, desenho industrial, programa de computador, topografia de circuito integrado, nova cultivar ou cultivar essencialmente derivada e qualquer outro desenvolvimento tecnol\u00f3gico que acarrete ou possa acarretar o surgimento de novo produto, processo ou aperfei\u00e7oamento incremental, obtida por um ou mais criadores.<\/p>\r\n<p>II - inova\u00e7\u00e3o: introdu\u00e7\u00e3o de novidade ou aperfei\u00e7oamento no ambiente produtivo ou social que resulte em novos produtos, processos ou servi\u00e7os.<\/p>\r\n<p>III - atividades de presta\u00e7\u00e3o de servi\u00e7os consideradas na UFSM:<\/p>\r\n<p>a) consultorias: an\u00e1lise e emiss\u00e3o de pareceres, acerca de situa\u00e7\u00f5es ou temas espec\u00edficos;<\/p>\r\n<p>b) assessorias: assist\u00eancia ou aux\u00edlio t\u00e9cnico em um assunto espec\u00edfico ou especializado;<\/p>\r\n<p>c) laudos t\u00e9cnicos: auditorias, exames, per\u00edcias, laudos realizados em empresas nacionais e laborat\u00f3rios, acerca de situa\u00e7\u00f5es ou temas espec\u00edficos ou especializados; e<\/p>\r\n<p>d) outras esp\u00e9cies de servi\u00e7os voltados ao ensino, \u00e0 pesquisa cient\u00edfica e tecnol\u00f3gica, \u00e0 extens\u00e3o universit\u00e1ria e \u00e0 inova\u00e7\u00e3o realizados pela UFSM.<\/p>\r\n<br>\r\n<p><b><div align=\"center\">CAP\u00cdTULO III<\/b><\/div><\/p>\r\n<p><b><div align=\"center\">DA CONFIDENCIALIDADE E SIGILO DE INFORMA\u00c7\u00d5ES<\/b><\/div><\/p>\r\n<br>\r\n<p>Art. 5\u00ba \u00c9 vedado a qualquer dirigente, servidor, empregado ou prestador de servi\u00e7os da UFSM divulgar, noticiar ou publicar qualquer aspecto de cria\u00e7\u00f5es ou informa\u00e7\u00f5es sigilosas de cujo desenvolvimento tenha participado diretamente ou tomado conhecimento por for\u00e7a de suas atividades, sem antes obter expressa autoriza\u00e7\u00e3o da UFSM.<\/p>\r\n<p>Par\u00e1grafo \u00fanico. Ser\u00e3o consideradas informa\u00e7\u00f5es sigilosas todas aquelas transmitidas por escrito ou outra forma tang\u00edvel marcada como \u201cCONFIDENCIAL\u201d.<\/p>\r\n<br>\r\n<p><b><div align=\"center\">CAP\u00cdTULO IV<\/b><\/div><\/p>\r\n<p><b><div align=\"center\">DO REGIME DE APROPRIA\u00c7\u00c3O DOS DIREITOS DE PROPRIEDADE INTELECTUAL<\/b><\/div><\/p>\r\n<br>\r\n<p>Art. 6\u00ba Nos servi\u00e7os prestados que importarem em cria\u00e7\u00f5es, as partes devem prever expressamente no contrato, a titularidade dos direitos de propriedade intelectual e a participa\u00e7\u00e3o na explora\u00e7\u00e3o econ\u00f4mica das cria\u00e7\u00f5es resultantes.<\/p>\r\n<p>Par\u00e1grafo \u00fanico. A propriedade intelectual e a participa\u00e7\u00e3o nos resultados referidas no caput, deste artigo ser\u00e3o asseguradas, desde que previsto no contrato, na propor\u00e7\u00e3o equivalente ao montante do valor agregado do conhecimento j\u00e1 existente no in\u00edcio da contrata\u00e7\u00e3o e dos recursos humanos, financeiros e materiais alocados pelas partes contratantes.<\/p>\r\n<br>\r\n<p><b><div align=\"center\">CAP\u00cdTULO V<\/b><\/div><\/p>\r\n<p><b><div align=\"center\">DOS PARTICIPANTES<\/b><\/div><\/p>\r\n<br>\r\n<p>Art. 7\u00ba A coordena\u00e7\u00e3o de atividades de presta\u00e7\u00e3o de servi\u00e7os dever\u00e1 ser e exercida por servidor docente ou t\u00e9cnico-administrativo em educa\u00e7\u00e3o em exerc\u00edcio nesta Universidade, com forma\u00e7\u00e3o superior.<\/p>\r\n<p>Art. 8\u00ba A participa\u00e7\u00e3o de servidores docentes e t\u00e9cnico-administrativos em educa\u00e7\u00e3o nas atividades de presta\u00e7\u00e3o de servi\u00e7os n\u00e3o poder\u00e3o prejudicar o cumprimento de atribui\u00e7\u00f5es acad\u00eamicas, t\u00e9cnicas e contratuais, devendo constar no plano de trabalho do servidor, quando n\u00e3o especificamente remunerada, e ser declarada em separado, quando especificamente remunerada.<\/p>\r\n<p>\u00a7 1\u00ba O tempo total dedicado \u00e0s atividades de presta\u00e7\u00e3o de servi\u00e7os, remunerados ou n\u00e3o, n\u00e3o poder\u00e1 exceder o equivalente a oito horas semanais.<\/p>\r\n<p>\u00a7 2\u00ba A presta\u00e7\u00e3o de servi\u00e7os somente poder\u00e1 ser autorizada a servidores que, comprovadamente, tenham suas atividades pertinentes ao plano de trabalho atendido em sua totalidade, inclusive, quanto aos aspectos de ger\u00eancia administrativa, or\u00e7ament\u00e1ria ou financeira.<\/p>\r\n<p>\u00a7 3\u00ba Quando do desenvolvimento de atividades em presta\u00e7\u00e3o de servi\u00e7os, dever\u00e1 ser elaborado um quadro de hor\u00e1rios do pessoal disponibilizado, com nome do projeto de refer\u00eancia, conforme o que segue: <\/p>\r\n<p>I - quando se tratar de atividades n\u00e3o remuneradas, a carga hor\u00e1ria referente e ao projeto compor\u00e1 a carga hor\u00e1ria contratual do servidor; e<\/p>\r\n<p>II - quando se tratar de atividades remuneradas, a carga hor\u00e1ria referente ao projeto ser\u00e1 acrescida ao hor\u00e1rio contratual para fins de compensa\u00e7\u00e3o.<\/p>\r\n<p>\u00a7 4\u00ba O quadro de hor\u00e1rios dos componentes da respectiva equipe, por projeto, dever\u00e1 compor este e ser fixado em local p\u00fablico, no \u00e2mbito da UFSM, sob responsabilidade exclusiva do respectivo coordenador.<\/p>\r\n\r\n<p>Art. 9\u00ba A participa\u00e7\u00e3o de discentes nas atividades de presta\u00e7\u00e3o de servi\u00e7os, caracterizada pelo seu objetivo acad\u00eamico, deve ter suas atividades explicitadas no projeto, com a respectiva carga hor\u00e1ria, e atendendo a regula\u00e7\u00e3o de est\u00e1gios.<\/p>\r\n<br>\r\n<p><b><div align=\"center\">CAP\u00cdTULO VI<\/b><\/div><\/p>\r\n<p><b><div align=\"center\">DA TRAMITA\u00c7\u00c3O<\/b><\/div><\/p>\r\n<br>\r\n<p>Art. 10 O processo de aprova\u00e7\u00e3o de presta\u00e7\u00e3o de servi\u00e7os dispostos no Art. 1\u00ba, \u00a7 1\u00ba, obedecer\u00e1 ao seguinte tr\u00e2mite:<\/p>\r\n<p>I - autoriza\u00e7\u00e3o da unidade de exerc\u00edcio de cada servidor participante, por meio de ata da reuni\u00e3o deliberativa ou da chefia imediata, quando da inexist\u00eancia de \u00f3rg\u00e3o deliberativo;<\/p>\r\n<p>II - autoriza\u00e7\u00e3o ou verifica\u00e7\u00e3o de disponibilidade para uso de laborat\u00f3rios, equipamentos especiais, espa\u00e7o f\u00edsico ou de qualquer outro recurso material dispon\u00edvel na UFSM, necess\u00e1rio, para a realiza\u00e7\u00e3o das atividades, por meio de Ata da reuni\u00e3o deliberativa ou da chefia imediata, quando da inexist\u00eancia de \u00f3rg\u00e3o deliberativo ou da chefia imediata, quando da inexist\u00eancia de \u00f3rg\u00e3o deliberativo;<\/p>\r\n<p>III - an\u00e1lise de m\u00e9rito e adequa\u00e7\u00e3o or\u00e7ament\u00e1ria das atividades propostas pelo Conselho da(s) respectiva(s) unidade(s) ou Pr\u00f3-Reitoria correspondente;<\/p>\r\n<p>IV - an\u00e1lise, pelo NIT, do enquadramento da atividade como presta\u00e7\u00e3o de servi\u00e7os e atendimento \u00e0 <a href=\"http:\/\/www.planalto.gov.br\/ccivil_03\/_ato2004-2006\/2004\/lei\/l10.973.htm\" target=\"_blank\"><font color=\"blue\"><u>Lei de Inova\u00e7\u00e3o<\/u><\/font><\/a>;<\/p>\r\n<p>V - an\u00e1lise pela Procuradoria Jur\u00eddica;<\/p>\r\n<p>V - homologa\u00e7\u00e3o das atividades pela autoridade m\u00e1xima da UFSM; e<\/p>\r\n<p>VI - registro junto ao DEMAPA.<\/p>\r\n<br>\r\n<p><b><div align=\"center\">CAP\u00cdTULO VII<\/b><\/div><\/p>\r\n<p><b><div align=\"center\">DO PLANEJAMENTO<\/b><\/div><\/p>\r\n<br>\r\n<p>Art. 11 As propostas de presta\u00e7\u00e3o de servi\u00e7os ser\u00e3o apresentadas pelos seus coordenadores a sua(s) subunidade(s), sob a forma de projeto, e obedecidos os tr\u00e2mites elencados no art. 10, desta resolu\u00e7\u00e3o, devendo conter:<\/p>\r\n<p>I - identifica\u00e7\u00e3o (vincula\u00e7\u00e3o institucional, t\u00edtulo, coordena\u00e7\u00e3o e autoria);<\/p>\r\n<p>II - justificativa;<\/p>\r\n<p>III - relev\u00e2ncia para a pesquisa cient\u00edfica, cultural ou art\u00edstica e inova\u00e7\u00e3o tecnol\u00f3gica.<\/p>\r\n<p>IV - objetivos;<\/p>\r\n<p>V - programa\u00e7\u00e3o;<\/p>\r\n<p>VI - entidades ou \u00f3rg\u00e3os envolvidos.<\/p>\r\n<p>VII - recursos humanos.<\/p>\r\n<p>VIII - recursos materiais existentes, pleiteados e\/ou alocados por agentes externos.<\/p>\r\n<p>IX - planejamento financeiro, prevendo as receitas, as fontes de origem e as despesas.<\/p>\r\n<p>X - cronograma\/per\u00edodo de execu\u00e7\u00e3o.<\/p>\r\n<p>XI - indicadores de avalia\u00e7\u00e3o da atividade.<\/p>\r\n<p>XII - quadro de hor\u00e1rios dos componentes da equipe nos termos do art. 5\u00ba, desta resolu\u00e7\u00e3o.<\/p>\r\n\r\n<p>Art. 12 Aos servidores participantes das atividades remuneradas de presta\u00e7\u00e3o de servi\u00e7os poder\u00e1 ser fixado adicional vari\u00e1vel previsto no \u00a7 3\u00ba do art. 1\u00ba, bem como o pagamento de di\u00e1rias e passagens, sendo os valores referentes aos servi\u00e7os prestados determinados no planejamento financeiro integrante do projeto, de acordo com o Art. 9\u00ba, \u00a7 2\u00ba, do <a href=\"http:\/\/www.planalto.gov.br\/ccivil_03\/_Ato2004-2006\/2005\/Decreto\/D5563.htm\" target=\"_blank\"><font color=\"blue\"><u>Decreto N. 5.563\/05<\/u><\/font><\/a>.<\/p>\r\n<p>Par\u00e1grafo \u00fanico. Os valores referentes a di\u00e1rias acompanhar\u00e3o os valores vigentes para os respectivos cargos e fun\u00e7\u00f5es quando em servi\u00e7o da UFSM.<\/p>\r\n<br>\r\n<p><b><div align=\"center\">CAP\u00cdTULO VIII<\/b><\/div><\/p>\r\n<p><b><div align=\"center\">DA ADMINISTRA\u00c7\u00c3O DOS RECURSOS<\/b><\/div><\/p>\r\n<br>\r\n<p>Art. 13 O planejamento financeiro dever\u00e1 contemplar o or\u00e7amento prevendo as receitas, especificando as fontes de origem, e as despesas, justificando a destina\u00e7\u00e3o.<\/p>\r\n<p>\u00a7 1\u00ba Como parte integrante do projeto, o or\u00e7amento deve ser aprovado segundo tr\u00e2mites previstos no art. 10, conforme normas vigentes.<\/p>\r\n<p>\u00a7 2\u00ba O or\u00e7amento dos projetos dever\u00e1 incluir:<\/p>\r\n<p>I - pagamento de pessoas f\u00edsicas e jur\u00eddicas com os respectivos encargos;<\/p>\r\n<p>II - taxas administrativas;<\/p>\r\n<p>III - despesas de custeio;<\/p>\r\n<p>IV - despesas de capital; e<\/p>\r\n<p>V - outras despesas espec\u00edficas que o projeto envolver.<\/p>\r\n\r\n<p>\u00a7 3\u00ba Do total arrecadado no projeto, ser\u00e1 cobrado um percentual de quinze por cento, a ser recolhido \u00e0 Conta Unica, sendo que para o c\u00e1lculo dos valores a serem arrecadados, poder\u00e1 ser exclu\u00eddo o valor referente a bens de capital (material permanente) adquiridos com recursos do projeto, com a seguinte destina\u00e7\u00e3o:<\/p>\r\n<p>I - dire\u00e7\u00e3o de centro envolvido (sete por cento); e<\/p>\r\n<p>II - pr\u00f3-reitoria de administra\u00e7\u00e3o para a melhoria e manuten\u00e7\u00e3o da infraestrutura institucional, para a capacita\u00e7\u00e3o dos servidores t\u00e9cnico-administrativos em educa\u00e7\u00e3o e para a assist\u00eancia estudantil (oito por cento).<\/p>\r\n\r\n<p>Art. 14 Os recursos financeiros oriundos das atividades indicadas no art. 4\u00ba, inciso 3\u00ba, desta resolu\u00e7\u00e3o dever\u00e3o ser supervisionados pela UFSM, sendo executados diretamente ou pela(s) Funda\u00e7\u00e3o(\u00f5es) de Apoio credenciadas na forma da legisla\u00e7\u00e3o.<\/p>\r\n<p>Art. 15 O relat\u00f3rio financeiro das atividades de presta\u00e7\u00e3o de servi\u00e7os, contendo as receitas, as despesas e a destina\u00e7\u00e3o ser\u00e1 parte integrante do relat\u00f3rio final do projeto que dever\u00e1 receber aprova\u00e7\u00e3o do conselho de unidades ou das Pr\u00f3-Reitorias respectivas, quando a iniciativa da atividade for da Administra\u00e7\u00e3o Central.<\/p>\r\n<p>Par\u00e1grafo \u00fanico. Nos projetos em que a execu\u00e7\u00e3o dos recursos tenha sido realizada por Funda\u00e7\u00e3o(\u00f5es) de Apoio, o relat\u00f3rio financeiro emitido pela Funda\u00e7\u00e3o deve constar no relat\u00f3rio final.<\/p>\r\n<br>\r\n<p><b><div align=\"center\">CAP\u00cdTULO IX<\/b><\/div><\/p>\r\n<p><b><div align=\"center\">DAS DISPOSI\u00c7\u00d5ES GERAIS<\/b><\/div><\/p>\r\n<br>\r\n<p>Art. 16. Os projetos em andamento ser\u00e3o executados conforme ajuste em vigor, at\u00e9 a sua data de vig\u00eancia originadamente prevista.<\/p>\r\n<p>\u00a7 1\u00ba Os projetos j\u00e1 em andamento, cujo prazo de vig\u00eancia originalmente previsto se esgotar ap\u00f3s a aprova\u00e7\u00e3o desta resolu\u00e7\u00e3o, somente poder\u00e3o ser renovados mediante adequa\u00e7\u00e3o a esta Resolu\u00e7\u00e3o.<\/p>\r\n<p>\u00a7 2\u00ba Os projetos protocolados antes da entrada em vigor desta Resolu\u00e7\u00e3o, mas ainda em tramita\u00e7\u00e3o, poder\u00e3o ser contratados e executados conforme as normas e a pr\u00e1tica em vigor na data do protocolo, limitada sua vig\u00eancia nessa forma a seis meses.\r\n\r\n<p>Art. 17. As unidades poder\u00e3o adotar, para atender \u00e0s suas peculiaridades e respeitadas \u00e0s compet\u00eancias dos departamentos e as normas gerais, normas particulares com rela\u00e7\u00e3o aos artigos anteriores, a serem aprovadas pelo Conselho Universit\u00e1rio.<\/p>\r\n<p>Art. 18. Esta resolu\u00e7\u00e3o entra em vigor na data de sua publica\u00e7\u00e3o e revoga as disposi\u00e7\u00f5es em contr\u00e1rio.<\/p>\r\n\r\n<p>GABINETE DO REITOR DA UNIVERSIDADE FEDERAL DE SANTA MARIA, aos cinco dias do m\u00eas de novembro do ano dois mil e nove.<\/p>\r\n<\/div>\r\n<p>Cl\u00f3vis Silva Lima,<\/p>\r\n<p>Reitor<\/p>\r\n\r\n<p><font color=\"red0000\">Este texto n\u00e3o substitui o documento original, publicado no Portal de Documentos.<\/font> Dispon\u00edvel em: <a href=\"https:\/\/portal.ufsm.br\/documentos\/publico\/documento.html?id=4357750\"><font color=\"blue\">https:\/\/portal.ufsm.br\/documentos\/publico\/documento.html?id=4357750<\/font><\/a>\r\n<\/strike>\r\n\r\n\t\t<\/div>\n\t\t\t\t<\/div>\n\t\t\t\t\t<\/div>\n\t\t<\/div>\n\t\t\t\t\t<\/div>\n\t\t<\/section>\n\t\t\t\t<\/div>\n\t\t","protected":false},"excerpt":{"rendered":"<p>RESOLU\u00c7\u00c3O N. 018\/2009 MINIST\u00c9RIO DA EDUCA\u00c7\u00c3O UNIVERSIDADE FEDERAL DE SANTA MARIA RESOLU\u00c7\u00c3O N. 018\/2009 Disp\u00f5e, no \u00e2mbito da UFSM, sobre as diretrizes e normas relativas \u00e0 presta\u00e7\u00e3o de servi\u00e7os, por meio do desenvolvimento de atividades voltadas ao ensino, \u00e0 pesquisa cient\u00edfica e tecnol\u00f3gica \u00e0 extens\u00e3o universit\u00e1ria e a inova\u00e7\u00e3o. Revogada pela Resolu\u00e7\u00e3o N. 025\/2012 O [&hellip;]<\/p>\n","protected":false},"author":205,"featured_media":0,"parent":0,"menu_order":0,"comment_status":"closed","ping_status":"closed","template":"","meta":{"footnotes":""},"categories":[],"tags":[],"class_list":["post-2997","page","type-page","status-publish","hentry"],"acf":[],"_links":{"self":[{"href":"https:\/\/www.ufsm.br\/pro-reitorias\/proplan\/wp-json\/wp\/v2\/pages\/2997","targetHints":{"allow":["GET"]}}],"collection":[{"href":"https:\/\/www.ufsm.br\/pro-reitorias\/proplan\/wp-json\/wp\/v2\/pages"}],"about":[{"href":"https:\/\/www.ufsm.br\/pro-reitorias\/proplan\/wp-json\/wp\/v2\/types\/page"}],"author":[{"embeddable":true,"href":"https:\/\/www.ufsm.br\/pro-reitorias\/proplan\/wp-json\/wp\/v2\/users\/205"}],"replies":[{"embeddable":true,"href":"https:\/\/www.ufsm.br\/pro-reitorias\/proplan\/wp-json\/wp\/v2\/comments?post=2997"}],"version-history":[{"count":0,"href":"https:\/\/www.ufsm.br\/pro-reitorias\/proplan\/wp-json\/wp\/v2\/pages\/2997\/revisions"}],"wp:attachment":[{"href":"https:\/\/www.ufsm.br\/pro-reitorias\/proplan\/wp-json\/wp\/v2\/media?parent=2997"}],"wp:term":[{"taxonomy":"category","embeddable":true,"href":"https:\/\/www.ufsm.br\/pro-reitorias\/proplan\/wp-json\/wp\/v2\/categories?post=2997"},{"taxonomy":"post_tag","embeddable":true,"href":"https:\/\/www.ufsm.br\/pro-reitorias\/proplan\/wp-json\/wp\/v2\/tags?post=2997"}],"curies":[{"name":"wp","href":"https:\/\/api.w.org\/{rel}","templated":true}]}}