{"id":3065,"date":"2020-01-22T12:56:26","date_gmt":"2020-01-22T15:56:26","guid":{"rendered":"https:\/\/www.ufsm.br\/pro-reitorias\/proplan\/?page_id=3065"},"modified":"2020-05-25T15:03:32","modified_gmt":"2020-05-25T18:03:32","slug":"resolucao-n-030-2008","status":"publish","type":"page","link":"https:\/\/www.ufsm.br\/pro-reitorias\/proplan\/resolucao-n-030-2008","title":{"rendered":"Resolu\u00e7\u00e3o N. 030\/2008"},"content":{"rendered":"\t\t<div data-elementor-type=\"wp-page\" data-elementor-id=\"3065\" class=\"elementor elementor-3065\">\n\t\t\t\t\t\t<section class=\"elementor-section elementor-top-section elementor-element elementor-element-71fd868 elementor-section-boxed elementor-section-height-default elementor-section-height-default\" data-id=\"71fd868\" data-element_type=\"section\">\n\t\t\t\t\t\t<div class=\"elementor-container elementor-column-gap-default\">\n\t\t\t\t\t<div class=\"elementor-column elementor-col-100 elementor-top-column elementor-element elementor-element-bb8d04d\" data-id=\"bb8d04d\" data-element_type=\"column\">\n\t\t\t<div class=\"elementor-widget-wrap elementor-element-populated\">\n\t\t\t\t\t\t<div class=\"elementor-element elementor-element-02adcb9 elementor-widget elementor-widget-html\" data-id=\"02adcb9\" data-element_type=\"widget\" data-widget_type=\"html.default\">\n\t\t\t\t<div class=\"elementor-widget-container\">\n\t\t\t\r\n\r\n\r\n<title><b>RESOLU\u00c7\u00c3O N. 030\/2008<\/b><\/title>\r\n\r\n\r\n<div align=\"center\"><img decoding=\"async\" src=\"https:\/\/www.ufsm.br\/pro-reitorias\/proplan\/wp-content\/uploads\/sites\/344\/2019\/09\/brasao-da-republica-do-brasil-logo.png\" alt=\"Bras\u00e3o Rep\u00fablica Federativa do Brasil\" width=\"6%\" height=\"6%\"><\/div>    \r\n<h1><font color=\"blue\"><font size=\"5\"><div align=\"center\">MINIST\u00c9RIO DA EDUCA\u00c7\u00c3O<\/b><\/font><\/font><\/div><\/H1>\r\n<p><b><font color=\"0000blue\"><div align=\"center\">UNIVERSIDADE FEDERAL DE SANTA MARIA<\/b><\/font><\/div><\/p>\r\n\r\n<p><div align=\"center\"><b><a href=\"https:\/\/portal.ufsm.br\/documentos\/publico\/documento.html?id=4353610\"><font color=\"blue\">RESOLU\u00c7\u00c3O N. 030\/2008<\/font><\/a><\/b><\/div><\/p>\r\n<br>\r\n<p><div align=\"right\"><font color=\"800000\"><strike>Aprova o Regimento Interno de P\u00f3s-Gradua\u00e7\u00e3o Stricto Sensu e Latu Sensu da Universidade Federal de Santa Maria.<\/strike><\/font><\/div><\/p>\r\n<br>\r\n<p><a href=\"https:\/\/www.ufsm.br\/pro-reitorias\/proplan\/resolucao-n-015-2014\/\"><font color=\"blue\">Revogada pela Resolu\u00e7\u00e3o N. 015\/2014<\/font><\/a><\/p>\r\n<br>\r\n<br><div align=\"justify\">\r\n<strike>\r\n<p>O REITOR DA UNIVERSIDADE FEDERAL DE SANTA MARIA, no uso de suas atribui\u00e7\u00f5es legais e estatut\u00e1rias e considerando:<\/p>\r\n<p>- que a pol\u00edtica de p\u00f3s-gradua\u00e7\u00e3o da UFSM \u00e9 estabelecida pela Pr\u00f3-Reitoria de P\u00f3s-Gradua\u00e7\u00e3o e Pesquisa - PRPGP, sendo parte integrante do Plano de Desenvolvimento Institucional - PDI;<\/p>\r\n<p>- que a p\u00f3s-gradua\u00e7\u00e3o est\u00e1 estruturada nas modalidades stricto e lato sensu, sendo que o stricto sensu \u00e9 composto por programas de p\u00f3s-gradua\u00e7\u00e3o, constitu\u00eddo por cursos de mestrado e\/ou doutorado, e est\u00e1 normatizado no T\u00edtulo I do regimento e que o latu sensu \u00e9 composto por cursos de especializa\u00e7\u00e3o e est\u00e1 normatizado no Titulo Il do regimento;<\/p>\r\n<p>- que os programas de p\u00f3s-gradua\u00e7\u00e3o s\u00e3o constitu\u00eddos por um conjunto de uma ou mais \u00e1reas de concentra\u00e7\u00e3o em coer\u00eancia com as linhas de pesquisa, com os projetos em andamento e com a estrutura curricular, sob uma mesma coordena\u00e7\u00e3o, recebendo uma avalia\u00e7\u00e3o \u00fanica da Coordena\u00e7\u00e3o de Aperfei\u00e7oamento de Pessoal de N\u00edvel Superior - CAPES;<\/p>\r\n<p>- que a p\u00f3s-gradua\u00e7\u00e3o stricto sensu \u00e9 direcionada \u00e0 forma\u00e7\u00e3o de recursos humanos, \u00e0 produ\u00e7\u00e3o de conhecimento, tecnologia e inova\u00e7\u00e3o, compreendendo dois n\u00edveis independentes e conclusivos, mestrado e doutorado, n\u00e3o se constituindo o mestrado um pr\u00e9-requisito para o doutorado e que atualmente, o latu sensu visa ao aprimoramento profissional e n\u00e3o uma prepara\u00e7\u00e3o para o stricto sensu, sendo que por outro lado, a inicia\u00e7\u00e3o cient\u00edfica tem sido estimulada como um n\u00edvel preparat\u00f3rio para o stricto sensu, qualificando e reduzindo o tempo de forma\u00e7\u00e3o no mestrado e doutorado;<\/p>\r\n<p>- que as atividades did\u00e1ticas e de pesquisa dos programas de p\u00f3s-gradua\u00e7\u00e3o s\u00e3o regidas por resolu\u00e7\u00f5es espec\u00edficas estabelecidas na UFSM, obedecendo \u00e0s normatiza\u00e7\u00f5es da CAPES (MEC) e do Conselho Nacional de Educa\u00e7\u00e3o\/Minist\u00e9rio da Educa\u00e7\u00e3o - CNE\/MEC referentes \u00e0 concep\u00e7\u00e3o, funcionamento, autoriza\u00e7\u00e3o, reconhecimento, avalia\u00e7\u00e3o e desempenho e que as normativas adicionais ao regimento da p\u00f3s-gradua\u00e7\u00e3o da UFSM devem constar no regulamento de cada programa; e<\/p>\r\n<p>- O Parecer n. 126\/08, aprovado na 732\u00aa Sess\u00e3o do Conselho de Ensino, Pesquisa e Extens\u00e3o de 05.12.2008, referente ao processo n. <a href=\"https:\/\/portal.ufsm.br\/documentos\/publico\/processo\/documento.html?idDocumento=3413965\" target=\"_blank\"><font color=\"blue\"><u>23081.014627\/2008-56<\/u><\/font><\/a>.<\/p>\r\n<br>\r\n<p><b><div align=\"center\">RESOLVE:<\/b><\/div><\/p>\r\n<br>\r\n<p>Art. 1\u00ba Aprovar o <a href=\"https:\/\/www.ufsm.br\/pro-reitorias\/proplan\/regimento-interno-de-pos-graduacao-stricto-sensu-e-lato-sensu-da-ufsm-2008\/\" target=\"_blank\"><font color=\"blue\"><u>Regimento Interno de P\u00f3s-Gradua\u00e7\u00e3o Stricto Sensu e Lato Sensu da Universidade Federal de Santa Maria<\/u><\/font><\/a>.<\/p>\r\n<p>Art. 2\u00ba Esta resolu\u00e7\u00e3o entra em vigor na data de sua assinatura e revoga as disposi\u00e7\u00f5es em contr\u00e1rio.<\/p>\r\n\r\n<p>GABINETE DO REITOR DA UNIVERSIDADE FEDERAL DE SANTA MARIA, aos vinte e tr\u00eas dias do m\u00eas de dezembro do ano dois mil e oito.<\/p>\r\n<\/div>\r\n<p>Clovis Silva Lima,<\/p>\r\n<p>Reitor.<\/p>\r\n<\/strike>\r\n<p><font color=\"red0000\">Este texto n\u00e3o substitui o documento original, publicado no Portal de Documentos.<\/font> Dispon\u00edvel em: <a href=\"https:\/\/portal.ufsm.br\/documentos\/publico\/documento.html?id=4353610\"><font color=\"blue\">https:\/\/portal.ufsm.br\/documentos\/publico\/documento.html?id=4353610<\/font><\/a>\r\n\r\n\t\t<\/div>\n\t\t\t\t<\/div>\n\t\t\t\t\t<\/div>\n\t\t<\/div>\n\t\t\t\t\t<\/div>\n\t\t<\/section>\n\t\t\t\t<\/div>\n\t\t","protected":false},"excerpt":{"rendered":"<p>RESOLU\u00c7\u00c3O N. 030\/2008 MINIST\u00c9RIO DA EDUCA\u00c7\u00c3O UNIVERSIDADE FEDERAL DE SANTA MARIA RESOLU\u00c7\u00c3O N. 030\/2008 Aprova o Regimento Interno de P\u00f3s-Gradua\u00e7\u00e3o Stricto Sensu e Latu Sensu da Universidade Federal de Santa Maria. Revogada pela Resolu\u00e7\u00e3o N. 015\/2014 O REITOR DA UNIVERSIDADE FEDERAL DE SANTA MARIA, no uso de suas atribui\u00e7\u00f5es legais e estatut\u00e1rias e considerando: &#8211; [&hellip;]<\/p>\n","protected":false},"author":205,"featured_media":0,"parent":0,"menu_order":0,"comment_status":"closed","ping_status":"closed","template":"","meta":{"footnotes":""},"categories":[],"tags":[],"class_list":["post-3065","page","type-page","status-publish","hentry"],"acf":[],"_links":{"self":[{"href":"https:\/\/www.ufsm.br\/pro-reitorias\/proplan\/wp-json\/wp\/v2\/pages\/3065","targetHints":{"allow":["GET"]}}],"collection":[{"href":"https:\/\/www.ufsm.br\/pro-reitorias\/proplan\/wp-json\/wp\/v2\/pages"}],"about":[{"href":"https:\/\/www.ufsm.br\/pro-reitorias\/proplan\/wp-json\/wp\/v2\/types\/page"}],"author":[{"embeddable":true,"href":"https:\/\/www.ufsm.br\/pro-reitorias\/proplan\/wp-json\/wp\/v2\/users\/205"}],"replies":[{"embeddable":true,"href":"https:\/\/www.ufsm.br\/pro-reitorias\/proplan\/wp-json\/wp\/v2\/comments?post=3065"}],"version-history":[{"count":0,"href":"https:\/\/www.ufsm.br\/pro-reitorias\/proplan\/wp-json\/wp\/v2\/pages\/3065\/revisions"}],"wp:attachment":[{"href":"https:\/\/www.ufsm.br\/pro-reitorias\/proplan\/wp-json\/wp\/v2\/media?parent=3065"}],"wp:term":[{"taxonomy":"category","embeddable":true,"href":"https:\/\/www.ufsm.br\/pro-reitorias\/proplan\/wp-json\/wp\/v2\/categories?post=3065"},{"taxonomy":"post_tag","embeddable":true,"href":"https:\/\/www.ufsm.br\/pro-reitorias\/proplan\/wp-json\/wp\/v2\/tags?post=3065"}],"curies":[{"name":"wp","href":"https:\/\/api.w.org\/{rel}","templated":true}]}}