{"id":3121,"date":"2020-01-30T07:24:56","date_gmt":"2020-01-30T10:24:56","guid":{"rendered":"https:\/\/www.ufsm.br\/pro-reitorias\/proplan\/?page_id=3121"},"modified":"2020-05-25T15:21:00","modified_gmt":"2020-05-25T18:21:00","slug":"resolucao-n-008-2006","status":"publish","type":"page","link":"https:\/\/www.ufsm.br\/pro-reitorias\/proplan\/resolucao-n-008-2006","title":{"rendered":"Resolu\u00e7\u00e3o N. 008\/2006"},"content":{"rendered":"\t\t<div data-elementor-type=\"wp-page\" data-elementor-id=\"3121\" class=\"elementor elementor-3121\">\n\t\t\t\t\t\t<section class=\"elementor-section elementor-top-section elementor-element elementor-element-a9cc9f2 elementor-section-boxed elementor-section-height-default elementor-section-height-default\" data-id=\"a9cc9f2\" data-element_type=\"section\">\n\t\t\t\t\t\t<div class=\"elementor-container elementor-column-gap-default\">\n\t\t\t\t\t<div class=\"elementor-column elementor-col-100 elementor-top-column elementor-element elementor-element-da09e66\" data-id=\"da09e66\" data-element_type=\"column\">\n\t\t\t<div class=\"elementor-widget-wrap elementor-element-populated\">\n\t\t\t\t\t\t<div class=\"elementor-element elementor-element-e8c89d3 elementor-widget elementor-widget-html\" data-id=\"e8c89d3\" data-element_type=\"widget\" data-widget_type=\"html.default\">\n\t\t\t\t<div class=\"elementor-widget-container\">\n\t\t\t\r\n\r\n\r\n<title><b>RESOLU\u00c7\u00c3O N. 008\/2006<\/b><\/title>\r\n\r\n\r\n<div align=\"center\"><img decoding=\"async\" src=\"https:\/\/www.ufsm.br\/pro-reitorias\/proplan\/wp-content\/uploads\/sites\/344\/2019\/09\/brasao-da-republica-do-brasil-logo.png\" alt=\"Bras\u00e3o Rep\u00fablica Federativa do Brasil\" width=\"6%\" height=\"6%\"><\/div>    \r\n<h1><font color=\"blue\"><font size=\"5\"><div align=\"center\">MINIST\u00c9RIO DA EDUCA\u00c7\u00c3O<\/b><\/font><\/font><\/div><\/H1>\r\n<p><b><font color=\"0000blue\"><div align=\"center\">UNIVERSIDADE FEDERAL DE SANTA MARIA<\/b><\/font><\/div><\/p>\r\n\r\n<p><div align=\"center\"><b><a href=\"https:\/\/portal.ufsm.br\/documentos\/publico\/documento.html?id=4391597\"><font color=\"blue\">RESOLU\u00c7\u00c3O N. 008\/2006<\/font><\/a><\/b><\/div><\/p>\r\n<br>\r\n<p><div align=\"right\"><font color=\"800000\"><strike>Cria, no \u00e2mbito da UFSM, a Comiss\u00e3o Permanente de Cadastro de Fornecedores -SICAF e d\u00e1 outras provid\u00eancias.<\/strike><\/font><\/div><\/p>\r\n<br>\r\n<p><a href=\"https:\/\/www.ufsm.br\/pro-reitorias\/proplan\/resolucao-n-009-2006\/\"><font color=\"blue\">Revogada pela Resolu\u00e7\u00e3o N. 009\/2006<\/font><\/a><\/p>\r\n<br>\r\n<strike>\r\n<br><div align=\"justify\">\r\n<p>O REITOR DA UNIVERSIDADE FEDERAL DE SANTA MARIA, no uso de suas atribui\u00e7\u00f5es legais e estatut\u00e1rias e considerando:<\/p>\r\n<p>- A solicita\u00e7\u00e3o constante do Memorando N.09\/2006-DEMAPA, de cria\u00e7\u00e3o da Comiss\u00e3o Permanente de Cadastro de Fornecedores- SICAF;<\/p>\r\n<p>- artigo 34 e o artigo 51 e seus par\u00e1grafos 2\u00ba e 4\u00ba da <a href=\"http:\/\/www.planalto.gov.br\/ccivil_03\/leis\/l8666cons.htm\" target=\"_blank\"><font color=\"blue\"><u>Lei 8.666\/93 de 21 de junho de 1993<\/u><\/font><\/a>;<\/p>\r\n<p>- a <a href=\"http:\/\/www.comprasnet.gov.br\/legislacao\/in\/in05_95.htm\" target=\"_blank\"><font color=\"blue\"><u>Instru\u00e7\u00e3o Normativa MARE N.5,de 21 de julho de 1995<\/u><\/font><\/a>;<\/p>\r\n<p>- a <a href=\"http:\/\/www.lexeditora.com.br\/doc_11223428_INSTRUCAO_NORMATIVA_N_7_DE_16_DE_NOVEMBRO_DE_1995.aspx\" target=\"_blank\"><font color=\"blue\"><u>Instru\u00e7\u00e3o Normativa MARE N.7, de 16 de novembro de 1995<\/u><\/font><\/a>;<\/p>\r\n<p>- o <a href=\"http:\/\/www.planalto.gov.br\/ccivil_03\/decreto\/2001\/D3722.htm\" target=\"_blank\"><font color=\"blue\"><u>Decreto N. 3722, de 9 de janeiro de 2001<\/u><\/font><\/a>;<\/p>\r\n<p>- a <a href=\"https:\/\/www.comprasgovernamentais.gov.br\/index.php\/legislacao\/instrucoes-normativas\/424-instrucao-normativa-n-01-de-17-de-maio-de-2001-revogada-pela-in-n-2-de-11-de-outubro-de-2010\" target=\"_blank\"><font color=\"blue\"><u>Instru\u00e7\u00e3o Normativa N.01, de 17 de maio de 2001, do Minist\u00e9rio de Planejamento, Or\u00e7amento e Gest\u00e3o<\/u><\/font><\/a>;<\/p>\r\n<p>- o <a href=\"http:\/\/www.planalto.gov.br\/ccivil_03\/decreto\/2002\/D4485.htm\" target=\"_blank\"><font color=\"blue\"><u>Decreto N. 4.485, de 25 de novembro de 2002<\/u><\/font><\/a>;<\/p>\r\n<p>- o Parecer N. 040\/06, da Comiss\u00e3o de Legisla\u00e7\u00e3o e Regimentos, aprovado na 656\u00aa sess\u00e3o de Conselho Universit\u00e1rio, de 26\/05\/06, referente ao Processo N. <a href=\"https:\/\/portal.ufsm.br\/documentos\/publico\/processo\/documento.html?idDocumento=2165973\" target=\"_blank\"><font color=\"blue\"><u>23081.001285\/2006-42<\/u><\/font><\/a>.<\/p>\r\n<br>\r\n<p><div align=\"center\">RESOLVE:<\/div><\/p>\r\n<br>\r\n<p>Art. 1\u00ba Criar na estrutura organizacional da UFSM, a Comiss\u00e3o Permanente de Cadastro de Fornecedores- SICAF, diretamente subordinada ao Departamento de Material e Patrim\u00f4nio- DEMAPA.<\/p>\r\n<p>Art. 2\u00ba A Comiss\u00e3o Permanente de Cadastro de Fornecedores- SICAF tem por finalidade proceder a habilita\u00e7\u00e3o preliminar dos concorrentes, a inscri\u00e7\u00e3o em regime cadastral, a sua altera\u00e7\u00e3o ou cancelamento, bem como o processamento e o julgamento das propostas.<\/p>\r\n<p>Art. 3\u00ba A Comiss\u00e3o Permanente de Cadastro de Fornecedores- SICAF ser\u00e1 composta de, no m\u00ednimo, 3 (tr\u00eas) membros, sendo pelo menos 2 (dois) deles servidores qualificados pertencentes ao quadro permanente da UFSM.<\/p>\r\n<p>Art. 4\u00ba -A Comiss\u00e3o para julgamento dos pedidos de inscri\u00e7\u00e3o em registro cadastral, sua altera\u00e7\u00e3o de cancelamento, ser\u00e1 integrada por profissionais legalmente habilitados no caso de obras, servi\u00e7os ou aquisi\u00e7\u00e3o de equipamentos.<\/p>\r\n<p>Art. 5\u00ba A investidura dos membros da Comiss\u00e3o Permanente de Cadastro de Fornecedores-SICAF n\u00e3o exceder\u00e1 a 1 (um) ano, vedada a recondu\u00e7\u00e3o da totalidade de seus membros para a mesma comiss\u00e3o no per\u00edodo subsequente.<\/p>\r\n<p>Art. 6\u00ba A fun\u00e7\u00e3o Gratificada c\u00f3digo FG-4 somente ser\u00e1 atribu\u00edda ao presidente da Comiss\u00e3o Permanente de Cadastro de Fornecedores- SICAF por ocasi\u00e3o da sua disponibiliza\u00e7\u00e3o pelo Minist\u00e9rio da Educa\u00e7\u00e3o.<\/p>\r\n<p>Art. 7\u00ba Esta resolu\u00e7\u00e3o entrar\u00e1 em vigor na data de sua publica\u00e7\u00e3o, revogada as disposi\u00e7\u00f5es em contr\u00e1rio.<\/p>\r\n\r\n<p>GABINETE DO REITOR DA UNIVERSIDADE FEDERAL DE SANTA MARIA, aos 30 dias do m\u00eas de maio do ano dois mil e seis.<\/p>\r\n<\/div>\r\n<p>Clovis Silva Lima,<\/p>\r\n<p>Reitor.<\/p>\r\n\r\n<p><font color=\"red0000\">Este texto n\u00e3o substitui o documento original, publicado no Portal de Documentos.<\/font> Dispon\u00edvel em: <a href=\"https:\/\/portal.ufsm.br\/documentos\/publico\/documento.html?id=4391597\"><font color=\"blue\">https:\/\/portal.ufsm.br\/documentos\/publico\/documento.html?id=4391597<\/font><\/a>\r\n<\/strike>\r\n\r\n\t\t<\/div>\n\t\t\t\t<\/div>\n\t\t\t\t\t<\/div>\n\t\t<\/div>\n\t\t\t\t\t<\/div>\n\t\t<\/section>\n\t\t\t\t<\/div>\n\t\t","protected":false},"excerpt":{"rendered":"<p>RESOLU\u00c7\u00c3O N. 008\/2006 MINIST\u00c9RIO DA EDUCA\u00c7\u00c3O UNIVERSIDADE FEDERAL DE SANTA MARIA RESOLU\u00c7\u00c3O N. 008\/2006 Cria, no \u00e2mbito da UFSM, a Comiss\u00e3o Permanente de Cadastro de Fornecedores -SICAF e d\u00e1 outras provid\u00eancias. Revogada pela Resolu\u00e7\u00e3o N. 009\/2006 O REITOR DA UNIVERSIDADE FEDERAL DE SANTA MARIA, no uso de suas atribui\u00e7\u00f5es legais e estatut\u00e1rias e considerando: &#8211; [&hellip;]<\/p>\n","protected":false},"author":205,"featured_media":0,"parent":0,"menu_order":0,"comment_status":"closed","ping_status":"closed","template":"","meta":{"footnotes":""},"categories":[],"tags":[],"class_list":["post-3121","page","type-page","status-publish","hentry"],"acf":[],"_links":{"self":[{"href":"https:\/\/www.ufsm.br\/pro-reitorias\/proplan\/wp-json\/wp\/v2\/pages\/3121","targetHints":{"allow":["GET"]}}],"collection":[{"href":"https:\/\/www.ufsm.br\/pro-reitorias\/proplan\/wp-json\/wp\/v2\/pages"}],"about":[{"href":"https:\/\/www.ufsm.br\/pro-reitorias\/proplan\/wp-json\/wp\/v2\/types\/page"}],"author":[{"embeddable":true,"href":"https:\/\/www.ufsm.br\/pro-reitorias\/proplan\/wp-json\/wp\/v2\/users\/205"}],"replies":[{"embeddable":true,"href":"https:\/\/www.ufsm.br\/pro-reitorias\/proplan\/wp-json\/wp\/v2\/comments?post=3121"}],"version-history":[{"count":0,"href":"https:\/\/www.ufsm.br\/pro-reitorias\/proplan\/wp-json\/wp\/v2\/pages\/3121\/revisions"}],"wp:attachment":[{"href":"https:\/\/www.ufsm.br\/pro-reitorias\/proplan\/wp-json\/wp\/v2\/media?parent=3121"}],"wp:term":[{"taxonomy":"category","embeddable":true,"href":"https:\/\/www.ufsm.br\/pro-reitorias\/proplan\/wp-json\/wp\/v2\/categories?post=3121"},{"taxonomy":"post_tag","embeddable":true,"href":"https:\/\/www.ufsm.br\/pro-reitorias\/proplan\/wp-json\/wp\/v2\/tags?post=3121"}],"curies":[{"name":"wp","href":"https:\/\/api.w.org\/{rel}","templated":true}]}}