{"id":3123,"date":"2020-01-30T07:25:07","date_gmt":"2020-01-30T10:25:07","guid":{"rendered":"https:\/\/www.ufsm.br\/pro-reitorias\/proplan\/?page_id=3123"},"modified":"2020-05-25T15:21:13","modified_gmt":"2020-05-25T18:21:13","slug":"resolucao-n-009-2006","status":"publish","type":"page","link":"https:\/\/www.ufsm.br\/pro-reitorias\/proplan\/resolucao-n-009-2006","title":{"rendered":"Resolu\u00e7\u00e3o N. 009\/2006"},"content":{"rendered":"\t\t<div data-elementor-type=\"wp-page\" data-elementor-id=\"3123\" class=\"elementor elementor-3123\">\n\t\t\t\t\t\t<section class=\"elementor-section elementor-top-section elementor-element elementor-element-ba88172 elementor-section-boxed elementor-section-height-default elementor-section-height-default\" data-id=\"ba88172\" data-element_type=\"section\">\n\t\t\t\t\t\t<div class=\"elementor-container elementor-column-gap-default\">\n\t\t\t\t\t<div class=\"elementor-column elementor-col-100 elementor-top-column elementor-element elementor-element-f5cbaa7\" data-id=\"f5cbaa7\" data-element_type=\"column\">\n\t\t\t<div class=\"elementor-widget-wrap elementor-element-populated\">\n\t\t\t\t\t\t<div class=\"elementor-element elementor-element-a558f9d elementor-widget elementor-widget-html\" data-id=\"a558f9d\" data-element_type=\"widget\" data-widget_type=\"html.default\">\n\t\t\t\t<div class=\"elementor-widget-container\">\n\t\t\t\r\n\r\n\r\n<title><b>RESOLU\u00c7\u00c3O N. 009\/2006<\/b><\/title>\r\n\r\n\r\n<div align=\"center\"><img decoding=\"async\" src=\"https:\/\/www.ufsm.br\/pro-reitorias\/proplan\/wp-content\/uploads\/sites\/344\/2019\/09\/brasao-da-republica-do-brasil-logo.png\" alt=\"Bras\u00e3o Rep\u00fablica Federativa do Brasil\" width=\"6%\" height=\"6%\"><\/div>    \r\n<h1><font color=\"blue\"><font size=\"5\"><div align=\"center\">MINIST\u00c9RIO DA EDUCA\u00c7\u00c3O<\/b><\/font><\/font><\/div><\/H1>\r\n<p><b><font color=\"0000blue\"><div align=\"center\">UNIVERSIDADE FEDERAL DE SANTA MARIA<\/b><\/font><\/div><\/p>\r\n\r\n<p><div align=\"center\"><b><a href=\"https:\/\/portal.ufsm.br\/documentos\/publico\/documento.html?id=4391598\"><font color=\"blue\">RESOLU\u00c7\u00c3O N. 009\/2006<\/font><\/a><\/b><\/div><\/p>\r\n<br>\r\n<p><div align=\"right\"><font color=\"800000\">Cria, no \u00e2mbito da UFSM, a Comiss\u00e3o Permanente de Cadastro de Fornecedores \u2013SICAF, revoga a resolu\u00e7\u00e3o 08\/06 e d\u00e1 outras provid\u00eancias.<\/font><\/div><\/p>\r\n<br>\r\n<p><a href=\"https:\/\/www.ufsm.br\/pro-reitorias\/proplan\/resolucao-n-020-2019\/\"><font color=\"blue\">Alterada pela Resolu\u00e7\u00e3o N. 020\/2019<\/font><\/a><\/p>\r\n<br>\r\n<br><div align=\"justify\">\r\n<p>O REITOR DA UNIVERSIDADE FEDERAL DE SANTA MARIA, no uso de suas atribui\u00e7\u00f5es legais e estatut\u00e1rias e considerando:<\/p>\r\n<p>- a solicita\u00e7\u00e3o constante do Memorando N.09\/2006-DEMAPA, de cria\u00e7\u00e3o da Comiss\u00e3o Permanente de Cadastro de Fornecedores- SICAF;<\/p>\r\n<p>- artigo 34 e o artigo 51 e seus par\u00e1grafos 2\u00ba e 4\u00ba da <a href=\"http:\/\/www.planalto.gov.br\/ccivil_03\/leis\/l8666cons.htm\" target=\"_blank\"><font color=\"blue\"><u>Lei 8.666\/93 de 21 de junho de 1993<\/u><\/font><\/a>;<\/p>\r\n<p>- a <a href=\"http:\/\/www.comprasnet.gov.br\/legislacao\/in\/in05_95.htm\" target=\"_blank\"><font color=\"blue\"><u>Instru\u00e7\u00e3o Normativa MARE N.5,de 21 de julho de 1995<\/u><\/font><\/a>;<\/p>\r\n<p>- a <a href=\"http:\/\/www.lexeditora.com.br\/doc_11223428_INSTRUCAO_NORMATIVA_N_7_DE_16_DE_NOVEMBRO_DE_1995.aspx\" target=\"_blank\"><font color=\"blue\"><u>Instru\u00e7\u00e3o Normativa MARE N.7, de 16 de novembro de 1995<\/u><\/font><\/a>;<\/p>\r\n<p>- o <a href=\"http:\/\/www.planalto.gov.br\/ccivil_03\/decreto\/2001\/D3722.htm\" target=\"_blank\"><font color=\"blue\"><u>Decreto N. 3722, de 9 de janeiro de 2001<\/u><\/font><\/a>;<\/p>\r\n<p>- a <a href=\"https:\/\/www.comprasgovernamentais.gov.br\/index.php\/legislacao\/instrucoes-normativas\/424-instrucao-normativa-n-01-de-17-de-maio-de-2001-revogada-pela-in-n-2-de-11-de-outubro-de-2010\" target=\"_blank\"><font color=\"blue\"><u>Instru\u00e7\u00e3o Normativa N.01, de 17 de maio de 2001, do Minist\u00e9rio de Planejamento, Or\u00e7amento e Gest\u00e3o<\/u><\/font><\/a>;<\/p>\r\n<p>- o <a href=\"http:\/\/www.planalto.gov.br\/ccivil_03\/decreto\/2002\/D4485.htm\" target=\"_blank\"><font color=\"blue\"><u>Decreto N. 4.485, de 25 de novembro de 2002<\/u><\/font><\/a>;<\/p>\r\n<p>- o Parecer N. 040\/06, da Comiss\u00e3o de Legisla\u00e7\u00e3o e Regimentos, aprovado na 656\u00aa sess\u00e3o de Conselho Universit\u00e1rio, de 26\/05\/06, referente ao Processo N. <a href=\"https:\/\/portal.ufsm.br\/documentos\/publico\/processo\/documento.html?idDocumento=2165973\" target=\"_blank\"><font color=\"blue\"><u>23081.001285\/2006-42<\/u><\/font><\/a>.<\/p>\r\n<br>\r\n<p><div align=\"center\">RESOLVE:<\/div><\/p>\r\n<br>\r\n<p>Art. 1\u00ba Criar na estrutura organizacional da UFSM, a Comiss\u00e3o Permanente de Cadastro de Fornecedores- SICAF, diretamente subordinada ao Departamento de Material e Patrim\u00f4nio- DEMAPA.<\/p>\r\n<p>Art. 2\u00ba A Comiss\u00e3o Permanente de Cadastro de Fornecedores \u2014 SICAF tem por finalidade cadastrar e habilitar parcialmente pessoas f\u00edsicas ou jur\u00eddicas, interessadas em participar de licita\u00e7\u00f5es realizadas por \u00f3rg\u00e3os\/entidades da Administra\u00e7\u00e3o P\u00fablica Federal, que integram o Sistema de Servi\u00e7os Gerais \u2014 SISG, bem como acompanhar o desempenho dos fornecimentos contratados.<\/p>\r\n<p>Art. 3\u00ba A Comiss\u00e3o Permanente de Cadastro de Fornecedores \u2014 SICAF ser\u00e1 composta de, no m\u00ednimo, tr\u00eas membros, sendo, pelo menos, dois deles servidores qualificados pertencentes ao Quadro Permanente da UFSM.<\/p>\r\n<p>Art. 4\u00baA investidura dos membros da Comiss\u00e3o Permanente de Cadastro de Fornecedores \u2014 SICAF n\u00e3o exceder\u00e1 a um ano, vedada a recondu\u00e7\u00e3o da totalidade de seus membros para a mesma Comiss\u00e3o no per\u00edodo subsequente.<\/p>\r\n<p><strike>Art. 5\u00ba A Fun\u00e7\u00e3o Gratificada c\u00f3digo FG-4 somente ser\u00e1 atribu\u00edda ao Presidente da Comiss\u00e3o Permanente de Cadastro de Fornecedores \u2014 SICAF quando for disponibilizada pelo Minist\u00e9rio da Educa\u00e7\u00e3o.<\/strike> <a href=\"https:\/\/www.ufsm.br\/pro-reitorias\/proplan\/resolucao-n-020-2019\/\"><font color=\"blue\">(Revogado pelo Art. 1A da Resolu\u00e7\u00e3o N. 020\/2019)<\/font><\/a><\/p>\r\n<p>Art. 6\u00ba Esta resolu\u00e7\u00e3o entrar\u00e1 em vigor na data de sua assinatura, revogadas as disposi\u00e7\u00f5es em contr\u00e1rio, especialmente, a <a href=\"https:\/\/www.ufsm.br\/pro-reitorias\/proplan\/resolucao-n-008-2006\/\" target=\"_blank\"><font color=\"blue\"><u>Resolu\u00e7\u00e3o n. 08\/06, de 30.05.2006<\/u><\/font><\/a>.<\/p>\r\n\r\n<p>GABINETE DO REITOR DA UNIVERSIDADE FEDERAL DE SANTA MARIA, aos trinta e um dias do m\u00eas de maio do ano dois mil e seis.<\/p>\r\n<\/div>\r\n<p>Clovis Silva Lima,<\/p>\r\n<p>Reitor.<\/p>\r\n\r\n<p><font color=\"red0000\">Este texto n\u00e3o substitui o documento original, publicado no Portal de Documentos.<\/font> Dispon\u00edvel em: <a href=\"https:\/\/portal.ufsm.br\/documentos\/publico\/documento.html?id=4391598\"><font color=\"blue\">https:\/\/portal.ufsm.br\/documentos\/publico\/documento.html?id=4391598<\/font><\/a>\r\n\r\n\t\t<\/div>\n\t\t\t\t<\/div>\n\t\t\t\t\t<\/div>\n\t\t<\/div>\n\t\t\t\t\t<\/div>\n\t\t<\/section>\n\t\t\t\t<\/div>\n\t\t","protected":false},"excerpt":{"rendered":"<p>RESOLU\u00c7\u00c3O N. 009\/2006 MINIST\u00c9RIO DA EDUCA\u00c7\u00c3O UNIVERSIDADE FEDERAL DE SANTA MARIA RESOLU\u00c7\u00c3O N. 009\/2006 Cria, no \u00e2mbito da UFSM, a Comiss\u00e3o Permanente de Cadastro de Fornecedores \u2013SICAF, revoga a resolu\u00e7\u00e3o 08\/06 e d\u00e1 outras provid\u00eancias. Alterada pela Resolu\u00e7\u00e3o N. 020\/2019 O REITOR DA UNIVERSIDADE FEDERAL DE SANTA MARIA, no uso de suas atribui\u00e7\u00f5es legais e [&hellip;]<\/p>\n","protected":false},"author":205,"featured_media":0,"parent":0,"menu_order":0,"comment_status":"closed","ping_status":"closed","template":"","meta":{"footnotes":""},"categories":[],"tags":[],"class_list":["post-3123","page","type-page","status-publish","hentry"],"acf":[],"_links":{"self":[{"href":"https:\/\/www.ufsm.br\/pro-reitorias\/proplan\/wp-json\/wp\/v2\/pages\/3123","targetHints":{"allow":["GET"]}}],"collection":[{"href":"https:\/\/www.ufsm.br\/pro-reitorias\/proplan\/wp-json\/wp\/v2\/pages"}],"about":[{"href":"https:\/\/www.ufsm.br\/pro-reitorias\/proplan\/wp-json\/wp\/v2\/types\/page"}],"author":[{"embeddable":true,"href":"https:\/\/www.ufsm.br\/pro-reitorias\/proplan\/wp-json\/wp\/v2\/users\/205"}],"replies":[{"embeddable":true,"href":"https:\/\/www.ufsm.br\/pro-reitorias\/proplan\/wp-json\/wp\/v2\/comments?post=3123"}],"version-history":[{"count":0,"href":"https:\/\/www.ufsm.br\/pro-reitorias\/proplan\/wp-json\/wp\/v2\/pages\/3123\/revisions"}],"wp:attachment":[{"href":"https:\/\/www.ufsm.br\/pro-reitorias\/proplan\/wp-json\/wp\/v2\/media?parent=3123"}],"wp:term":[{"taxonomy":"category","embeddable":true,"href":"https:\/\/www.ufsm.br\/pro-reitorias\/proplan\/wp-json\/wp\/v2\/categories?post=3123"},{"taxonomy":"post_tag","embeddable":true,"href":"https:\/\/www.ufsm.br\/pro-reitorias\/proplan\/wp-json\/wp\/v2\/tags?post=3123"}],"curies":[{"name":"wp","href":"https:\/\/api.w.org\/{rel}","templated":true}]}}