{"id":3126,"date":"2020-01-31T08:41:20","date_gmt":"2020-01-31T11:41:20","guid":{"rendered":"https:\/\/www.ufsm.br\/pro-reitorias\/proplan\/?page_id=3126"},"modified":"2020-01-31T08:44:48","modified_gmt":"2020-01-31T11:44:48","slug":"formulario-de-inscricao-regulamento-geral-dos-estagios-academicos-no-hvu-da-ufsm","status":"publish","type":"page","link":"https:\/\/www.ufsm.br\/pro-reitorias\/proplan\/formulario-de-inscricao-regulamento-geral-dos-estagios-academicos-no-hvu-da-ufsm","title":{"rendered":"Formul\u00e1rio de Inscri\u00e7\u00e3o &#8211; Regulamento Geral dos Est\u00e1gios Acad\u00eamicos no HVU da UFSM"},"content":{"rendered":"\t\t<div data-elementor-type=\"wp-page\" data-elementor-id=\"3126\" class=\"elementor elementor-3126\">\n\t\t\t\t\t\t<section class=\"elementor-section elementor-top-section elementor-element elementor-element-97f1403 elementor-section-boxed elementor-section-height-default elementor-section-height-default\" data-id=\"97f1403\" data-element_type=\"section\">\n\t\t\t\t\t\t<div class=\"elementor-container elementor-column-gap-default\">\n\t\t\t\t\t<div class=\"elementor-column elementor-col-100 elementor-top-column elementor-element elementor-element-dad922d\" data-id=\"dad922d\" data-element_type=\"column\">\n\t\t\t<div class=\"elementor-widget-wrap elementor-element-populated\">\n\t\t\t\t\t\t<div class=\"elementor-element elementor-element-55d2643 elementor-widget elementor-widget-html\" data-id=\"55d2643\" data-element_type=\"widget\" data-widget_type=\"html.default\">\n\t\t\t\t<div class=\"elementor-widget-container\">\n\t\t\t\r\n\r\n\r\n<title><b>Formul\u00e1rio de Inscri\u00e7\u00e3o - Regulamento Geral dos Est\u00e1gios Acad\u00eamicos no Hospital Veterin\u00e1rio da UFSM<\/b><\/title>\r\n\r\n\r\n<div align=\"center\"><img decoding=\"async\" src=\"https:\/\/www.ufsm.br\/pro-reitorias\/proplan\/wp-content\/uploads\/sites\/344\/2019\/09\/brasao-da-republica-do-brasil-logo.png\" alt=\"Bras\u00e3o Rep\u00fablica Federativa do Brasil\" width=\"6%\" height=\"6%\"><\/div>    \r\n<h1><font color=\"blue\"><font size=\"5\"><div align=\"center\">MINIST\u00c9RIO DA EDUCA\u00c7\u00c3O<\/b><\/font><\/font><\/div><\/H1>\r\n<p><b><font color=\"0000blue\"><div align=\"center\">UNIVERSIDADE FEDERAL DE SANTA MARIA<\/b><\/font><\/div><\/p>\r\n<p><div align=\"center\">CENTRO DE CI\u00caNCIAS RURAIS<\/div><\/p>\r\n<p><div align=\"center\"><b>HOSPITAL VETERIN\u00c1RIO DA UFSM<\/b><\/div><\/p>\r\n<br>\r\n<table><table width=\"75%\">\r\n<tr><td width=\"30\"><img decoding=\"async\" src=\"https:\/\/www.ufsm.br\/pro-reitorias\/proplan\/wp-content\/uploads\/sites\/344\/2019\/11\/bras\u00e3o-UFSM.png\" alt=\"Bras\u00e3o UFSM\" width=\"70%\" height=\"70%\"><\/td><td width=\"50\"><p>Minist\u00e9rio da Educa\u00e7\u00e3o<\/p><p>Universidade Federal de Santa Maria<\/p><p>Centro de Ci\u00eancias Rurais<\/p><p><b>Hospital Veterin\u00e1rio da UFSM<\/b><\/p><\/td><\/tr>\r\n<\/div><\/table>\r\n<br>\r\n<table><table width=\"75%\">\r\n<tr><td><b>FORMUL\u00c1RIO DE INSCRI\u00c7\u00c3O N.<\/b><\/td><\/tr>\r\n<\/div><\/table>\r\n<br>\r\n<table><table width=\"75%\">\r\n<tr><td><p>I INFORMA\u00c7\u00d5ES PESSOAIS:<\/p><p><b>Nome: ........................................................................ Data de Nascimento: ..........\/........\/...........<\/b><\/p><p><b>Filia\u00e7\u00e3o:<\/b><\/p><p>Pai: ....................................................................................................................................................<\/p><p>M\u00e3e: .......................................................................... <b>Nacionalidade:<\/b> ...............................................<\/p><p><b>Endere\u00e7o:<\/b><\/p><p>Rua: ....................................................................................................................................................<\/p><p>Bairro: ..................................................................................................................................................<\/p><p>Cidade:  ............................................................................... CEP: ...................   UF (        )<\/p><p><b>Telefone:<\/b>&lt;\/p<p>Convencional: .............................................................................. Celular: ........................<\/p><p><b>Universidade de origem .....................................................................................................................<\/b><\/p><p><b>Curso de origem: .......................................................................<\/b>N. de matr\u00edcula: .............................<\/p><\/td><\/tr>\r\n<\/div><\/table>\r\n<br>\r\n<table><table width=\"75%\">\r\n<tr><td><p>II INFORMA\u00c7\u00d5ES DE EST\u00c1GIO:<\/p><p><b>\u00c1rea: ....................................................................................................................................................<\/b><\/p><p>Modalidade: .......................................................................................................................................<\/p><p>Coordenador\/Supervisor do Curso: ...................................................................................................<\/p><p>Orientador: ..........................................................................................................................................<\/p><p>Per\u00edodo ..........\/........\/........... a ..........\/........\/...........         Carga Hor\u00e1ria: ............................................<\/p><p>Antecedentes familiares: ...................................................................................................................<\/p><p>Custo total previsto: ..........................................................................................................................<\/p><p>Obs.: ..................................................................................................................................................<\/p><\/td><\/tr>\r\n<\/div><\/table>\r\n<br>\r\n<table><table width=\"75%\">\r\n<tr><td><br><br><br>Assinatura do solicitante                                                                   Assinatura do Chefe do Servi\u00e7o<\/td><\/tr>\r\n<\/div><\/table>\r\n<br>\r\n\r\n<p><font color=\"red0000\">Este texto n\u00e3o substitui o documento original, publicado no Portal de Documentos.<\/font> Dispon\u00edvel em: <a href=\"https:\/\/portal.ufsm.br\/documentos\/publico\/documento.html?id=12928376\"><font color=\"blue\">https:\/\/portal.ufsm.br\/documentos\/publico\/documento.html?id=12928376<\/font><\/a>\r\n\r\n\r\n\t\t<\/div>\n\t\t\t\t<\/div>\n\t\t\t\t\t<\/div>\n\t\t<\/div>\n\t\t\t\t\t<\/div>\n\t\t<\/section>\n\t\t\t\t<\/div>\n\t\t","protected":false},"excerpt":{"rendered":"<p>Formul\u00e1rio de Inscri\u00e7\u00e3o &#8211; Regulamento Geral dos Est\u00e1gios Acad\u00eamicos no Hospital Veterin\u00e1rio da UFSM MINIST\u00c9RIO DA EDUCA\u00c7\u00c3O UNIVERSIDADE FEDERAL DE SANTA MARIA CENTRO DE CI\u00caNCIAS RURAIS HOSPITAL VETERIN\u00c1RIO DA UFSM Minist\u00e9rio da Educa\u00e7\u00e3o Universidade Federal de Santa Maria Centro de Ci\u00eancias Rurais Hospital Veterin\u00e1rio da UFSM FORMUL\u00c1RIO DE INSCRI\u00c7\u00c3O N. I INFORMA\u00c7\u00d5ES PESSOAIS: Nome: &#8230;&#8230;&#8230;&#8230;&#8230;&#8230;&#8230;&#8230;&#8230;&#8230;&#8230;&#8230;&#8230;&#8230;&#8230;&#8230;&#8230;&#8230;&#8230;&#8230;&#8230;&#8230;&#8230;&#8230; [&hellip;]<\/p>\n","protected":false},"author":205,"featured_media":0,"parent":0,"menu_order":0,"comment_status":"closed","ping_status":"closed","template":"","meta":{"footnotes":""},"categories":[],"tags":[],"class_list":["post-3126","page","type-page","status-publish","hentry"],"acf":[],"_links":{"self":[{"href":"https:\/\/www.ufsm.br\/pro-reitorias\/proplan\/wp-json\/wp\/v2\/pages\/3126","targetHints":{"allow":["GET"]}}],"collection":[{"href":"https:\/\/www.ufsm.br\/pro-reitorias\/proplan\/wp-json\/wp\/v2\/pages"}],"about":[{"href":"https:\/\/www.ufsm.br\/pro-reitorias\/proplan\/wp-json\/wp\/v2\/types\/page"}],"author":[{"embeddable":true,"href":"https:\/\/www.ufsm.br\/pro-reitorias\/proplan\/wp-json\/wp\/v2\/users\/205"}],"replies":[{"embeddable":true,"href":"https:\/\/www.ufsm.br\/pro-reitorias\/proplan\/wp-json\/wp\/v2\/comments?post=3126"}],"version-history":[{"count":0,"href":"https:\/\/www.ufsm.br\/pro-reitorias\/proplan\/wp-json\/wp\/v2\/pages\/3126\/revisions"}],"wp:attachment":[{"href":"https:\/\/www.ufsm.br\/pro-reitorias\/proplan\/wp-json\/wp\/v2\/media?parent=3126"}],"wp:term":[{"taxonomy":"category","embeddable":true,"href":"https:\/\/www.ufsm.br\/pro-reitorias\/proplan\/wp-json\/wp\/v2\/categories?post=3126"},{"taxonomy":"post_tag","embeddable":true,"href":"https:\/\/www.ufsm.br\/pro-reitorias\/proplan\/wp-json\/wp\/v2\/tags?post=3126"}],"curies":[{"name":"wp","href":"https:\/\/api.w.org\/{rel}","templated":true}]}}