{"id":3149,"date":"2020-02-03T08:13:21","date_gmt":"2020-02-03T11:13:21","guid":{"rendered":"https:\/\/www.ufsm.br\/pro-reitorias\/proplan\/?page_id=3149"},"modified":"2020-07-01T09:45:17","modified_gmt":"2020-07-01T12:45:17","slug":"resolucao-n-011-2005","status":"publish","type":"page","link":"https:\/\/www.ufsm.br\/pro-reitorias\/proplan\/resolucao-n-011-2005","title":{"rendered":"Resolu\u00e7\u00e3o N. 011\/2005"},"content":{"rendered":"\t\t<div data-elementor-type=\"wp-page\" data-elementor-id=\"3149\" class=\"elementor elementor-3149\">\n\t\t\t\t\t\t<section class=\"elementor-section elementor-top-section elementor-element elementor-element-09b8b40 elementor-section-boxed elementor-section-height-default elementor-section-height-default\" data-id=\"09b8b40\" data-element_type=\"section\">\n\t\t\t\t\t\t<div class=\"elementor-container elementor-column-gap-default\">\n\t\t\t\t\t<div class=\"elementor-column elementor-col-100 elementor-top-column elementor-element elementor-element-32f0060\" data-id=\"32f0060\" data-element_type=\"column\">\n\t\t\t<div class=\"elementor-widget-wrap elementor-element-populated\">\n\t\t\t\t\t\t<div class=\"elementor-element elementor-element-15ffc65 elementor-widget elementor-widget-html\" data-id=\"15ffc65\" data-element_type=\"widget\" data-widget_type=\"html.default\">\n\t\t\t\t<div class=\"elementor-widget-container\">\n\t\t\t\r\n\r\n\r\n<title><b>RESOLU\u00c7\u00c3O N. 011\/2005<\/b><\/title>\r\n\r\n\r\n<div align=\"center\"><img decoding=\"async\" src=\"https:\/\/www.ufsm.br\/pro-reitorias\/proplan\/wp-content\/uploads\/sites\/344\/2019\/09\/brasao-da-republica-do-brasil-logo.png\" alt=\"Bras\u00e3o Rep\u00fablica Federativa do Brasil\" width=\"6%\" height=\"6%\"><\/div>    \r\n<h1><font color=\"blue\"><font size=\"5\"><div align=\"center\">MINIST\u00c9RIO DA EDUCA\u00c7\u00c3O<\/b><\/font><\/font><\/div><\/H1>\r\n<p><b><font color=\"0000blue\"><div align=\"center\">UNIVERSIDADE FEDERAL DE SANTA MARIA<\/b><\/font><\/div><\/p>\r\n\r\n<p><div align=\"center\"><b><a href=\"https:\/\/portal.ufsm.br\/documentos\/publico\/documento.html?id=4392998\"><font color=\"blue\">RESOLU\u00c7\u00c3O N. 011\/2005<\/font><\/a><\/b><\/div><\/p>\r\n<br>\r\n<p><strike><div align=\"right\"><font color=\"800000\">Reintegra o Centro de Eventos \u00e0 Estrutura Organizacional da Universidade Federal de Santa Maria.<\/font><\/div><\/strike><\/p>\r\n<br>\r\n<p><u><a href=\"https:\/\/www.ufsm.br\/pro-reitorias\/proplan\/resolucao-n-016-2020\/\" target=\"_blank\"><font color=\"blue\">Revogada pela Resolu\u00e7\u00e3o N. 016\/2020<\/font><\/a><\/u><\/p>\r\n<br>\r\n<strike>\r\n<br><div align=\"justify\">\r\n<p>O REITOR DA UNIVERSIDADE FEDERAL DE SANTA MARIA, no uso de suas atribui\u00e7\u00f5es legais e estatut\u00e1rias, e considerando:<\/p>\r\n<p>- a extin\u00e7\u00e3o, por decurso de prazo, do Conv\u00eanio firmado entre UFSM \u2014 Sindicato Rural \u2014 Associa\u00e7\u00e3o Rural e que vigorou at\u00e9 31 de dezembro de 2003;<\/p>\r\n<p>- que a Associa\u00e7\u00e3o Pr\u00f3-Administra\u00e7\u00e3o do Centro de Eventos \u2014 APACE foi criada com o fim espec\u00edfico de fazer o gerenciamento do Centro de Eventos por for\u00e7a do conv\u00eanio acima citado;<\/p>\r\n<p>- que, com a extin\u00e7\u00e3o do Conv\u00eanio, segundo prev\u00ea a cl\u00e1usula-d\u00e9cima do instrumento de ajuste, ficou automaticamente extinta a APACE com a devida baixa no respectivo Cart\u00f3rio;<\/p>\r\n<p>- que, com a extin\u00e7\u00e3o do Conv\u00eanio e da APACE, se extinguiu automaticamente a permiss\u00e3o de uso da \u00e1rea e material ali tombado, na forma preconizada pela cl\u00e1usula d\u00e9cima segunda do termo pertinente retornando todo o material \u00e0 UFSM;<\/p>\r\n<p>- a sugest\u00e3o constante do Relat\u00f3rio da Comiss\u00e3o designada pela Portaria n. 44.856\/2008, para estudar o futuro administrativo do Centro de Eventos;<\/p>\r\n<p>- o Parecer n. 036\/2005, da Comiss\u00e3o de Legisla\u00e7\u00e3o e Regimentos, aprovado na 649\u00aa Sess\u00e3o do Conselho Universit\u00e1rio, de 19.8.2005; conforme Processo n. <a href=\"https:\/\/portal.ufsm.br\/documentos\/publico\/processo\/documento.html?idDocumento=1738873\" target=\"_blank\"><font color=\"blue\"><u>23081.013319\/2005-61<\/u><\/font><\/a>.<\/p>\r\n<br>\r\n<p><div align=\"center\">RESOLVE:<\/div><\/p>\r\n<br>\r\n<p>Art. 1\u00ba Reintegrar o Centro de Eventos \u00e0 estrutura da Universidade Federal de Santa Maria.<\/p>\r\n<p>Art. 2\u00ba O Centro de Eventos, \u00f3rg\u00e3o de apoio da Universidade Federal de Santa Maria, ser\u00e1 diretamente subordinado ao Gabinete do Reitor com supervis\u00e3o administrativa da Pr\u00f3-Reitoria de Extens\u00e3o.<\/p>\r\n<p>Art. 3\u00ba O Centro de Eventos ter\u00e1 por finalidade a promo\u00e7\u00e3o e realiza\u00e7\u00e3o de eventos que difundam os conhecimentos e as tecnologias geradas nas \u00e1reas institucional, educacional, tecnol\u00f3gica, cultural, social, industrial e comercial, visando ao desenvolvimento regional.<\/p>\r\n<p>Art. 4\u00ba O Centro de Eventos ter\u00e1, em sua estrutura, a Dire\u00e7\u00e3o e a Secretaria de Apoio Administrativo.<\/p>\r\n<p>Art. 5\u00ba A atribui\u00e7\u00e3o de Fun\u00e7\u00f5es Gratificadas aos dirigentes das subunidades do Centro de Eventos somente poder\u00e1 ser realizada por ocasi\u00e3o da expans\u00e3o do Quadro de Fun\u00e7\u00f5es da Institui\u00e7\u00e3o e\/ou estudo de Readequa\u00e7\u00e3o das Fun\u00e7\u00f5es Existentes.<\/p>\r\n<p>Art. 6\u00ba Esta resolu\u00e7\u00e3o entrar\u00e1 em vigor na data de sua publica\u00e7\u00e3o, revogadas as disposi\u00e7\u00f5es em contr\u00e1rio.<\/p>\r\n\r\n<p>GABINETE DO REITOR DA UNIVERSIDADE FEDERAL DE SANTA MARIA, aos vinte e seis dias do m\u00eas agosto do ano dois mil e cinco.<\/p>\r\n<\/div>\r\n<p>Paulo Jorge Sarkis,<\/p>\r\n<p>Reitor.<\/p>\r\n<\/strike>\r\n<p><font color=\"red0000\">Este texto n\u00e3o substitui o documento original, publicado no Portal de Documentos.<\/font> Dispon\u00edvel em: <a href=\"https:\/\/portal.ufsm.br\/documentos\/publico\/documento.html?id=4392998\"><font color=\"blue\">https:\/\/portal.ufsm.br\/documentos\/publico\/documento.html?id=4392998<\/font><\/a>\r\n\r\n\t\t<\/div>\n\t\t\t\t<\/div>\n\t\t\t\t\t<\/div>\n\t\t<\/div>\n\t\t\t\t\t<\/div>\n\t\t<\/section>\n\t\t\t\t<\/div>\n\t\t","protected":false},"excerpt":{"rendered":"<p>RESOLU\u00c7\u00c3O N. 011\/2005 MINIST\u00c9RIO DA EDUCA\u00c7\u00c3O UNIVERSIDADE FEDERAL DE SANTA MARIA RESOLU\u00c7\u00c3O N. 011\/2005 Reintegra o Centro de Eventos \u00e0 Estrutura Organizacional da Universidade Federal de Santa Maria. Revogada pela Resolu\u00e7\u00e3o N. 016\/2020 O REITOR DA UNIVERSIDADE FEDERAL DE SANTA MARIA, no uso de suas atribui\u00e7\u00f5es legais e estatut\u00e1rias, e considerando: &#8211; a extin\u00e7\u00e3o, por [&hellip;]<\/p>\n","protected":false},"author":205,"featured_media":0,"parent":0,"menu_order":0,"comment_status":"closed","ping_status":"closed","template":"","meta":{"footnotes":""},"categories":[],"tags":[],"class_list":["post-3149","page","type-page","status-publish","hentry"],"acf":[],"_links":{"self":[{"href":"https:\/\/www.ufsm.br\/pro-reitorias\/proplan\/wp-json\/wp\/v2\/pages\/3149","targetHints":{"allow":["GET"]}}],"collection":[{"href":"https:\/\/www.ufsm.br\/pro-reitorias\/proplan\/wp-json\/wp\/v2\/pages"}],"about":[{"href":"https:\/\/www.ufsm.br\/pro-reitorias\/proplan\/wp-json\/wp\/v2\/types\/page"}],"author":[{"embeddable":true,"href":"https:\/\/www.ufsm.br\/pro-reitorias\/proplan\/wp-json\/wp\/v2\/users\/205"}],"replies":[{"embeddable":true,"href":"https:\/\/www.ufsm.br\/pro-reitorias\/proplan\/wp-json\/wp\/v2\/comments?post=3149"}],"version-history":[{"count":0,"href":"https:\/\/www.ufsm.br\/pro-reitorias\/proplan\/wp-json\/wp\/v2\/pages\/3149\/revisions"}],"wp:attachment":[{"href":"https:\/\/www.ufsm.br\/pro-reitorias\/proplan\/wp-json\/wp\/v2\/media?parent=3149"}],"wp:term":[{"taxonomy":"category","embeddable":true,"href":"https:\/\/www.ufsm.br\/pro-reitorias\/proplan\/wp-json\/wp\/v2\/categories?post=3149"},{"taxonomy":"post_tag","embeddable":true,"href":"https:\/\/www.ufsm.br\/pro-reitorias\/proplan\/wp-json\/wp\/v2\/tags?post=3149"}],"curies":[{"name":"wp","href":"https:\/\/api.w.org\/{rel}","templated":true}]}}