{"id":3162,"date":"2020-02-03T09:00:59","date_gmt":"2020-02-03T12:00:59","guid":{"rendered":"https:\/\/www.ufsm.br\/pro-reitorias\/proplan\/?page_id=3162"},"modified":"2021-07-01T13:59:45","modified_gmt":"2021-07-01T16:59:45","slug":"resolucao-n-013-2004","status":"publish","type":"page","link":"https:\/\/www.ufsm.br\/pro-reitorias\/proplan\/resolucao-n-013-2004","title":{"rendered":"Resolu\u00e7\u00e3o N. 013\/2004"},"content":{"rendered":"\t\t<div data-elementor-type=\"wp-page\" data-elementor-id=\"3162\" class=\"elementor elementor-3162\">\n\t\t\t\t\t\t<section class=\"elementor-section elementor-top-section elementor-element elementor-element-69f1f25 elementor-section-boxed elementor-section-height-default elementor-section-height-default\" data-id=\"69f1f25\" data-element_type=\"section\">\n\t\t\t\t\t\t<div class=\"elementor-container elementor-column-gap-default\">\n\t\t\t\t\t<div class=\"elementor-column elementor-col-100 elementor-top-column elementor-element elementor-element-fcf9c16\" data-id=\"fcf9c16\" data-element_type=\"column\">\n\t\t\t<div class=\"elementor-widget-wrap elementor-element-populated\">\n\t\t\t\t\t\t<div class=\"elementor-element elementor-element-8557e22 elementor-widget elementor-widget-html\" data-id=\"8557e22\" data-element_type=\"widget\" data-widget_type=\"html.default\">\n\t\t\t\t<div class=\"elementor-widget-container\">\n\t\t\t\n\n\n<title><b>RESOLU\u00c7\u00c3O N. 013\/2004<\/b><\/title>\n\n\n<div align=\"center\"><img decoding=\"async\" src=\"https:\/\/www.ufsm.br\/pro-reitorias\/proplan\/wp-content\/uploads\/sites\/344\/2019\/09\/brasao-da-republica-do-brasil-logo.png\" alt=\"Bras\u00e3o Rep\u00fablica Federativa do Brasil\" width=\"6%\" height=\"6%\"><\/div>    \n<h1><font color=\"blue\"><font size=\"5\"><div align=\"center\">MINIST\u00c9RIO DA EDUCA\u00c7\u00c3O<\/b><\/font><\/font><\/div><\/H1>\n<p><b><font color=\"0000blue\"><div align=\"center\">UNIVERSIDADE FEDERAL DE SANTA MARIA<\/b><\/font><\/div><\/p>\n\n<p><div align=\"center\"><b><a href=\"https:\/\/portal.ufsm.br\/documentos\/publico\/documento.html?id=4434840\"><font color=\"blue\">RESOLU\u00c7\u00c3O N. 013\/2004<\/font><\/a><\/b><\/div><\/p>\n<br>\n<p><div align=\"right\"><font color=\"800000\"><strike>Divulga a aprova\u00e7\u00e3o, pelo Conselho de Ensino, Pesquisa e Extens\u00e3o, da publica\u00e7\u00e3o \u201cEstrutura e Apresenta\u00e7\u00e3o de Monografias, Disserta\u00e7\u00f5es e Teses: MDT - 62 edi\u00e7\u00e3o\u201d e revoga a Resolu\u00e7\u00e3o n.006\/2000 de 21\/08\/2000.<\/strike><\/font><\/div><\/p>\n<br>\n<br><div align=\"justify\">\n<p><a href=\"https:\/\/www.ufsm.br\/pro-reitorias\/proplan\/resolucao-ufsm-n-055-2021\/\"><font color=\"blue\">Revogado pela Resolu\u00e7\u00e3o N. 055\/2021<\/font><\/a><\/p><\/p>\n<br>\n<strike>\n<p>O REITOR DA UNIVERSIDADE FEDERAL DE SANTA MARIA, no uso de suas atribui\u00e7\u00f5es legais e estatut\u00e1rias, e considerando:<\/p>\n<p>- a necessidade de oferecer, ao pesquisador, o aux\u00edlio de um conjunto m\u00ednimo de regras sobre princ\u00edpios fundamentais e indispens\u00e1veis para a boa organiza\u00e7\u00e3o de qualquer tipo de reda\u00e7\u00e3o cient\u00edfica;<\/p>\n<p>- o Parecer n.150\/04 da Comiss\u00e3o de Legisla\u00e7\u00e3o e Normas aprovado na 658\u00aa Sess\u00e3o do Conselho de Ensino Pesquisa e Extens\u00e3o de 26\/11\/04.<\/p>\n<br>\n<p><div align=\"center\">RESOLVE:<\/div><\/p>\n<br>\n<p>Art. 1\u00ba Expedir a presente resolu\u00e7\u00e3o para tornar oficiais e p\u00fablicas as normas sobre estrutura e apresenta\u00e7\u00e3o de monografias, disserta\u00e7\u00f5es e teses, com o objetivo de uniformizar, graficamente, a elabora\u00e7\u00e3o dos documentos formais, em qualquer n\u00edvel da p\u00f3s-gradua\u00e7\u00e3o, no \u00e2mbito da Universidade Federal de Santa Maria.<\/p>\n<p>Art. 2\u00ba Caber\u00e1 \u00e0 Pr\u00f3-Reitoria de P\u00f3s-Gradua\u00e7\u00e3o e Pesquisa \u2013 PRPGP - a orienta\u00e7\u00e3o em torno dessas normas e a devida publica\u00e7\u00e3o delas, na melhor forma editorial.<\/p>\n<p>Art. 3\u00ba Esta resolu\u00e7\u00e3o entra em vigor na data de sua publica\u00e7\u00e3o e revoga a <a href=\"https:\/\/www.ufsm.br\/pro-reitorias\/proplan\/resolucao-n-006-2000\/\" target=\"_blank\"><font color=\"blue\"><u>resolu\u00e7\u00e3o N.006\/2000<\/u><\/font><\/a>.<\/p>\n\n<p>GABINETE DO REITOR DA UNIVERSIDADE FEDERAL DE SANTA MARIA, aos sete dias do m\u00eas de dezembro do ano de dois mil e quatro.<\/p>\n<\/div>\n<p>Paulo Jorge Sarkis,<\/p>\n<p>Reitor.<\/p>\n\n<p><font color=\"red0000\">Este texto n\u00e3o substitui o documento original, publicado no Portal de Documentos.<\/font> Dispon\u00edvel em: <a href=\"https:\/\/portal.ufsm.br\/documentos\/publico\/documento.html?id=4434840\"><font color=\"blue\">https:\/\/portal.ufsm.br\/documentos\/publico\/documento.html?id=4434840<\/font><\/a>\n<\/strike>\n\n\t\t<\/div>\n\t\t\t\t<\/div>\n\t\t\t\t\t<\/div>\n\t\t<\/div>\n\t\t\t\t\t<\/div>\n\t\t<\/section>\n\t\t\t\t<\/div>\n\t\t","protected":false},"excerpt":{"rendered":"<p>RESOLU\u00c7\u00c3O N. 013\/2004 MINIST\u00c9RIO DA EDUCA\u00c7\u00c3O UNIVERSIDADE FEDERAL DE SANTA MARIA RESOLU\u00c7\u00c3O N. 013\/2004 Divulga a aprova\u00e7\u00e3o, pelo Conselho de Ensino, Pesquisa e Extens\u00e3o, da publica\u00e7\u00e3o \u201cEstrutura e Apresenta\u00e7\u00e3o de Monografias, Disserta\u00e7\u00f5es e Teses: MDT &#8211; 62 edi\u00e7\u00e3o\u201d e revoga a Resolu\u00e7\u00e3o n.006\/2000 de 21\/08\/2000. Revogado pela Resolu\u00e7\u00e3o N. 055\/2021 O REITOR DA UNIVERSIDADE FEDERAL [&hellip;]<\/p>\n","protected":false},"author":205,"featured_media":0,"parent":0,"menu_order":0,"comment_status":"closed","ping_status":"closed","template":"","meta":{"footnotes":""},"categories":[],"tags":[],"class_list":["post-3162","page","type-page","status-publish","hentry"],"acf":[],"_links":{"self":[{"href":"https:\/\/www.ufsm.br\/pro-reitorias\/proplan\/wp-json\/wp\/v2\/pages\/3162","targetHints":{"allow":["GET"]}}],"collection":[{"href":"https:\/\/www.ufsm.br\/pro-reitorias\/proplan\/wp-json\/wp\/v2\/pages"}],"about":[{"href":"https:\/\/www.ufsm.br\/pro-reitorias\/proplan\/wp-json\/wp\/v2\/types\/page"}],"author":[{"embeddable":true,"href":"https:\/\/www.ufsm.br\/pro-reitorias\/proplan\/wp-json\/wp\/v2\/users\/205"}],"replies":[{"embeddable":true,"href":"https:\/\/www.ufsm.br\/pro-reitorias\/proplan\/wp-json\/wp\/v2\/comments?post=3162"}],"version-history":[{"count":0,"href":"https:\/\/www.ufsm.br\/pro-reitorias\/proplan\/wp-json\/wp\/v2\/pages\/3162\/revisions"}],"wp:attachment":[{"href":"https:\/\/www.ufsm.br\/pro-reitorias\/proplan\/wp-json\/wp\/v2\/media?parent=3162"}],"wp:term":[{"taxonomy":"category","embeddable":true,"href":"https:\/\/www.ufsm.br\/pro-reitorias\/proplan\/wp-json\/wp\/v2\/categories?post=3162"},{"taxonomy":"post_tag","embeddable":true,"href":"https:\/\/www.ufsm.br\/pro-reitorias\/proplan\/wp-json\/wp\/v2\/tags?post=3162"}],"curies":[{"name":"wp","href":"https:\/\/api.w.org\/{rel}","templated":true}]}}