{"id":3166,"date":"2020-02-03T09:05:03","date_gmt":"2020-02-03T12:05:03","guid":{"rendered":"https:\/\/www.ufsm.br\/pro-reitorias\/proplan\/?page_id=3166"},"modified":"2020-05-26T08:58:26","modified_gmt":"2020-05-26T11:58:26","slug":"resolucao-n-015-2004","status":"publish","type":"page","link":"https:\/\/www.ufsm.br\/pro-reitorias\/proplan\/resolucao-n-015-2004","title":{"rendered":"Resolu\u00e7\u00e3o N. 015\/2004"},"content":{"rendered":"\t\t<div data-elementor-type=\"wp-page\" data-elementor-id=\"3166\" class=\"elementor elementor-3166\">\n\t\t\t\t\t\t<section class=\"elementor-section elementor-top-section elementor-element elementor-element-a004b6a elementor-section-boxed elementor-section-height-default elementor-section-height-default\" data-id=\"a004b6a\" data-element_type=\"section\">\n\t\t\t\t\t\t<div class=\"elementor-container elementor-column-gap-default\">\n\t\t\t\t\t<div class=\"elementor-column elementor-col-100 elementor-top-column elementor-element elementor-element-8ac5f6b\" data-id=\"8ac5f6b\" data-element_type=\"column\">\n\t\t\t<div class=\"elementor-widget-wrap elementor-element-populated\">\n\t\t\t\t\t\t<div class=\"elementor-element elementor-element-4adb4ac elementor-widget elementor-widget-html\" data-id=\"4adb4ac\" data-element_type=\"widget\" data-widget_type=\"html.default\">\n\t\t\t\t<div class=\"elementor-widget-container\">\n\t\t\t\r\n\r\n\r\n<title><b>RESOLU\u00c7\u00c3O N. 015\/2004<\/b><\/title>\r\n\r\n\r\n<div align=\"center\"><img decoding=\"async\" src=\"https:\/\/www.ufsm.br\/pro-reitorias\/proplan\/wp-content\/uploads\/sites\/344\/2019\/09\/brasao-da-republica-do-brasil-logo.png\" alt=\"Bras\u00e3o Rep\u00fablica Federativa do Brasil\" width=\"6%\" height=\"6%\"><\/div>    \r\n<h1><font color=\"blue\"><font size=\"5\"><div align=\"center\">MINIST\u00c9RIO DA EDUCA\u00c7\u00c3O<\/b><\/font><\/font><\/div><\/H1>\r\n<p><b><font color=\"0000blue\"><div align=\"center\">UNIVERSIDADE FEDERAL DE SANTA MARIA<\/b><\/font><\/div><\/p>\r\n\r\n<p><div align=\"center\"><b><a href=\"https:\/\/portal.ufsm.br\/documentos\/publico\/documento.html?id=4434842\"><font color=\"blue\">RESOLU\u00c7\u00c3O N. 015\/2004<\/font><\/a><\/b><\/div><\/p>\r\n<br>\r\n<p><div align=\"right\"><font color=\"800000\"><strike>Estabelece normas para a realiza\u00e7\u00e3o da Jornada Acad\u00eamica Integrada e d\u00e1 outras provid\u00eancias.<\/strike><\/font><\/div><\/p>\r\n<br>\r\n<p><a href=\"https:\/\/www.ufsm.br\/pro-reitorias\/proplan\/resolucao-n-008-2005\/\"><font color=\"blue\">Revogada pela Resolu\u00e7\u00e3o N. 008\/2005<\/font><\/a><\/p>\r\n<br>\r\n<strike>\r\n<br><div align=\"justify\">\r\n<p>O REITOR DA UNIVERSIDADE FEDERAL DE SANTA MARIA, no uso de suas atribui\u00e7\u00f5es legais e estatut\u00e1rias, e considerando:<\/p>\r\n<p>- o disposto na <a href=\"https:\/\/www.ufsm.br\/pro-reitorias\/proplan\/resolucao-n-022-1999\/\" target=\"_blank\"><font color=\"blue\"><u>Resolu\u00e7\u00e3o n\u00ba 22\/99<\/u><\/font><\/a>, Art. 3\u00ba, Inciso I e Par\u00e1grafo \u00danico;<\/p>\r\n<p>- as recomenda\u00e7\u00f5es das Pr\u00f3-Reitorias envolvidas no Evento Jornada Acad\u00eamica Integrada;<\/p>\r\n<p>- a disponibiliza\u00e7\u00e3o de dezesseis semanas letivas, para inclus\u00e3o da Jornada Acad\u00eamica Integrada, no segundo semestre, como atividade oficial, aprovada pelos pareceres n\u00ba 144\/04 e 60\/04, na sess\u00e3o 657\u00aa do Conselho de Ensino, Pesquisa e Extens\u00e3o, datada de 12\/11\/2004.<\/p>\r\n<br>\r\n<p><div align=\"center\">RESOLVE:<\/div><\/p>\r\n<br>\r\n<p>Art. 1\u00ba A Jornada Acad\u00eamica Integrada \u00e9 um evento institucional, constante do calend\u00e1rio escolar da UFSM, objetivando a apresenta\u00e7\u00e3o p\u00fablica de trabalhos cient\u00edficos, desenvolvidos na universidade, em atividades de ensino, pesquisa e extens\u00e3o.<\/p>\r\n<p>Art. 2\u00ba A organiza\u00e7\u00e3o das atividades da Jornada Acad\u00eamica Integrada estar\u00e1 sob responsabilidade da Pr\u00f3-Reitoria de P\u00f3s-Gradua\u00e7\u00e3o e Pesquisa, associada \u00e0s Pr\u00f3-Reitorias de Gradua\u00e7\u00e3o e de Extens\u00e3o.<\/p>\r\n<p>Par\u00e1grafo \u00danico. As inscri\u00e7\u00f5es para participa\u00e7\u00e3o na Jornada Acad\u00eamica Integrada dever\u00e3o ser efetuadas junto as Coordena\u00e7\u00f5es de Curso, e os alunos que queiram apresentar trabalhos dever\u00e3o, al\u00e9m da inscri\u00e7\u00e3o na Coordena\u00e7\u00e3o do seu curso, se inscrever na p\u00e1gina do evento na Internet.<\/p>\r\n\r\n<p>Art. 3\u00ba \u00c0 Jornada Acad\u00eamica Integrada da Universidade Federal de Santa Maria ocorrer\u00e1 sempre concomitante \u00e0 Semana de Ci\u00eancia e Tecnologia do Minist\u00e9rio de Ci\u00eancia e Tecnologia e compreender\u00e1 atividades com carga hor\u00e1ria de 30 (trinta) horas.<\/p>\r\n<p>Par\u00e1grafo \u00danico. Durante o per\u00ediodo de realiza\u00e7\u00e3o da Jornada Acad\u00eamica Integrada na UFSM, considerada atividade letiva, n\u00e3o haver\u00e1 aulas formais na institui\u00e7\u00e3o, nem a aplica\u00e7\u00e3o de avalia\u00e7\u00f5es, para permitir a participa\u00e7\u00e3o integral da comunidade acad\u00eamica.<\/p>\r\n\r\n<p>Art. 4\u00ba A comprova\u00e7\u00e3o de participa\u00e7\u00e3o e o controle da frequ\u00eancia na Jornada Acad\u00eamica Integrada ser\u00e1 de responsabilidade do respectivo Departamento Did\u00e1tico e da Coordena\u00e7\u00e3o do Curso.<\/p>\r\n<p>Par\u00e1grafo \u00danico. A comprova\u00e7\u00e3o emitida pela Coordena\u00e7\u00e3o do respectivo Curso, de no m\u00ednimo 75% de participa\u00e7\u00e3o na Jornada Acad\u00eamica Integrada da UFSM, permitir\u00e1 a emiss\u00e3o de certificado expedido pela Pr\u00f3-Reitoria de P\u00f3s-Gradua\u00e7\u00e3o e Pesquisa.<\/p>\r\n\r\n<p>Art. 5\u00ba A Jornada Acad\u00eamica Integrada \u00e9 uma Atividade Complementar de Gradua\u00e7\u00e3o, devendo ser requerida pelos alunos para registro de ACG junto \u00e0 Coordena\u00e7\u00e3o de seu Curso, com a apresenta\u00e7\u00e3o do certificado emitido pela Pr\u00f3-Reitoria de P\u00f3s-Gradua\u00e7\u00e3o e Pesquisa.<\/p>\r\n<p>Art. 6\u00ba Esta resolu\u00e7\u00e3o entra em vigor na data de sua publica\u00e7\u00e3o, revogando as disposi\u00e7\u00f5es em contr\u00e1rio.<\/p>\r\n\r\n<p>GABINETE DO REITOR DA UNIVERSIDADE FEDERAL DE SANTA MARIA, aos dez dias do m\u00eas de dezembro do ano de dois mil e quatro.<\/p>\r\n<\/div>\r\n<p>Paulo Jorge Sarkis,<\/p>\r\n<p>Reitor.<\/p>\r\n<\/strike>\r\n<p><font color=\"red0000\">Este texto n\u00e3o substitui o documento original, publicado no Portal de Documentos.<\/font> Dispon\u00edvel em: <a href=\"https:\/\/portal.ufsm.br\/documentos\/publico\/documento.html?id=4434842\"><font color=\"blue\">https:\/\/portal.ufsm.br\/documentos\/publico\/documento.html?id=4434842<\/font><\/a>\r\n\r\n\t\t<\/div>\n\t\t\t\t<\/div>\n\t\t\t\t\t<\/div>\n\t\t<\/div>\n\t\t\t\t\t<\/div>\n\t\t<\/section>\n\t\t\t\t<\/div>\n\t\t","protected":false},"excerpt":{"rendered":"<p>RESOLU\u00c7\u00c3O N. 015\/2004 MINIST\u00c9RIO DA EDUCA\u00c7\u00c3O UNIVERSIDADE FEDERAL DE SANTA MARIA RESOLU\u00c7\u00c3O N. 015\/2004 Estabelece normas para a realiza\u00e7\u00e3o da Jornada Acad\u00eamica Integrada e d\u00e1 outras provid\u00eancias. Revogada pela Resolu\u00e7\u00e3o N. 008\/2005 O REITOR DA UNIVERSIDADE FEDERAL DE SANTA MARIA, no uso de suas atribui\u00e7\u00f5es legais e estatut\u00e1rias, e considerando: &#8211; o disposto na Resolu\u00e7\u00e3o [&hellip;]<\/p>\n","protected":false},"author":205,"featured_media":0,"parent":0,"menu_order":0,"comment_status":"closed","ping_status":"closed","template":"","meta":{"footnotes":""},"categories":[],"tags":[],"class_list":["post-3166","page","type-page","status-publish","hentry"],"acf":[],"_links":{"self":[{"href":"https:\/\/www.ufsm.br\/pro-reitorias\/proplan\/wp-json\/wp\/v2\/pages\/3166","targetHints":{"allow":["GET"]}}],"collection":[{"href":"https:\/\/www.ufsm.br\/pro-reitorias\/proplan\/wp-json\/wp\/v2\/pages"}],"about":[{"href":"https:\/\/www.ufsm.br\/pro-reitorias\/proplan\/wp-json\/wp\/v2\/types\/page"}],"author":[{"embeddable":true,"href":"https:\/\/www.ufsm.br\/pro-reitorias\/proplan\/wp-json\/wp\/v2\/users\/205"}],"replies":[{"embeddable":true,"href":"https:\/\/www.ufsm.br\/pro-reitorias\/proplan\/wp-json\/wp\/v2\/comments?post=3166"}],"version-history":[{"count":0,"href":"https:\/\/www.ufsm.br\/pro-reitorias\/proplan\/wp-json\/wp\/v2\/pages\/3166\/revisions"}],"wp:attachment":[{"href":"https:\/\/www.ufsm.br\/pro-reitorias\/proplan\/wp-json\/wp\/v2\/media?parent=3166"}],"wp:term":[{"taxonomy":"category","embeddable":true,"href":"https:\/\/www.ufsm.br\/pro-reitorias\/proplan\/wp-json\/wp\/v2\/categories?post=3166"},{"taxonomy":"post_tag","embeddable":true,"href":"https:\/\/www.ufsm.br\/pro-reitorias\/proplan\/wp-json\/wp\/v2\/tags?post=3166"}],"curies":[{"name":"wp","href":"https:\/\/api.w.org\/{rel}","templated":true}]}}