{"id":3204,"date":"2020-02-10T08:08:43","date_gmt":"2020-02-10T11:08:43","guid":{"rendered":"https:\/\/www.ufsm.br\/pro-reitorias\/proplan\/?page_id=3204"},"modified":"2020-07-20T13:32:09","modified_gmt":"2020-07-20T16:32:09","slug":"resolucao-n-001-2001","status":"publish","type":"page","link":"https:\/\/www.ufsm.br\/pro-reitorias\/proplan\/resolucao-n-001-2001","title":{"rendered":"Resolu\u00e7\u00e3o N. 001\/2001"},"content":{"rendered":"\t\t<div data-elementor-type=\"wp-page\" data-elementor-id=\"3204\" class=\"elementor elementor-3204\">\n\t\t\t\t\t\t<section class=\"elementor-section elementor-top-section elementor-element elementor-element-ef603be elementor-section-boxed elementor-section-height-default elementor-section-height-default\" data-id=\"ef603be\" data-element_type=\"section\">\n\t\t\t\t\t\t<div class=\"elementor-container elementor-column-gap-default\">\n\t\t\t\t\t<div class=\"elementor-column elementor-col-100 elementor-top-column elementor-element elementor-element-72d3ef2\" data-id=\"72d3ef2\" data-element_type=\"column\">\n\t\t\t<div class=\"elementor-widget-wrap elementor-element-populated\">\n\t\t\t\t\t\t<div class=\"elementor-element elementor-element-178d911 elementor-widget elementor-widget-html\" data-id=\"178d911\" data-element_type=\"widget\" data-widget_type=\"html.default\">\n\t\t\t\t<div class=\"elementor-widget-container\">\n\t\t\t\r\n\r\n\r\n<title><b>RESOLU\u00c7\u00c3O N. 001\/2001<\/b><\/title>\r\n\r\n\r\n<div align=\"center\"><img decoding=\"async\" src=\"https:\/\/www.ufsm.br\/pro-reitorias\/proplan\/wp-content\/uploads\/sites\/344\/2019\/09\/brasao-da-republica-do-brasil-logo.png\" alt=\"Bras\u00e3o Rep\u00fablica Federativa do Brasil\" width=\"6%\" height=\"6%\"><\/div>    \r\n<h1><font color=\"blue\"><font size=\"5\"><div align=\"center\">MINIST\u00c9RIO DA EDUCA\u00c7\u00c3O<\/b><\/font><\/font><\/div><\/H1>\r\n<p><b><font color=\"0000blue\"><div align=\"center\">UNIVERSIDADE FEDERAL DE SANTA MARIA<\/b><\/font><\/div><\/p>\r\n\r\n<p><div align=\"center\"><b><a href=\"https:\/\/portal.ufsm.br\/documentos\/publico\/documento.html?id=4509070\"><font color=\"blue\">RESOLU\u00c7\u00c3O N. 001\/2001<\/font><\/a><\/b><\/div><\/p>\r\n<br>\r\n<p><div align=\"right\"><font color=\"800000\"><strike>Altera os Par\u00e1grafos 1\u00ba, 2\u00ba, 6\u00ba e 7\u00ba da Resolu\u00e7\u00e3o n. 12\/97, que trata da adapta\u00e7\u00e3o do Estatuto da Universidade Federal de Santa Maria \u00e0 legisla\u00e7\u00e3o vigente, particularmente no que se refere \u00e0 composi\u00e7\u00e3o dos Colegiados e escolha de dirigentes e d\u00e1 outras provid\u00eancias.<\/strike><\/font><\/div><\/p>\r\n<br>\r\n<p><a href=\"https:\/\/www.ufsm.br\/pro-reitorias\/proplan\/resolucao-n-022-2020\/\" target=\"_blank\"><font color=\"blue\">Revogada pela Resolu\u00e7\u00e3o N. 022\/2020<\/font><\/a><\/p>\r\n<br>\r\n<br><div align=\"justify\">\r\n<strike>\r\n<p>O REITOR DA UNIVERSIDADE FEDERAL DE SANTA MARIA, no uso de suas atribui\u00e7\u00f5es legais e estatut\u00e1rias e considerando:<\/p>\r\n<p>- que o novo Estatuto da UFSM encontra-se em fase de aprecia\u00e7\u00e3o pelo MEC\/SESu\/CNE; e<\/p>\r\n<p>- o constante no Parecer 063\/98 na Ata da 580\u00ba Sess\u00e3o do Conselho Universit\u00e1rio de 09-12-98.<\/p>\r\n<br>\r\n<p><div align=\"center\">RESOLVE:<\/div><\/p>\r\n<br>\r\n<p>Art. 1\u00ba Alterar os Par\u00e1grafos 1\u00ba, 2\u00ba, 6\u00ba e 7\u00ba do Art. 11 da <a href=\"https:\/\/www.ufsm.br\/pro-reitorias\/proplan\/resolucao-n-012-1997\/\" target=\"_blank\"><font color=\"blue\"><u>Resolu\u00e7\u00e3o n. 012\/97, de 28-05-1997<\/u><\/font><\/a>:<\/p>\r\n\r\n<p>Art. 11<\/p>\r\n<p>\u00a7 1\u00ba Onde consta a express\u00e3o \u201c... vedada a recondu\u00e7\u00e3o\u201d, substituir por \u201cpermitida uma \u00fanica recondu\u00e7\u00e3o\u201d;<\/p>\r\n<p>\u00a7 2\u00ba Onde consta a express\u00e3o \u201c... vedada a recondu\u00e7\u00e3o\u201d, substituir por \u201cpermitida uma \u00fanica recondu\u00e7\u00e3o\u201d;<\/p>\r\n<p>\u00a7 6\u00ba Onde consta a express\u00e3o \u201c ... vedada a recondu\u00e7\u00e3o\u201d, substituir por \u201cpermitida uma \u00fanica recondu\u00e7\u00e3o\u201d:<\/p>\r\n<p>\u00a7 7\u00ba Onde consta a express\u00e3o \u201c... vedada a recondu\u00e7\u00e3o\u201d, substituir por \u201cpermitida uma \u00fanica recondu\u00e7\u00e3o\u201d.<\/p>\r\n\r\n<p>Art. 2\u00ba Esta Resolu\u00e7\u00e3o entra em vigor na data de sua publica\u00e7\u00e3o, revogando-se as disposi\u00e7\u00f5es em contr\u00e1rio.<\/p>\r\n\r\n<p>GABINETE DO REITOR DA UNIVERSIDADE FEDERAL DE SANTA MARIA, aos dez dias do m\u00eas de janeiro do ano dois mil e um.<\/p>\r\n<\/div>\r\n<p>Paulo Jorge Sarkis,<\/p>\r\n<p>Reitor.<\/p>\r\n<\/strike>\r\n<p><font color=\"red0000\">Este texto n\u00e3o substitui o documento original, publicado no Portal de Documentos.<\/font> Dispon\u00edvel em: <a href=\"https:\/\/portal.ufsm.br\/documentos\/publico\/documento.html?id=4509070\"><font color=\"blue\">https:\/\/portal.ufsm.br\/documentos\/publico\/documento.html?id=4509070<\/font><\/a>\r\n\r\n\t\t<\/div>\n\t\t\t\t<\/div>\n\t\t\t\t\t<\/div>\n\t\t<\/div>\n\t\t\t\t\t<\/div>\n\t\t<\/section>\n\t\t\t\t<\/div>\n\t\t","protected":false},"excerpt":{"rendered":"<p>RESOLU\u00c7\u00c3O N. 001\/2001 MINIST\u00c9RIO DA EDUCA\u00c7\u00c3O UNIVERSIDADE FEDERAL DE SANTA MARIA RESOLU\u00c7\u00c3O N. 001\/2001 Altera os Par\u00e1grafos 1\u00ba, 2\u00ba, 6\u00ba e 7\u00ba da Resolu\u00e7\u00e3o n. 12\/97, que trata da adapta\u00e7\u00e3o do Estatuto da Universidade Federal de Santa Maria \u00e0 legisla\u00e7\u00e3o vigente, particularmente no que se refere \u00e0 composi\u00e7\u00e3o dos Colegiados e escolha de dirigentes e [&hellip;]<\/p>\n","protected":false},"author":205,"featured_media":0,"parent":0,"menu_order":0,"comment_status":"closed","ping_status":"closed","template":"","meta":{"footnotes":""},"categories":[],"tags":[],"class_list":["post-3204","page","type-page","status-publish","hentry"],"acf":[],"_links":{"self":[{"href":"https:\/\/www.ufsm.br\/pro-reitorias\/proplan\/wp-json\/wp\/v2\/pages\/3204","targetHints":{"allow":["GET"]}}],"collection":[{"href":"https:\/\/www.ufsm.br\/pro-reitorias\/proplan\/wp-json\/wp\/v2\/pages"}],"about":[{"href":"https:\/\/www.ufsm.br\/pro-reitorias\/proplan\/wp-json\/wp\/v2\/types\/page"}],"author":[{"embeddable":true,"href":"https:\/\/www.ufsm.br\/pro-reitorias\/proplan\/wp-json\/wp\/v2\/users\/205"}],"replies":[{"embeddable":true,"href":"https:\/\/www.ufsm.br\/pro-reitorias\/proplan\/wp-json\/wp\/v2\/comments?post=3204"}],"version-history":[{"count":0,"href":"https:\/\/www.ufsm.br\/pro-reitorias\/proplan\/wp-json\/wp\/v2\/pages\/3204\/revisions"}],"wp:attachment":[{"href":"https:\/\/www.ufsm.br\/pro-reitorias\/proplan\/wp-json\/wp\/v2\/media?parent=3204"}],"wp:term":[{"taxonomy":"category","embeddable":true,"href":"https:\/\/www.ufsm.br\/pro-reitorias\/proplan\/wp-json\/wp\/v2\/categories?post=3204"},{"taxonomy":"post_tag","embeddable":true,"href":"https:\/\/www.ufsm.br\/pro-reitorias\/proplan\/wp-json\/wp\/v2\/tags?post=3204"}],"curies":[{"name":"wp","href":"https:\/\/api.w.org\/{rel}","templated":true}]}}