{"id":3210,"date":"2020-02-10T08:15:25","date_gmt":"2020-02-10T11:15:25","guid":{"rendered":"https:\/\/www.ufsm.br\/pro-reitorias\/proplan\/?page_id=3210"},"modified":"2020-05-26T14:38:04","modified_gmt":"2020-05-26T17:38:04","slug":"resolucao-n-007-2001","status":"publish","type":"page","link":"https:\/\/www.ufsm.br\/pro-reitorias\/proplan\/resolucao-n-007-2001","title":{"rendered":"Resolu\u00e7\u00e3o N. 007\/2001"},"content":{"rendered":"\t\t<div data-elementor-type=\"wp-page\" data-elementor-id=\"3210\" class=\"elementor elementor-3210\">\n\t\t\t\t\t\t<section class=\"elementor-section elementor-top-section elementor-element elementor-element-7208aca elementor-section-boxed elementor-section-height-default elementor-section-height-default\" data-id=\"7208aca\" data-element_type=\"section\">\n\t\t\t\t\t\t<div class=\"elementor-container elementor-column-gap-default\">\n\t\t\t\t\t<div class=\"elementor-column elementor-col-100 elementor-top-column elementor-element elementor-element-7629517\" data-id=\"7629517\" data-element_type=\"column\">\n\t\t\t<div class=\"elementor-widget-wrap elementor-element-populated\">\n\t\t\t\t\t\t<div class=\"elementor-element elementor-element-58dcf4b elementor-widget elementor-widget-html\" data-id=\"58dcf4b\" data-element_type=\"widget\" data-widget_type=\"html.default\">\n\t\t\t\t<div class=\"elementor-widget-container\">\n\t\t\t\r\n\r\n\r\n<title><b>RESOLU\u00c7\u00c3O N. 007\/2001<\/b><\/title>\r\n\r\n\r\n<div align=\"center\"><img decoding=\"async\" src=\"https:\/\/www.ufsm.br\/pro-reitorias\/proplan\/wp-content\/uploads\/sites\/344\/2019\/09\/brasao-da-republica-do-brasil-logo.png\" alt=\"Bras\u00e3o Rep\u00fablica Federativa do Brasil\" width=\"6%\" height=\"6%\"><\/div>    \r\n<h1><font color=\"blue\"><font size=\"5\"><div align=\"center\">MINIST\u00c9RIO DA EDUCA\u00c7\u00c3O<\/b><\/font><\/font><\/div><\/H1>\r\n<p><b><font color=\"0000blue\"><div align=\"center\">UNIVERSIDADE FEDERAL DE SANTA MARIA<\/b><\/font><\/div><\/p>\r\n\r\n<p><div align=\"center\"><b><a href=\"https:\/\/portal.ufsm.br\/documentos\/publico\/documento.html?id=4509084\"><font color=\"blue\">RESOLU\u00c7\u00c3O N. 007\/2001<\/font><\/a><\/b><\/div><\/p>\r\n<br>\r\n<p><div align=\"right\"><font color=\"800000\"><strike>Cria no \u00e2mbito da Universidade Federal de Santa Maria, comiss\u00f5es internas de redu\u00e7\u00e3o de consumo de energia el\u00e9trica \u2014 CIRCs e disciplina o seu funcionamento.<\/strike><\/font><\/div><\/p>\r\n<br>\r\n<p><a href=\"https:\/\/www.ufsm.br\/pro-reitorias\/proplan\/resolucao-n-020-2019\/\"><font color=\"blue\">Revogada pela Resolu\u00e7\u00e3o N. 020\/2019<\/font><\/a><\/p>\r\n<br>\r\n<br><div align=\"justify\">\r\n<strike>\r\n<p>O REITOR DA UNIVERSIDADE FEDERAL DE SANTA MARIA, no uso de suas atribui\u00e7\u00f5es legais e estatut\u00e1rias e em cumprimento ao que determina:<\/p>\r\n<p>- o <a href=\"http:\/\/www.planalto.gov.br\/ccivil_03\/decreto\/2001\/D3818.htm\" target=\"_blank\"><font color=\"blue\"><u>Decreto n. 3.818, de 15 de maio de 2001<\/u><\/font><\/a>, que disp\u00f5e sobre medidas emergenciais de redu\u00e7\u00e3o do consumo de energia el\u00e9trica no \u00e2mbito da Administra\u00e7\u00e3o P\u00fablica Federal;<\/p>\r\n<p>- a Portaria n. 135, de 23 de maio de 2001, da Secretaria Executiva do Minist\u00e9rio da Educa\u00e7\u00e3o, que fixa medidas a serem adotadas com vistas a consecu\u00e7\u00e3o desse objetivo nas unidades da Administra\u00e7\u00e3o Direta e nas entidades vinculadas aquele Minist\u00e9rio;<\/p>\r\n<p>- a necessidade de padronizar procedimentos internos de redu\u00e7\u00e3o de consumo de energia el\u00e9trica.<\/p>\r\n<br>\r\n<p><div align=\"center\">RESOLVE:<\/div><\/p>\r\n<br>\r\n<p>Art. 1\u00ba Criar, em cada centro did\u00e1tico, no Hospital Universit\u00e1rio, nos col\u00e9gios de Ensino M\u00e9dio e Tecnol\u00f3gico e na Reitoria, Comiss\u00f5es Internas de Redu\u00e7\u00e3o de Consumo de Energia El\u00e9trica \u2014 CIRCS.<\/p>\r\n<p>Art. 2\u00ba Cada Comiss\u00e3o Interna de Redu\u00e7\u00e3o de Consumo de Energia El\u00e9trica ter\u00e1 um presidente eleito dentre seus pares.<\/p>\r\n<p>Art. 3\u00ba Cada Comiss\u00e3o Interna de Redu\u00e7\u00e3o de Consumo de Energia El\u00e9trica ter\u00e1 como atribui\u00e7\u00e3o a implementa\u00e7\u00e3o, o acompanhamento e o controle das medidas recomendadas pela legisla\u00e7\u00e3o especificada, no recinto da subunidade.<\/p>\r\n<p>Art. 4\u00ba A Institui\u00e7\u00e3o ter\u00e1 uma Comiss\u00e3o Interna Central de Redu\u00e7\u00e3o de Consumo de Energia El\u00e9trica \u2014 CIRC\/UFSM, com a seguinte composi\u00e7\u00e3o:<\/p>\r\n<p>I \u2013 o presidente da CIRC da Reitoria;<\/p>\r\n<p>II - o presidente da CIRC do HUSM;<\/p>\r\n<p>III - um presidente de CIRC dos Col\u00e9gios de Ensino M\u00e9dio e Tecnol\u00f3gico;<\/p>\r\n<p>IV - tr\u00eas presidentes de CIRC dos centros did\u00e1ticos.<\/p>\r\n<p>Par\u00e1grafo \u00fanico. Os membros previstos nos itens II e IV ser\u00e3o escolhidos dentre os presidentes das comiss\u00f5es dos col\u00e9gios e centros did\u00e1ticos, respectivamente.<\/p>\r\n\r\n<p>Art. 5\u00ba A Comiss\u00e3o Interna Central de Redu\u00e7\u00e3o de Consumo de Energia El\u00e9trica - CIRC\/UFSM ter\u00e1 como responsabilidade coordenar as atividades desenvolvidas pelas CIRCS das subunidades.<\/p>\r\n<p>Art. 6\u00ba Esta resolu\u00e7\u00e3o entra em vigor na data de sua publica\u00e7\u00e3o e revoga as disposi\u00e7\u00f5es em contr\u00e1rio.<\/p>\r\n<p>GABINETE DO REITOR DA UNIVERSIDADE FEDERAL DE SANTA MARIA, aos vinte e seis dias do m\u00eas de julho do ano dois mil e um.<\/p>\r\n<\/div>\r\n<p>Paulo Jorge Sarkis,<\/p>\r\n<p>Reitor.<\/p>\r\n<\/strike>\r\n<p><font color=\"red0000\">Este texto n\u00e3o substitui o documento original, publicado no Portal de Documentos.<\/font> Dispon\u00edvel em: <a href=\"https:\/\/portal.ufsm.br\/documentos\/publico\/documento.html?id=4509084\"><font color=\"blue\">https:\/\/portal.ufsm.br\/documentos\/publico\/documento.html?id=4509084<\/font><\/a>\r\n\r\n\t\t<\/div>\n\t\t\t\t<\/div>\n\t\t\t\t\t<\/div>\n\t\t<\/div>\n\t\t\t\t\t<\/div>\n\t\t<\/section>\n\t\t\t\t<\/div>\n\t\t","protected":false},"excerpt":{"rendered":"<p>RESOLU\u00c7\u00c3O N. 007\/2001 MINIST\u00c9RIO DA EDUCA\u00c7\u00c3O UNIVERSIDADE FEDERAL DE SANTA MARIA RESOLU\u00c7\u00c3O N. 007\/2001 Cria no \u00e2mbito da Universidade Federal de Santa Maria, comiss\u00f5es internas de redu\u00e7\u00e3o de consumo de energia el\u00e9trica \u2014 CIRCs e disciplina o seu funcionamento. Revogada pela Resolu\u00e7\u00e3o N. 020\/2019 O REITOR DA UNIVERSIDADE FEDERAL DE SANTA MARIA, no uso de [&hellip;]<\/p>\n","protected":false},"author":205,"featured_media":0,"parent":0,"menu_order":0,"comment_status":"closed","ping_status":"closed","template":"","meta":{"footnotes":""},"categories":[],"tags":[],"class_list":["post-3210","page","type-page","status-publish","hentry"],"acf":[],"_links":{"self":[{"href":"https:\/\/www.ufsm.br\/pro-reitorias\/proplan\/wp-json\/wp\/v2\/pages\/3210","targetHints":{"allow":["GET"]}}],"collection":[{"href":"https:\/\/www.ufsm.br\/pro-reitorias\/proplan\/wp-json\/wp\/v2\/pages"}],"about":[{"href":"https:\/\/www.ufsm.br\/pro-reitorias\/proplan\/wp-json\/wp\/v2\/types\/page"}],"author":[{"embeddable":true,"href":"https:\/\/www.ufsm.br\/pro-reitorias\/proplan\/wp-json\/wp\/v2\/users\/205"}],"replies":[{"embeddable":true,"href":"https:\/\/www.ufsm.br\/pro-reitorias\/proplan\/wp-json\/wp\/v2\/comments?post=3210"}],"version-history":[{"count":0,"href":"https:\/\/www.ufsm.br\/pro-reitorias\/proplan\/wp-json\/wp\/v2\/pages\/3210\/revisions"}],"wp:attachment":[{"href":"https:\/\/www.ufsm.br\/pro-reitorias\/proplan\/wp-json\/wp\/v2\/media?parent=3210"}],"wp:term":[{"taxonomy":"category","embeddable":true,"href":"https:\/\/www.ufsm.br\/pro-reitorias\/proplan\/wp-json\/wp\/v2\/categories?post=3210"},{"taxonomy":"post_tag","embeddable":true,"href":"https:\/\/www.ufsm.br\/pro-reitorias\/proplan\/wp-json\/wp\/v2\/tags?post=3210"}],"curies":[{"name":"wp","href":"https:\/\/api.w.org\/{rel}","templated":true}]}}