{"id":3211,"date":"2020-02-10T08:15:29","date_gmt":"2020-02-10T11:15:29","guid":{"rendered":"https:\/\/www.ufsm.br\/pro-reitorias\/proplan\/?page_id=3211"},"modified":"2020-07-20T13:33:55","modified_gmt":"2020-07-20T16:33:55","slug":"resolucao-n-008-2001","status":"publish","type":"page","link":"https:\/\/www.ufsm.br\/pro-reitorias\/proplan\/resolucao-n-008-2001","title":{"rendered":"Resolu\u00e7\u00e3o N. 008\/2001"},"content":{"rendered":"\t\t<div data-elementor-type=\"wp-page\" data-elementor-id=\"3211\" class=\"elementor elementor-3211\">\n\t\t\t\t\t\t<section class=\"elementor-section elementor-top-section elementor-element elementor-element-107c994 elementor-section-boxed elementor-section-height-default elementor-section-height-default\" data-id=\"107c994\" data-element_type=\"section\">\n\t\t\t\t\t\t<div class=\"elementor-container elementor-column-gap-default\">\n\t\t\t\t\t<div class=\"elementor-column elementor-col-100 elementor-top-column elementor-element elementor-element-c7dc292\" data-id=\"c7dc292\" data-element_type=\"column\">\n\t\t\t<div class=\"elementor-widget-wrap elementor-element-populated\">\n\t\t\t\t\t\t<div class=\"elementor-element elementor-element-1812c99 elementor-widget elementor-widget-html\" data-id=\"1812c99\" data-element_type=\"widget\" data-widget_type=\"html.default\">\n\t\t\t\t<div class=\"elementor-widget-container\">\n\t\t\t\r\n\r\n\r\n<title><b>RESOLU\u00c7\u00c3O N. 008\/2001<\/b><\/title>\r\n\r\n\r\n<div align=\"center\"><img decoding=\"async\" src=\"https:\/\/www.ufsm.br\/pro-reitorias\/proplan\/wp-content\/uploads\/sites\/344\/2019\/09\/brasao-da-republica-do-brasil-logo.png\" alt=\"Bras\u00e3o Rep\u00fablica Federativa do Brasil\" width=\"6%\" height=\"6%\"><\/div>    \r\n<h1><font color=\"blue\"><font size=\"5\"><div align=\"center\">MINIST\u00c9RIO DA EDUCA\u00c7\u00c3O<\/b><\/font><\/font><\/div><\/H1>\r\n<p><b><font color=\"0000blue\"><div align=\"center\">UNIVERSIDADE FEDERAL DE SANTA MARIA<\/b><\/font><\/div><\/p>\r\n\r\n<p><div align=\"center\"><b><a href=\"https:\/\/portal.ufsm.br\/documentos\/publico\/documento.html?id=4509085\"><font color=\"blue\">RESOLU\u00c7\u00c3O N. 008\/2001<\/font><\/a><\/b><\/div><\/p>\r\n<br>\r\n<p><div align=\"right\"><font color=\"800000\"><strike>Extingue a Assist\u00eancia Jur\u00eddica da estrutura organizacional da Pr\u00f3-Reitoria de Recursos Humanos e d\u00e1 outras provid\u00eancias.<\/strike><\/font><\/div><\/p>\r\n<br>\r\n<p><a href=\"https:\/\/www.ufsm.br\/pro-reitorias\/proplan\/resolucao-n-022-2020\/\" target=\"_blank\"><font color=\"blue\">Revogada pela Resolu\u00e7\u00e3o N. 022\/2020<\/font><\/a><\/p>\r\n<br>\r\n<br><div align=\"justify\">\r\n<strike>\r\n<p>O REITOR DA UNIVERSIDADE FEDERAL DE SANTA MARIA, no uso de suas atribui\u00e7\u00f5es legais e estatut\u00e1rias e, considerando:<\/p>\r\n<p>- a <a href=\"http:\/\/www.planalto.gov.br\/ccivil_03\/leis\/lcp\/lcp73.htm\" target=\"_blank\"><font color=\"blue\"><u>Lei Complementar n. 73, de 10.02.93<\/u><\/font><\/a>, que estabelece a exist\u00eancia de um \u00fanico \u00f3rg\u00e3o jur\u00eddico nas Autarquias, com vincula\u00e7\u00e3o \u00e0 Advocacia Geral da Uni\u00e3o;<\/p>\r\n<p>- a <a href=\"http:\/\/www.planalto.gov.br\/ccivil_03\/MPV\/Antigas\/2048-26.htm\" target=\"_blank\"><font color=\"blue\"><u>Medida Provis\u00f3ria 2.048-26, de 29.06.200<\/u><\/font><\/a>, v\u00e1rias vezes reeditada, que disp\u00f5e sobre a cria\u00e7\u00e3o, reestrutura\u00e7\u00e3o e organiza\u00e7\u00e3o da carreira de Procurador Federal e outras provid\u00eancias;<\/p>\r\n<p>- o Of\u00edcio N. 046\/2001-PJ, da Procuradoria Jur\u00eddica da Universidade Federal de Santa Maria, que solicita a centraliza\u00e7\u00e3o dos servi\u00e7os jur\u00eddicos da Institui\u00e7\u00e3o naquela Subunidade;<\/p>\r\n<p>- o Oficio-Circular AGU\/COV\/AMR N. 10, da Coordenadoria de \u00d3rg\u00e3os Vinculados, da Advocacia Geral da Uni\u00e3o, que solicita informa\u00e7\u00f5es a respeito da Gratifica\u00e7\u00e3o de Desempenho de Atividade Jur\u00eddica \u2014 GDAJ, devida aos Procuradores Federais, quando em exerc\u00edcio nas unidade jur\u00eddicas das entidades da Administra\u00e7\u00e3o P\u00fablica Federal Direta, Aut\u00e1rquica e Fundacional;<\/p>\r\n<p>- o Parecer N. 015\/2001, aprovado na 608\u00ba sess\u00e3o do Conselho Universit\u00e1rio, realizada em 30.05.2001.<\/p>\r\n<br>\r\n<p><div align=\"center\">RESOLVE:<\/div><\/p>\r\n<br>\r\n<p>Art. 1\u00ba Fica extinta a Assist\u00eancia Jur\u00eddica \u2014 AJU, da estrutura organizacional da Pr\u00f3-Reitoria de Recursos Humanos.<\/p>\r\n<p>Art. 2\u00ba Os Procuradores Federais da Assist\u00eancia Jur\u00eddica, ora extinta, passam a ser lotados na Procuradoria Jur\u00eddica da UFSM.<\/p>\r\n<p>Art. 3\u00ba Caber\u00e1 \u00e0 Pr\u00f3-Reitoria de Planejamento proceder a extin\u00e7\u00e3o da Assist\u00eancia Jur\u00eddica \u2014 AJU da Pr\u00f3-Reitoria de Recursos Humanos e seu respectivo c\u00f3digo, do Sistema de Classifica\u00e7\u00e3o Institucional.<\/p>\r\n<p>Art. 4\u00ba Esta resolu\u00e7\u00e3o entra em vigor na data de sua publica\u00e7\u00e3o, revogadas as disposi\u00e7\u00f5es em contr\u00e1rio.<\/p>\r\n\r\n<p>GABINETE DO REITOR DA UNIVERSIDADE FEDERAL DE SANTA MARIA, aos cinco dias do m\u00eas de setembro do ano dois mil e um.<\/p>\r\n<\/div>\r\n<p>Paulo Jorge Sarkis,<\/p>\r\n<p>Reitor.<\/p>\r\n<\/strike>\r\n\r\n<p><font color=\"red0000\">Este texto n\u00e3o substitui o documento original, publicado no Portal de Documentos.<\/font> Dispon\u00edvel em: <a href=\"https:\/\/portal.ufsm.br\/documentos\/publico\/documento.html?id=4509085\"><font color=\"blue\">https:\/\/portal.ufsm.br\/documentos\/publico\/documento.html?id=4509085<\/font><\/a>\r\n\r\n\t\t<\/div>\n\t\t\t\t<\/div>\n\t\t\t\t\t<\/div>\n\t\t<\/div>\n\t\t\t\t\t<\/div>\n\t\t<\/section>\n\t\t\t\t<\/div>\n\t\t","protected":false},"excerpt":{"rendered":"<p>RESOLU\u00c7\u00c3O N. 008\/2001 MINIST\u00c9RIO DA EDUCA\u00c7\u00c3O UNIVERSIDADE FEDERAL DE SANTA MARIA RESOLU\u00c7\u00c3O N. 008\/2001 Extingue a Assist\u00eancia Jur\u00eddica da estrutura organizacional da Pr\u00f3-Reitoria de Recursos Humanos e d\u00e1 outras provid\u00eancias. Revogada pela Resolu\u00e7\u00e3o N. 022\/2020 O REITOR DA UNIVERSIDADE FEDERAL DE SANTA MARIA, no uso de suas atribui\u00e7\u00f5es legais e estatut\u00e1rias e, considerando: &#8211; a [&hellip;]<\/p>\n","protected":false},"author":205,"featured_media":0,"parent":0,"menu_order":0,"comment_status":"closed","ping_status":"closed","template":"","meta":{"footnotes":""},"categories":[],"tags":[],"class_list":["post-3211","page","type-page","status-publish","hentry"],"acf":[],"_links":{"self":[{"href":"https:\/\/www.ufsm.br\/pro-reitorias\/proplan\/wp-json\/wp\/v2\/pages\/3211","targetHints":{"allow":["GET"]}}],"collection":[{"href":"https:\/\/www.ufsm.br\/pro-reitorias\/proplan\/wp-json\/wp\/v2\/pages"}],"about":[{"href":"https:\/\/www.ufsm.br\/pro-reitorias\/proplan\/wp-json\/wp\/v2\/types\/page"}],"author":[{"embeddable":true,"href":"https:\/\/www.ufsm.br\/pro-reitorias\/proplan\/wp-json\/wp\/v2\/users\/205"}],"replies":[{"embeddable":true,"href":"https:\/\/www.ufsm.br\/pro-reitorias\/proplan\/wp-json\/wp\/v2\/comments?post=3211"}],"version-history":[{"count":0,"href":"https:\/\/www.ufsm.br\/pro-reitorias\/proplan\/wp-json\/wp\/v2\/pages\/3211\/revisions"}],"wp:attachment":[{"href":"https:\/\/www.ufsm.br\/pro-reitorias\/proplan\/wp-json\/wp\/v2\/media?parent=3211"}],"wp:term":[{"taxonomy":"category","embeddable":true,"href":"https:\/\/www.ufsm.br\/pro-reitorias\/proplan\/wp-json\/wp\/v2\/categories?post=3211"},{"taxonomy":"post_tag","embeddable":true,"href":"https:\/\/www.ufsm.br\/pro-reitorias\/proplan\/wp-json\/wp\/v2\/tags?post=3211"}],"curies":[{"name":"wp","href":"https:\/\/api.w.org\/{rel}","templated":true}]}}