{"id":3212,"date":"2020-02-10T08:15:33","date_gmt":"2020-02-10T11:15:33","guid":{"rendered":"https:\/\/www.ufsm.br\/pro-reitorias\/proplan\/?page_id=3212"},"modified":"2023-12-26T15:06:42","modified_gmt":"2023-12-26T18:06:42","slug":"resolucao-n-009-2001","status":"publish","type":"page","link":"https:\/\/www.ufsm.br\/pro-reitorias\/proplan\/resolucao-n-009-2001","title":{"rendered":"Resolu\u00e7\u00e3o N. 009\/2001"},"content":{"rendered":"\t\t<div data-elementor-type=\"wp-page\" data-elementor-id=\"3212\" class=\"elementor elementor-3212\">\n\t\t\t\t\t\t<section class=\"elementor-section elementor-top-section elementor-element elementor-element-ab800f2 elementor-section-boxed elementor-section-height-default elementor-section-height-default\" data-id=\"ab800f2\" data-element_type=\"section\">\n\t\t\t\t\t\t<div class=\"elementor-container elementor-column-gap-default\">\n\t\t\t\t\t<div class=\"elementor-column elementor-col-100 elementor-top-column elementor-element elementor-element-f06e31f\" data-id=\"f06e31f\" data-element_type=\"column\">\n\t\t\t<div class=\"elementor-widget-wrap elementor-element-populated\">\n\t\t\t\t\t\t<div class=\"elementor-element elementor-element-a4fbf9f elementor-widget elementor-widget-html\" data-id=\"a4fbf9f\" data-element_type=\"widget\" data-widget_type=\"html.default\">\n\t\t\t\t<div class=\"elementor-widget-container\">\n\t\t\t\r\n\r\n\r\n<title><b>RESOLU\u00c7\u00c3O N. 009\/2001<\/b><\/title>\r\n\r\n\r\n<div align=\"center\"><img decoding=\"async\" src=\"https:\/\/www.ufsm.br\/pro-reitorias\/proplan\/wp-content\/uploads\/sites\/344\/2019\/09\/brasao-da-republica-do-brasil-logo.png\" alt=\"Bras\u00e3o Rep\u00fablica Federativa do Brasil\" width=\"6%\" height=\"6%\"><\/div>    \r\n<h1><font color=\"blue\"><font size=\"5\"><div align=\"center\">MINIST\u00c9RIO DA EDUCA\u00c7\u00c3O<\/b><\/font><\/font><\/div><\/H1>\r\n<p><b><font color=\"0000blue\"><div align=\"center\">UNIVERSIDADE FEDERAL DE SANTA MARIA<\/b><\/font><\/div><\/p>\r\n\r\n<p><div align=\"center\"><b><a href=\"https:\/\/portal.ufsm.br\/documentos\/publico\/documento.html?id=4509086\"><font color=\"blue\">RESOLU\u00c7\u00c3O N. 009\/2001<\/font><\/a><\/b><\/div><\/p>\r\n<br>\r\n<p><div align=\"right\"><font color=\"800000\"><strike>Disp\u00f5e sobre o aumento do valor da taxa de inscri\u00e7\u00e3o do candidato \u00e0 sele\u00e7\u00e3o para o Curso de P\u00f3s-Gradua\u00e7\u00e3o \u2014 Especializa\u00e7\u00e3o em Resid\u00eancia M\u00e9dica e d\u00e1 outras provid\u00eancias.<\/strike><\/font><\/div><\/p>\r\n<br>\r\n<p><a href=\"https:\/\/www.ufsm.br\/pro-reitorias\/proplan\/resolucao-ufsm-n-148-2023\" target=\"_blank\"><font color=\"blue\">Revogada pela Resolu\u00e7\u00e3o UFSM N. 148\/2023<\/font><\/a><\/p>\r\n<br><div align=\"justify\">\r\n<strike>\r\n<p>O REITOR DA UNIVERSIDADE FEDERAL DE SANTA MARIA, no uso de suas atribui\u00e7\u00f5es legais e estatut\u00e1rias e considerando:<\/p>\r\n<p>- que o valor da taxa de inscri\u00e7\u00e3o cobrado atualmente encontra-se defasado, se comparado ao valor cobrado por outras Institui\u00e7\u00f5es de Ensino Superior;<\/p>\r\n<p>- que \u00e9 garantido ao Residente uma remunera\u00e7\u00e3o mensal paga pelo Minist\u00e9rio de Educa\u00e7\u00e3o durante todo o per\u00edodo do curso, cujo valor \u00e9 superior ao das bolsas pagas para os outros cursos de P\u00f3s-Gradua\u00e7\u00e3o;<\/p>\r\n<p>- o que consta do Processo n\u00ba <a href=\"https:\/\/portal.ufsm.br\/documentos\/publico\/processo\/documento.html?idDocumento=304894\" target=\"_blank\"><font color=\"blue\"><u>23.081.007668\/2001-10<\/u><\/font><\/a>, encaminhado ao Conselho de Curadores.<\/p>\r\n<br>\r\n<p><div align=\"center\">RESOLVE:<\/div><\/p>\r\n<br>\r\n<p>Art. 1\u00ba Aumentar de R$30,00 para R$60,00 o valor da taxa de inscri\u00e7\u00e3o do candidato \u00e0 sele\u00e7\u00e3o para o curso de P\u00f3s-Gradua\u00e7\u00e3o Especializa\u00e7\u00e3o em Resid\u00eancia M\u00e9dica.<\/p>\r\n<p>Art. 2\u00ba Ser\u00e1 isento do pagamento da taxa de inscri\u00e7\u00e3o, o candidato que comprovar sua condi\u00e7\u00e3o de carente, de acordo com as normas internas vigentes.<\/p>\r\n<p>Art. 3\u00ba Ser\u00e1 destinado cinquenta por cento (50%) do valor cobrado ao Curso de Especializa\u00e7\u00e3o em Resid\u00eancia M\u00e9dica, a ser aplicado no aperfei\u00e7oamento de suas atividades acad\u00eamicas e administrativas.<\/p>\r\n<p>Art. 4\u00ba Caber\u00e1 \u00e0 Pr\u00f3-Reitoria de Planejamento a abertura de cr\u00e9dito ao Curso de Especializa\u00e7\u00e3o em Resid\u00eancia M\u00e9dica.<\/p>\r\n<p>Art. 5\u00ba Esta Resolu\u00e7\u00e3o entra em vigor na data de sua publica\u00e7\u00e3o, revogadas as disposi\u00e7\u00f5es em contr\u00e1rio.<\/p>\r\n\r\n<p>GABINETE DO REITOR DA UNIVERSIDADE FEDERAL DE SANTA MARIA, aos cinco dias do m\u00eas de outubro do ano dois mil e um.<\/p>\r\n<\/div>\r\n<p>Paulo Jorge Sarkis,<\/p>\r\n<p>Reitor.<\/p>\r\n<\/strike>\r\n<p><font color=\"red0000\">Este texto n\u00e3o substitui o documento original, publicado no Portal de Documentos.<\/font> Dispon\u00edvel em: <a href=\"https:\/\/portal.ufsm.br\/documentos\/publico\/documento.html?id=4509086\"><font color=\"blue\">https:\/\/portal.ufsm.br\/documentos\/publico\/documento.html?id=4509086<\/font><\/a>\r\n\r\n\t\t<\/div>\n\t\t\t\t<\/div>\n\t\t\t\t\t<\/div>\n\t\t<\/div>\n\t\t\t\t\t<\/div>\n\t\t<\/section>\n\t\t\t\t<\/div>\n\t\t","protected":false},"excerpt":{"rendered":"<p>RESOLU\u00c7\u00c3O N. 009\/2001 MINIST\u00c9RIO DA EDUCA\u00c7\u00c3O UNIVERSIDADE FEDERAL DE SANTA MARIA RESOLU\u00c7\u00c3O N. 009\/2001 Disp\u00f5e sobre o aumento do valor da taxa de inscri\u00e7\u00e3o do candidato \u00e0 sele\u00e7\u00e3o para o Curso de P\u00f3s-Gradua\u00e7\u00e3o \u2014 Especializa\u00e7\u00e3o em Resid\u00eancia M\u00e9dica e d\u00e1 outras provid\u00eancias. Revogada pela Resolu\u00e7\u00e3o UFSM N. 148\/2023 O REITOR DA UNIVERSIDADE FEDERAL DE SANTA [&hellip;]<\/p>\n","protected":false},"author":205,"featured_media":0,"parent":0,"menu_order":0,"comment_status":"closed","ping_status":"closed","template":"","meta":{"footnotes":""},"categories":[],"tags":[],"class_list":["post-3212","page","type-page","status-publish","hentry"],"acf":[],"_links":{"self":[{"href":"https:\/\/www.ufsm.br\/pro-reitorias\/proplan\/wp-json\/wp\/v2\/pages\/3212","targetHints":{"allow":["GET"]}}],"collection":[{"href":"https:\/\/www.ufsm.br\/pro-reitorias\/proplan\/wp-json\/wp\/v2\/pages"}],"about":[{"href":"https:\/\/www.ufsm.br\/pro-reitorias\/proplan\/wp-json\/wp\/v2\/types\/page"}],"author":[{"embeddable":true,"href":"https:\/\/www.ufsm.br\/pro-reitorias\/proplan\/wp-json\/wp\/v2\/users\/205"}],"replies":[{"embeddable":true,"href":"https:\/\/www.ufsm.br\/pro-reitorias\/proplan\/wp-json\/wp\/v2\/comments?post=3212"}],"version-history":[{"count":0,"href":"https:\/\/www.ufsm.br\/pro-reitorias\/proplan\/wp-json\/wp\/v2\/pages\/3212\/revisions"}],"wp:attachment":[{"href":"https:\/\/www.ufsm.br\/pro-reitorias\/proplan\/wp-json\/wp\/v2\/media?parent=3212"}],"wp:term":[{"taxonomy":"category","embeddable":true,"href":"https:\/\/www.ufsm.br\/pro-reitorias\/proplan\/wp-json\/wp\/v2\/categories?post=3212"},{"taxonomy":"post_tag","embeddable":true,"href":"https:\/\/www.ufsm.br\/pro-reitorias\/proplan\/wp-json\/wp\/v2\/tags?post=3212"}],"curies":[{"name":"wp","href":"https:\/\/api.w.org\/{rel}","templated":true}]}}