{"id":3216,"date":"2020-02-10T08:30:29","date_gmt":"2020-02-10T11:30:29","guid":{"rendered":"https:\/\/www.ufsm.br\/pro-reitorias\/proplan\/?page_id=3216"},"modified":"2020-04-27T11:12:07","modified_gmt":"2020-04-27T14:12:07","slug":"resolucao-n-013-2001","status":"publish","type":"page","link":"https:\/\/www.ufsm.br\/pro-reitorias\/proplan\/resolucao-n-013-2001","title":{"rendered":"Resolu\u00e7\u00e3o N. 013\/2001"},"content":{"rendered":"\t\t<div data-elementor-type=\"wp-page\" data-elementor-id=\"3216\" class=\"elementor elementor-3216\">\n\t\t\t\t\t\t<section class=\"elementor-section elementor-top-section elementor-element elementor-element-0d44008 elementor-section-boxed elementor-section-height-default elementor-section-height-default\" data-id=\"0d44008\" data-element_type=\"section\">\n\t\t\t\t\t\t<div class=\"elementor-container elementor-column-gap-default\">\n\t\t\t\t\t<div class=\"elementor-column elementor-col-100 elementor-top-column elementor-element elementor-element-16063ae\" data-id=\"16063ae\" data-element_type=\"column\">\n\t\t\t<div class=\"elementor-widget-wrap elementor-element-populated\">\n\t\t\t\t\t\t<div class=\"elementor-element elementor-element-5d0aa88 elementor-widget elementor-widget-html\" data-id=\"5d0aa88\" data-element_type=\"widget\" data-widget_type=\"html.default\">\n\t\t\t\t<div class=\"elementor-widget-container\">\n\t\t\t\r\n\r\n\r\n<title><b>RESOLU\u00c7\u00c3O N. 013\/2001<\/b><\/title>\r\n\r\n\r\n<div align=\"center\"><img decoding=\"async\" src=\"https:\/\/www.ufsm.br\/pro-reitorias\/proplan\/wp-content\/uploads\/sites\/344\/2019\/09\/brasao-da-republica-do-brasil-logo.png\" alt=\"Bras\u00e3o Rep\u00fablica Federativa do Brasil\" width=\"6%\" height=\"6%\"><\/div>    \r\n<h1><font color=\"blue\"><font size=\"5\"><div align=\"center\">MINIST\u00c9RIO DA EDUCA\u00c7\u00c3O<\/b><\/font><\/font><\/div><\/H1>\r\n<p><b><font color=\"0000blue\"><div align=\"center\">UNIVERSIDADE FEDERAL DE SANTA MARIA<\/b><\/font><\/div><\/p>\r\n\r\n<p><div align=\"center\"><b><a href=\"https:\/\/portal.ufsm.br\/documentos\/publico\/documento.html?id=4509090\"><font color=\"blue\">RESOLU\u00c7\u00c3O N. 013\/2001<\/font><\/a><\/b><\/div><\/p>\r\n<br>\r\n<p><div align=\"right\"><font color=\"800000\"><strike>Estabelece o Hor\u00e1rio de Ver\u00e3o e d\u00e1 outras provid\u00eancias.<\/strike><\/font><\/div><\/p>\r\n<br>\r\n<p><a href=\"https:\/\/www.ufsm.br\/pro-reitorias\/proplan\/resolucao-n-008-2020\/\" target=\"_blank\"><font color=\"blue\">Revogada pela Resolu\u00e7\u00e3o N. 008\/2020<\/font><\/a><\/p>\r\n<br>\r\n<br><div align=\"justify\">\r\n<strike>\r\n<p>O VICE-REITOR DA UNIVERSIDADE FEDERAL DE SANTA MARIA, no exerc\u00edcio da Reitoria e no uso de suas atribui\u00e7\u00f5es legais e estatut\u00e1rias, e considerando:<\/p>\r\n<p>- \u00c0 concentra\u00e7\u00e3o de f\u00e9rias dos servidores no per\u00edodo de ver\u00e3o:<\/p>\r\n<p>- a determina\u00e7\u00e3o do Governo Federal para que ocorra uma redu\u00e7\u00e3o no consumo de energia el\u00e9trica;<\/p>\r\n<p>- a necessidade da redu\u00e7\u00e3o de gastos com \u00e1gua, telefone e combust\u00edvel e a proposta de Plen\u00e1rio, aprovada na 592\u00aa Sess\u00e3o do CEPE, reformulando o Calend\u00e1rio Escolar 2001.<\/p>\r\n<br>\r\n<p><div align=\"center\">RESOLVE:<\/div><\/p>\r\n<br>\r\n<p>Art. 1\u00ba Fixar, para o per\u00edodo de 22 de dezembro de 2001 a 27 de janeiro de 2002 o seguinte hor\u00e1rio de funcionamento da Universidade Federal de Santa Maria:<\/p>\r\n<p>Das 6 \u00e0s 23 horas<\/p>\r\n\r\n<p>Art. 2\u00ba O hor\u00e1rio de atendimento externo da Reitoria e dos demais \u00f3rg\u00e3os administrativos da Universidade, no per\u00edodo, ser\u00e1 cumprido entre:<\/p>\r\n<p>7h30min e 13h30min<\/p>\r\n<p>\u00a7 1\u00ba O expediente da Universidade para os dias 26 de dezembro de 2001, 2, 7, 14 e 21 de janeiro de 2002, em car\u00e1ter excepcional, ser\u00e1 no seguinte hor\u00e1rio:<\/p>\r\n<p>Das 13 \u00e0s 19 horas<\/p>\r\n<p>\u00a7 2\u00ba As unidades universit\u00e1rias que, dadas \u00e0s suas peculiaridades especiais de funcionamento, necessitarem de amplia\u00e7\u00e3o de hor\u00e1rio, far\u00e3o turnos de revezamento de modo que seja alcan\u00e7ado o objetivo da presente resolu\u00e7\u00e3o.<\/p>\r\n\r\n<p>Art. 3\u00ba As atividades did\u00e1ticas previstas no Calend\u00e1rio Escolar n\u00e3o sofrer\u00e3o solu\u00e7\u00e3o de continuidade.<\/p>\r\n<p>Art. 4\u00ba Durante o per\u00edodo de realiza\u00e7\u00e3o do Concurso Vestibular de 2002, o hor\u00e1rio a ser cumprido no expediente normal da Institui\u00e7\u00e3o ser\u00e1:<\/p>\r\n<p>Das 14 \u00e0s 18 horas<\/p>\r\n<p>Par\u00e1grafo \u00fanico. Para efeito de programa\u00e7\u00e3o interna das unidades, dever\u00e1 ser considerada atividade priorit\u00e1ria, no per\u00edodo de sua aplica\u00e7\u00e3o, o Concurso Vestibular 2002, sobrepondo-se, em consequ\u00eancia, \u00e0s demais atividades.<\/p>\r\n\r\n<p>GABINETE DO REITOR DA UNIVERSIDADE FEDERAL DE SANTA MARIA, aos dezoito dias do m\u00eas de dezembro do ano dois mil e um.<\/p>\r\n<\/div>\r\n<p>Cl\u00f3vis Silva Lima,<\/p>\r\n<p>Vice-Reitor, no exerc\u00edcio da Reitoria.<\/p>\r\n<\/strike>\r\n<p><font color=\"red0000\">Este texto n\u00e3o substitui o documento original, publicado no Portal de Documentos.<\/font> Dispon\u00edvel em: <a href=\"https:\/\/portal.ufsm.br\/documentos\/publico\/documento.html?id=4509090\"><font color=\"blue\">https:\/\/portal.ufsm.br\/documentos\/publico\/documento.html?id=4509090<\/font><\/a>\r\n\r\n\t\t<\/div>\n\t\t\t\t<\/div>\n\t\t\t\t\t<\/div>\n\t\t<\/div>\n\t\t\t\t\t<\/div>\n\t\t<\/section>\n\t\t\t\t<\/div>\n\t\t","protected":false},"excerpt":{"rendered":"<p>RESOLU\u00c7\u00c3O N. 013\/2001 MINIST\u00c9RIO DA EDUCA\u00c7\u00c3O UNIVERSIDADE FEDERAL DE SANTA MARIA RESOLU\u00c7\u00c3O N. 013\/2001 Estabelece o Hor\u00e1rio de Ver\u00e3o e d\u00e1 outras provid\u00eancias. Revogada pela Resolu\u00e7\u00e3o N. 008\/2020 O VICE-REITOR DA UNIVERSIDADE FEDERAL DE SANTA MARIA, no exerc\u00edcio da Reitoria e no uso de suas atribui\u00e7\u00f5es legais e estatut\u00e1rias, e considerando: &#8211; \u00c0 concentra\u00e7\u00e3o de [&hellip;]<\/p>\n","protected":false},"author":205,"featured_media":0,"parent":0,"menu_order":0,"comment_status":"closed","ping_status":"closed","template":"","meta":{"footnotes":""},"categories":[],"tags":[],"class_list":["post-3216","page","type-page","status-publish","hentry"],"acf":[],"_links":{"self":[{"href":"https:\/\/www.ufsm.br\/pro-reitorias\/proplan\/wp-json\/wp\/v2\/pages\/3216","targetHints":{"allow":["GET"]}}],"collection":[{"href":"https:\/\/www.ufsm.br\/pro-reitorias\/proplan\/wp-json\/wp\/v2\/pages"}],"about":[{"href":"https:\/\/www.ufsm.br\/pro-reitorias\/proplan\/wp-json\/wp\/v2\/types\/page"}],"author":[{"embeddable":true,"href":"https:\/\/www.ufsm.br\/pro-reitorias\/proplan\/wp-json\/wp\/v2\/users\/205"}],"replies":[{"embeddable":true,"href":"https:\/\/www.ufsm.br\/pro-reitorias\/proplan\/wp-json\/wp\/v2\/comments?post=3216"}],"version-history":[{"count":0,"href":"https:\/\/www.ufsm.br\/pro-reitorias\/proplan\/wp-json\/wp\/v2\/pages\/3216\/revisions"}],"wp:attachment":[{"href":"https:\/\/www.ufsm.br\/pro-reitorias\/proplan\/wp-json\/wp\/v2\/media?parent=3216"}],"wp:term":[{"taxonomy":"category","embeddable":true,"href":"https:\/\/www.ufsm.br\/pro-reitorias\/proplan\/wp-json\/wp\/v2\/categories?post=3216"},{"taxonomy":"post_tag","embeddable":true,"href":"https:\/\/www.ufsm.br\/pro-reitorias\/proplan\/wp-json\/wp\/v2\/tags?post=3216"}],"curies":[{"name":"wp","href":"https:\/\/api.w.org\/{rel}","templated":true}]}}