{"id":3228,"date":"2020-02-10T15:10:31","date_gmt":"2020-02-10T18:10:31","guid":{"rendered":"https:\/\/www.ufsm.br\/pro-reitorias\/proplan\/?page_id=3228"},"modified":"2020-05-26T14:41:56","modified_gmt":"2020-05-26T17:41:56","slug":"resolucao-n-006-2000","status":"publish","type":"page","link":"https:\/\/www.ufsm.br\/pro-reitorias\/proplan\/resolucao-n-006-2000","title":{"rendered":"Resolu\u00e7\u00e3o N. 006\/2000"},"content":{"rendered":"\t\t<div data-elementor-type=\"wp-page\" data-elementor-id=\"3228\" class=\"elementor elementor-3228\">\n\t\t\t\t\t\t<section class=\"elementor-section elementor-top-section elementor-element elementor-element-7368cee elementor-section-boxed elementor-section-height-default elementor-section-height-default\" data-id=\"7368cee\" data-element_type=\"section\">\n\t\t\t\t\t\t<div class=\"elementor-container elementor-column-gap-default\">\n\t\t\t\t\t<div class=\"elementor-column elementor-col-100 elementor-top-column elementor-element elementor-element-2ffbe58\" data-id=\"2ffbe58\" data-element_type=\"column\">\n\t\t\t<div class=\"elementor-widget-wrap elementor-element-populated\">\n\t\t\t\t\t\t<div class=\"elementor-element elementor-element-845601b elementor-widget elementor-widget-html\" data-id=\"845601b\" data-element_type=\"widget\" data-widget_type=\"html.default\">\n\t\t\t\t<div class=\"elementor-widget-container\">\n\t\t\t\r\n\r\n\r\n<title><b>RESOLU\u00c7\u00c3O N. 006\/2000<\/b><\/title>\r\n\r\n\r\n<div align=\"center\"><img decoding=\"async\" src=\"https:\/\/www.ufsm.br\/pro-reitorias\/proplan\/wp-content\/uploads\/sites\/344\/2019\/09\/brasao-da-republica-do-brasil-logo.png\" alt=\"Bras\u00e3o Rep\u00fablica Federativa do Brasil\" width=\"6%\" height=\"6%\"><\/div>    \r\n<h1><font color=\"blue\"><font size=\"5\"><div align=\"center\">MINIST\u00c9RIO DA EDUCA\u00c7\u00c3O<\/b><\/font><\/font><\/div><\/H1>\r\n<p><b><font color=\"0000blue\"><div align=\"center\">UNIVERSIDADE FEDERAL DE SANTA MARIA<\/b><\/font><\/div><\/p>\r\n\r\n<p><div align=\"center\"><b><a href=\"https:\/\/portal.ufsm.br\/documentos\/publico\/documento.html?id=4509105\"><font color=\"blue\">RESOLU\u00c7\u00c3O N. 006\/2000<\/font><\/a><\/b><\/div><\/p>\r\n<br>\r\n<p><div align=\"right\"><font color=\"800000\"><strike>Divulga a aprova\u00e7\u00e3o, pelo Conselho de Ensino, Pesquisa e Extens\u00e3o, da publica\u00e7\u00e3o \u201cEstrutura e Apresenta\u00e7\u00e3o de Monografias, Disserta\u00e7\u00f5es e Teses - MDT - 5\u00ba Edi\u00e7\u00e3o\u201d e revoga a Resolu\u00e7\u00e3o n. 0022\/95, de 21-12-95.<\/strike><\/font><\/div><\/p>\r\n<br>\r\n<p><a href=\"https:\/\/www.ufsm.br\/pro-reitorias\/proplan\/resolucao-n-013-2004\/\"><font color=\"blue\">Revogada pela Resolu\u00e7\u00e3o N. 013\/2004<\/font><\/a><\/p>\r\n<br>\r\n<br><div align=\"justify\">\r\n<strike>\r\n<p>O REITOR DA UNIVERSIDADE FEDERAL DE SANTA MARIA, no uso de suas atribui\u00e7\u00f5es legais e estatut\u00e1rias, e considerando:<\/p>\r\n<p>- A necessidade de oferecer ao pesquisador o aux\u00edlio de um conjunto m\u00ednimo de regras sobre princ\u00edpios fundamentais e indispens\u00e1veis para a boa organiza\u00e7\u00e3o de qualquer tipo de reda\u00e7\u00e3o cient\u00edfica;<\/p>\r\n<p>- O Parecer n. 043\/00, da Comiss\u00e3o de Legisla\u00e7\u00e3o e Normas, aprovado na 573\u00aa Sess\u00e3o do Conselho de Ensino, Pesquisa e Extens\u00e3o,<\/p>\r\n<br>\r\n<p><div align=\"center\">RESOLVE:<\/div><\/p>\r\n<br>\r\n<p>Art. 1\u00ba Expedir a presente resolu\u00e7\u00e3o para tornar oficiais e p\u00fablicas as normas sobre a estrutura e apresenta\u00e7\u00e3o de monografias, disserta\u00e7\u00f5es e teses, com o objetivo de uniformizar graficamente a elabora\u00e7\u00e3o dos documentos formais, em qualquer n\u00edvel da p\u00f3s-gradua\u00e7\u00e3o, no \u00e2mbito da Universidade Federal de Santa Maria.<\/p>\r\n<p>Par\u00e1grafo \u00danico - A publica\u00e7\u00e3o \u201cEstrutura e Apresenta\u00e7\u00e3o de Monografias, Disserta\u00e7\u00f5es e Teses \u2014 MDT \u2014 52 Edi\u00e7\u00e3o\u201d contemplar\u00e1 os seguintes cap\u00edtulos: (1) Aspectos B\u00e1sicos; (2) Elementos Pr\u00e9-Textuais, Textuais e Extratextuais (capas); (3) Refer\u00eancias Bibliogr\u00e1ficas e Bibliografia.<\/p>\r\n\r\n<p>Art. 2\u00ba Caber\u00e1 \u00e0 Pr\u00f3-Reitoria de P\u00f3s-Gradua\u00e7\u00e3o e Pesquisa \u2014 PRPGP a orienta\u00e7\u00e3o em torno dessas normas e a sua devida publica\u00e7\u00e3o, na melhor forma editorial.<\/p>\r\n<p>Art. 3\u00ba Esta Resolu\u00e7\u00e3o entra em vigor na data de sua publica\u00e7\u00e3o e revoga a <a href=\"https:\/\/www.ufsm.br\/pro-reitorias\/proplan\/resolucao-n-022-1995\/\" target=\"_blank\"><font color=\"blue\"><u>Resolu\u00e7\u00e3o n. 0022\/95, de 21-12-95<\/u><\/font><\/a>.<\/p>\r\n\r\n<p>GABINETE DO REITOR DA UNIVERSIDADE FEDERAL DE SANTA MARIA, aos vinte e um dias do m\u00eas de agosto do ano dois mil.<\/p>\r\n<\/div>\r\n<p>Paulo Jorge Sarkis,<\/p>\r\n<p>Reitor.<\/p>\r\n<\/strike>\r\n<p><font color=\"red0000\">Este texto n\u00e3o substitui o documento original, publicado no Portal de Documentos.<\/font> Dispon\u00edvel em: <a href=\"https:\/\/portal.ufsm.br\/documentos\/publico\/documento.html?id=4509105\"><font color=\"blue\">https:\/\/portal.ufsm.br\/documentos\/publico\/documento.html?id=4509105<\/font><\/a>\r\n\r\n\t\t<\/div>\n\t\t\t\t<\/div>\n\t\t\t\t\t<\/div>\n\t\t<\/div>\n\t\t\t\t\t<\/div>\n\t\t<\/section>\n\t\t\t\t<\/div>\n\t\t","protected":false},"excerpt":{"rendered":"<p>RESOLU\u00c7\u00c3O N. 006\/2000 MINIST\u00c9RIO DA EDUCA\u00c7\u00c3O UNIVERSIDADE FEDERAL DE SANTA MARIA RESOLU\u00c7\u00c3O N. 006\/2000 Divulga a aprova\u00e7\u00e3o, pelo Conselho de Ensino, Pesquisa e Extens\u00e3o, da publica\u00e7\u00e3o \u201cEstrutura e Apresenta\u00e7\u00e3o de Monografias, Disserta\u00e7\u00f5es e Teses &#8211; MDT &#8211; 5\u00ba Edi\u00e7\u00e3o\u201d e revoga a Resolu\u00e7\u00e3o n. 0022\/95, de 21-12-95. Revogada pela Resolu\u00e7\u00e3o N. 013\/2004 O REITOR DA [&hellip;]<\/p>\n","protected":false},"author":205,"featured_media":0,"parent":0,"menu_order":0,"comment_status":"closed","ping_status":"closed","template":"","meta":{"footnotes":""},"categories":[],"tags":[],"class_list":["post-3228","page","type-page","status-publish","hentry"],"acf":[],"_links":{"self":[{"href":"https:\/\/www.ufsm.br\/pro-reitorias\/proplan\/wp-json\/wp\/v2\/pages\/3228","targetHints":{"allow":["GET"]}}],"collection":[{"href":"https:\/\/www.ufsm.br\/pro-reitorias\/proplan\/wp-json\/wp\/v2\/pages"}],"about":[{"href":"https:\/\/www.ufsm.br\/pro-reitorias\/proplan\/wp-json\/wp\/v2\/types\/page"}],"author":[{"embeddable":true,"href":"https:\/\/www.ufsm.br\/pro-reitorias\/proplan\/wp-json\/wp\/v2\/users\/205"}],"replies":[{"embeddable":true,"href":"https:\/\/www.ufsm.br\/pro-reitorias\/proplan\/wp-json\/wp\/v2\/comments?post=3228"}],"version-history":[{"count":0,"href":"https:\/\/www.ufsm.br\/pro-reitorias\/proplan\/wp-json\/wp\/v2\/pages\/3228\/revisions"}],"wp:attachment":[{"href":"https:\/\/www.ufsm.br\/pro-reitorias\/proplan\/wp-json\/wp\/v2\/media?parent=3228"}],"wp:term":[{"taxonomy":"category","embeddable":true,"href":"https:\/\/www.ufsm.br\/pro-reitorias\/proplan\/wp-json\/wp\/v2\/categories?post=3228"},{"taxonomy":"post_tag","embeddable":true,"href":"https:\/\/www.ufsm.br\/pro-reitorias\/proplan\/wp-json\/wp\/v2\/tags?post=3228"}],"curies":[{"name":"wp","href":"https:\/\/api.w.org\/{rel}","templated":true}]}}