{"id":3267,"date":"2020-02-18T10:08:50","date_gmt":"2020-02-18T13:08:50","guid":{"rendered":"https:\/\/www.ufsm.br\/pro-reitorias\/proplan\/?page_id=3267"},"modified":"2020-05-27T18:44:30","modified_gmt":"2020-05-27T21:44:30","slug":"resolucao-n-019-1999","status":"publish","type":"page","link":"https:\/\/www.ufsm.br\/pro-reitorias\/proplan\/resolucao-n-019-1999","title":{"rendered":"Resolu\u00e7\u00e3o N. 019\/1999"},"content":{"rendered":"\t\t<div data-elementor-type=\"wp-page\" data-elementor-id=\"3267\" class=\"elementor elementor-3267\">\n\t\t\t\t\t\t<section class=\"elementor-section elementor-top-section elementor-element elementor-element-8134151 elementor-section-boxed elementor-section-height-default elementor-section-height-default\" data-id=\"8134151\" data-element_type=\"section\">\n\t\t\t\t\t\t<div class=\"elementor-container elementor-column-gap-default\">\n\t\t\t\t\t<div class=\"elementor-column elementor-col-100 elementor-top-column elementor-element elementor-element-c885d71\" data-id=\"c885d71\" data-element_type=\"column\">\n\t\t\t<div class=\"elementor-widget-wrap elementor-element-populated\">\n\t\t\t\t\t\t<div class=\"elementor-element elementor-element-d47b9d3 elementor-widget elementor-widget-html\" data-id=\"d47b9d3\" data-element_type=\"widget\" data-widget_type=\"html.default\">\n\t\t\t\t<div class=\"elementor-widget-container\">\n\t\t\t\r\n\r\n\r\n<title><b>RESOLU\u00c7\u00c3O N. 019\/1999<\/b><\/title>\r\n\r\n\r\n<div align=\"center\"><img decoding=\"async\" src=\"https:\/\/www.ufsm.br\/pro-reitorias\/proplan\/wp-content\/uploads\/sites\/344\/2019\/09\/brasao-da-republica-do-brasil-logo.png\" alt=\"Bras\u00e3o Rep\u00fablica Federativa do Brasil\" width=\"6%\" height=\"6%\"><\/div>    \r\n<h1><font color=\"blue\"><font size=\"5\"><div align=\"center\">SERVI\u00c7O P\u00daBLICO FEDERAL<\/b><\/font><\/font><\/div><\/H1>\r\n\r\n<p><div align=\"center\"><b><a href=\"https:\/\/portal.ufsm.br\/documentos\/publico\/documento.html?id=4507652\"><font color=\"blue\">RESOLU\u00c7\u00c3O N. 019\/1999<\/font><\/a><\/b><\/div><\/p>\r\n<br>\r\n<p><div align=\"right\"><font color=\"800000\"><strike>Designa Comiss\u00e3o para acompanhar, avaliar, propor medidas e fiscalizar coleta e destina\u00e7\u00e3o de res\u00edduos s\u00f3lidos de sa\u00fade produzidos pela Universidade<\/strike><\/font><\/div><\/p>\r\n<br>\r\n<p><a href=\"https:\/\/www.ufsm.br\/pro-reitorias\/proplan\/resolucao-n-020-2019\/\"><font color=\"blue\">Revogada pela Resolu\u00e7\u00e3o N. 020\/2019<\/font><\/a><\/p>\r\n<br>\r\n<br><div align=\"justify\">\r\n<strike>\r\n<p>O REITOR DA UNIVERSIDADE FEDERAL DE SANTA MARIA, no uso de suas atribui\u00e7\u00f5es legais e estatut\u00e1rias e considerando o que disp\u00f5e:<\/p>\r\n<p>- a <a href=\"http:\/\/www.fepam.rs.gov.br\/legislacao\/arq\/leg0000000028.pdf\" target=\"_blank\"><font color=\"blue\"><u>Lei n. 9.921, de 27 de julho de 1993, do Estado do Rio Grande do Sul<\/u><\/font><\/a>;<\/p>\r\n<p>- a <a href=\"http:\/\/www.mp.go.gov.br\/portalweb\/hp\/9\/docs\/rsulegis_03.pdf\" target=\"_blank\"><font color=\"blue\"><u>Resolu\u00e7\u00e3o n. 05\/93, de 05 de agosto de 1993, do Conselho Nacional do Meio Ambiente, do Minist\u00e9rio do Meio Ambiente<\/u><\/font><\/a>;<\/p>\r\n<p>- a <a href=\"http:\/\/www.al.rs.gov.br\/legis\/M010\/M0100099.ASP?Hid_Tipo=TEXTO&amp;Hid_TodasNormas=13903&amp;hTexto=&amp;Hid_IDNorma=13903\" target=\"_blank\"><font color=\"blue\"><u>Lei n. 10.099, de 07 de fevereiro de 1994, do Estado do Rio Grande do Sul<\/u><\/font><\/a>; e<\/p>\r\n<p>- o Contrato n. 39\/99, realizado entre a Universidade Federal de Santa Maria e a PRT - Presta\u00e7\u00e3o de Servi\u00e7os de Limpeza Ltda.<\/p>\r\n<br>\r\n<p><div align=\"center\">RESOLVE:<\/div><\/p>\r\n<br>\r\n<p>Designar uma comiss\u00e3o para acompanhar, avaliar, propor medidas e fiscalizar a coleta e destina\u00e7\u00e3o dos diversos tipos de res\u00edduos s\u00f3lidos de sa\u00fade produzidos pela Universidade, objeto do referido contrato, assim constitu\u00edda:<\/p>\r\n<p>- Prof. Talles Augusto Ara\u00fajo \u2014 SIAPE 382311 \u2014 Presidente<\/p>\r\n<p>- Prof. Carlos Leite Maciel Filho \u2014 SIAPE 377837<\/p>\r\n<p>- Prof. Ronaldo Hoffmann \u2014 SIAPE 381338<\/p>\r\n<p>- Prof. Carlos Alberto Oliveira Irion \u2014 SIAPE 380478<\/p>\r\n<p>- Prof. Geraldo Lopes da Silveira \u2014 SIAPE 379623<\/p>\r\n<p>GABINETE DO REITOR DA UNIVERSIDADE FEDERAL DE SANTA MARIA, aos tr\u00eas dias do m\u00eas de novembro de mil, novecentos e noventa e nove.<\/p>\r\n<\/div>\r\n<p>Paulo Jorge Sarkis.<\/p>\r\n<\/strike>\r\n<p><font color=\"red0000\">Este texto n\u00e3o substitui o documento original, publicado no Portal de Documentos.<\/font> Dispon\u00edvel em: <a href=\"https:\/\/portal.ufsm.br\/documentos\/publico\/documento.html?id=4507652\"><font color=\"blue\">https:\/\/portal.ufsm.br\/documentos\/publico\/documento.html?id=4507652<\/font><\/a>\r\n\r\n\t\t<\/div>\n\t\t\t\t<\/div>\n\t\t\t\t\t<\/div>\n\t\t<\/div>\n\t\t\t\t\t<\/div>\n\t\t<\/section>\n\t\t\t\t<\/div>\n\t\t","protected":false},"excerpt":{"rendered":"<p>RESOLU\u00c7\u00c3O N. 019\/1999 SERVI\u00c7O P\u00daBLICO FEDERAL RESOLU\u00c7\u00c3O N. 019\/1999 Designa Comiss\u00e3o para acompanhar, avaliar, propor medidas e fiscalizar coleta e destina\u00e7\u00e3o de res\u00edduos s\u00f3lidos de sa\u00fade produzidos pela Universidade Revogada pela Resolu\u00e7\u00e3o N. 020\/2019 O REITOR DA UNIVERSIDADE FEDERAL DE SANTA MARIA, no uso de suas atribui\u00e7\u00f5es legais e estatut\u00e1rias e considerando o que disp\u00f5e: [&hellip;]<\/p>\n","protected":false},"author":205,"featured_media":0,"parent":0,"menu_order":0,"comment_status":"closed","ping_status":"closed","template":"","meta":{"footnotes":""},"categories":[],"tags":[],"class_list":["post-3267","page","type-page","status-publish","hentry"],"acf":[],"_links":{"self":[{"href":"https:\/\/www.ufsm.br\/pro-reitorias\/proplan\/wp-json\/wp\/v2\/pages\/3267","targetHints":{"allow":["GET"]}}],"collection":[{"href":"https:\/\/www.ufsm.br\/pro-reitorias\/proplan\/wp-json\/wp\/v2\/pages"}],"about":[{"href":"https:\/\/www.ufsm.br\/pro-reitorias\/proplan\/wp-json\/wp\/v2\/types\/page"}],"author":[{"embeddable":true,"href":"https:\/\/www.ufsm.br\/pro-reitorias\/proplan\/wp-json\/wp\/v2\/users\/205"}],"replies":[{"embeddable":true,"href":"https:\/\/www.ufsm.br\/pro-reitorias\/proplan\/wp-json\/wp\/v2\/comments?post=3267"}],"version-history":[{"count":0,"href":"https:\/\/www.ufsm.br\/pro-reitorias\/proplan\/wp-json\/wp\/v2\/pages\/3267\/revisions"}],"wp:attachment":[{"href":"https:\/\/www.ufsm.br\/pro-reitorias\/proplan\/wp-json\/wp\/v2\/media?parent=3267"}],"wp:term":[{"taxonomy":"category","embeddable":true,"href":"https:\/\/www.ufsm.br\/pro-reitorias\/proplan\/wp-json\/wp\/v2\/categories?post=3267"},{"taxonomy":"post_tag","embeddable":true,"href":"https:\/\/www.ufsm.br\/pro-reitorias\/proplan\/wp-json\/wp\/v2\/tags?post=3267"}],"curies":[{"name":"wp","href":"https:\/\/api.w.org\/{rel}","templated":true}]}}