{"id":3294,"date":"2020-02-19T10:37:14","date_gmt":"2020-02-19T13:37:14","guid":{"rendered":"https:\/\/www.ufsm.br\/pro-reitorias\/proplan\/?page_id=3294"},"modified":"2020-07-20T13:24:52","modified_gmt":"2020-07-20T16:24:52","slug":"resolucao-n-013-1998","status":"publish","type":"page","link":"https:\/\/www.ufsm.br\/pro-reitorias\/proplan\/resolucao-n-013-1998","title":{"rendered":"Resolu\u00e7\u00e3o N. 013\/1998"},"content":{"rendered":"\t\t<div data-elementor-type=\"wp-page\" data-elementor-id=\"3294\" class=\"elementor elementor-3294\">\n\t\t\t\t\t\t<section class=\"elementor-section elementor-top-section elementor-element elementor-element-0ecd220 elementor-section-boxed elementor-section-height-default elementor-section-height-default\" data-id=\"0ecd220\" data-element_type=\"section\">\n\t\t\t\t\t\t<div class=\"elementor-container elementor-column-gap-default\">\n\t\t\t\t\t<div class=\"elementor-column elementor-col-100 elementor-top-column elementor-element elementor-element-bbe9ee6\" data-id=\"bbe9ee6\" data-element_type=\"column\">\n\t\t\t<div class=\"elementor-widget-wrap elementor-element-populated\">\n\t\t\t\t\t\t<div class=\"elementor-element elementor-element-85f24e6 elementor-widget elementor-widget-html\" data-id=\"85f24e6\" data-element_type=\"widget\" data-widget_type=\"html.default\">\n\t\t\t\t<div class=\"elementor-widget-container\">\n\t\t\t\r\n\r\n\r\n<title><b>RESOLU\u00c7\u00c3O N. 013\/1998<\/b><\/title>\r\n\r\n\r\n<div align=\"center\"><img decoding=\"async\" src=\"https:\/\/www.ufsm.br\/pro-reitorias\/proplan\/wp-content\/uploads\/sites\/344\/2019\/09\/brasao-da-republica-do-brasil-logo.png\" alt=\"Bras\u00e3o Rep\u00fablica Federativa do Brasil\" width=\"6%\" height=\"6%\"><\/div>    \r\n<h1><font color=\"blue\"><font size=\"5\"><div align=\"center\">SERVI\u00c7O P\u00daBLICO FEDERAL<\/b><\/font><\/font><\/div><\/H1>\r\n\r\n<p><div align=\"center\"><b><a href=\"https:\/\/portal.ufsm.br\/documentos\/publico\/documento.html?id=4507702\"><font color=\"blue\">RESOLU\u00c7\u00c3O N. 013\/1998<\/font><\/a><\/b><\/div><\/p>\r\n<br>\r\n<p><div align=\"right\"><font color=\"800000\"><strike>Transfere a Coordenadoria de Planejamento F\u00edsico \u2013 COPLAFI da Pr\u00f3-Reitoria de Planejamento para a Prefeitura da Cidade Universit\u00e1ria e estabelece para esta uma nova estrutura.<\/strike><\/font><\/div><\/p>\r\n<br>\r\n<p><a href=\"https:\/\/www.ufsm.br\/pro-reitorias\/proplan\/resolucao-n-022-2020\/\" target=\"_blank\"><font color=\"blue\">Revogada pela Resolu\u00e7\u00e3o N. 022\/2020<\/font><\/a><\/p>\r\n<br>\r\n<br><div align=\"justify\">\r\n<strike>\r\n<p>O VICE-REITOR DA UNIVERSIDADE FEDERAL DE SANTA MARIA, no uso de suas atribui\u00e7\u00f5es legais e estatut\u00e1rias e, considerando:<\/p>\r\n<p>- a necessidade de dotar a UFSM de uma estrutura capaz de assimilar os servi\u00e7os de projetos e execu\u00e7\u00e3o de obras, os servi\u00e7os de manuten\u00e7\u00e3o e os servi\u00e7os gerais;<\/p>\r\n<p>- a busca de um melhor desempenho dos servi\u00e7os de manuten\u00e7\u00e3o, principalmente os de manuten\u00e7\u00e3o preventiva;<\/p>\r\n<p>- a necessidade de reunir num mesmo \u00f3rg\u00e3o e sob a mesma ger\u00eancia os servi\u00e7os de projetos e de execu\u00e7\u00e3o;<\/p>\r\n<p>- a inten\u00e7\u00e3o de integrar os diversos setores respons\u00e1veis pela \u00e1rea de infraestrutura e servi\u00e7os, atualmente dispersos, em uma mesma \u00e1rea f\u00edsica;<\/p>\r\n<p>- Um melhor aproveitamento dos recursos humanos das \u00e1reas de engenharia, arquitetura e servi\u00e7os, atrav\u00e9s da concentra\u00e7\u00e3o desses profissionais num mesmo \u00f3rg\u00e3o;<\/p>\r\n<p>- a corre\u00e7\u00e3o de anomalias estruturais;<\/p>\r\n<p>- O Parecer n. 051\/98 da Comiss\u00e3o de Legisla\u00e7\u00e3o e Regimentos, aprovado na 576\u00aa sess\u00e3o do Conselho Universit\u00e1rio, em 02.10.98,<\/p>\r\n<br>\r\n<p><div align=\"center\">RESOLVE:<\/div><\/p>\r\n<br>\r\n<p>Art. 1\u00ba - Transferir a Coordenadoria de Planejamento do Espa\u00e7o F\u00edsico - COPLAFI da estrutura organizacional da Pr\u00f3-Reitoria de Planejamento - PROPLAN, para a estrutura da Prefeitura da Cidade Universit\u00e1ria.<\/p>\r\n<p>Art. 2\u00ba - Fica estabelecida para a Prefeitura da Cidade Universit\u00e1ria, uma nova estrutura, composta das seguintes subunidades e respectivas Fun\u00e7\u00f5es de Confian\u00e7a:<\/p>\r\n<p>1 - Prefeito - CD3<\/p>\r\n<p>2 - Assistente - FG4<\/p>\r\n<p>3 - Secretaria de Apoio Administrativo - FG6<\/p>\r\n<p>4 - Divis\u00e3o de Servi\u00e7os Gerais - FG3<\/p>\r\n<p>4.1 - Setor de Administra\u00e7\u00e3o de Pr\u00e9dios - FG6<\/p>\r\n<p>4.2 - Setor de Transporte e Oficina - FG6<\/p>\r\n<p>4.3 - Setor de Vigil\u00e2ncia - FG6<\/p>\r\n<p>5 - Coordenadoria de Obras - CD4<\/p>\r\n<p>5.1 - Divis\u00e3o de Manuten\u00e7\u00e3o - FG3<\/p>\r\n<p>5.1.1 - Setor de Hidr\u00e1ulica e Saneamento - FG4<\/p>\r\n<p>5.1.2 - Setor de Eletromec\u00e2nica - FG4<\/p>\r\n<p>5.1.3 - Setor de Constru\u00e7\u00e3o Civil - FG4<\/p>\r\n<p>5.1.4 - Setor de Urbanismo e Paisagismo - FG4<\/p>\r\n<p>5.2 - Divis\u00e3o de Obras e Projetos - FG3<\/p>\r\n<p>5.2.1 - Setor de Cadastro - FG7<\/p>\r\n<p>5.2.2 - Setor de Fiscaliza\u00e7\u00e3o - FG7<\/p>\r\n\r\n<p>Art. 3\u00ba - Esta Resolu\u00e7\u00e3o entra em vigor na data de sua publica\u00e7\u00e3o, revogadas as disposi\u00e7\u00f5es em contr\u00e1rio.<\/p>\r\n\r\n<p>GABINETE DO REITOR DA UNIVERSIDADE FEDERAL DE SANTA MARIA, aos trinta dias do m\u00eas de outubro do ano de mil, novecentos e noventa e oito.<\/p>\r\n<\/div>\r\n<p>Clovis Silva Lima,<\/p>\r\n<p>Vice-Reitor, no exerc\u00edcio da Reitoria.<\/p>\r\n<\/strike>\r\n\r\n<p><font color=\"red0000\">Este texto n\u00e3o substitui o documento original, publicado no Portal de Documentos.<\/font> Dispon\u00edvel em: <a href=\"https:\/\/portal.ufsm.br\/documentos\/publico\/documento.html?id=4507702\"><font color=\"blue\">https:\/\/portal.ufsm.br\/documentos\/publico\/documento.html?id=4507702<\/font><\/a>\r\n\r\n\t\t<\/div>\n\t\t\t\t<\/div>\n\t\t\t\t\t<\/div>\n\t\t<\/div>\n\t\t\t\t\t<\/div>\n\t\t<\/section>\n\t\t\t\t<\/div>\n\t\t","protected":false},"excerpt":{"rendered":"<p>RESOLU\u00c7\u00c3O N. 013\/1998 SERVI\u00c7O P\u00daBLICO FEDERAL RESOLU\u00c7\u00c3O N. 013\/1998 Transfere a Coordenadoria de Planejamento F\u00edsico \u2013 COPLAFI da Pr\u00f3-Reitoria de Planejamento para a Prefeitura da Cidade Universit\u00e1ria e estabelece para esta uma nova estrutura. Revogada pela Resolu\u00e7\u00e3o N. 022\/2020 O VICE-REITOR DA UNIVERSIDADE FEDERAL DE SANTA MARIA, no uso de suas atribui\u00e7\u00f5es legais e estatut\u00e1rias [&hellip;]<\/p>\n","protected":false},"author":205,"featured_media":0,"parent":0,"menu_order":0,"comment_status":"closed","ping_status":"closed","template":"","meta":{"footnotes":""},"categories":[],"tags":[],"class_list":["post-3294","page","type-page","status-publish","hentry"],"acf":[],"_links":{"self":[{"href":"https:\/\/www.ufsm.br\/pro-reitorias\/proplan\/wp-json\/wp\/v2\/pages\/3294","targetHints":{"allow":["GET"]}}],"collection":[{"href":"https:\/\/www.ufsm.br\/pro-reitorias\/proplan\/wp-json\/wp\/v2\/pages"}],"about":[{"href":"https:\/\/www.ufsm.br\/pro-reitorias\/proplan\/wp-json\/wp\/v2\/types\/page"}],"author":[{"embeddable":true,"href":"https:\/\/www.ufsm.br\/pro-reitorias\/proplan\/wp-json\/wp\/v2\/users\/205"}],"replies":[{"embeddable":true,"href":"https:\/\/www.ufsm.br\/pro-reitorias\/proplan\/wp-json\/wp\/v2\/comments?post=3294"}],"version-history":[{"count":0,"href":"https:\/\/www.ufsm.br\/pro-reitorias\/proplan\/wp-json\/wp\/v2\/pages\/3294\/revisions"}],"wp:attachment":[{"href":"https:\/\/www.ufsm.br\/pro-reitorias\/proplan\/wp-json\/wp\/v2\/media?parent=3294"}],"wp:term":[{"taxonomy":"category","embeddable":true,"href":"https:\/\/www.ufsm.br\/pro-reitorias\/proplan\/wp-json\/wp\/v2\/categories?post=3294"},{"taxonomy":"post_tag","embeddable":true,"href":"https:\/\/www.ufsm.br\/pro-reitorias\/proplan\/wp-json\/wp\/v2\/tags?post=3294"}],"curies":[{"name":"wp","href":"https:\/\/api.w.org\/{rel}","templated":true}]}}