{"id":3301,"date":"2020-02-19T12:09:45","date_gmt":"2020-02-19T15:09:45","guid":{"rendered":"https:\/\/www.ufsm.br\/pro-reitorias\/proplan\/?page_id=3301"},"modified":"2020-11-11T10:19:10","modified_gmt":"2020-11-11T13:19:10","slug":"resolucao-n-019-1998-anexo-i","status":"publish","type":"page","link":"https:\/\/www.ufsm.br\/pro-reitorias\/proplan\/resolucao-n-019-1998-anexo-i","title":{"rendered":"Resolu\u00e7\u00e3o N. 019\/1998 &#8211; Anexo I"},"content":{"rendered":"\t\t<div data-elementor-type=\"wp-page\" data-elementor-id=\"3301\" class=\"elementor elementor-3301\">\n\t\t\t\t\t\t<section class=\"elementor-section elementor-top-section elementor-element elementor-element-933071b elementor-section-boxed elementor-section-height-default elementor-section-height-default\" data-id=\"933071b\" data-element_type=\"section\">\n\t\t\t\t\t\t<div class=\"elementor-container elementor-column-gap-default\">\n\t\t\t\t\t<div class=\"elementor-column elementor-col-100 elementor-top-column elementor-element elementor-element-9392214\" data-id=\"9392214\" data-element_type=\"column\">\n\t\t\t<div class=\"elementor-widget-wrap elementor-element-populated\">\n\t\t\t\t\t\t<div class=\"elementor-element elementor-element-ef9579d elementor-widget elementor-widget-html\" data-id=\"ef9579d\" data-element_type=\"widget\" data-widget_type=\"html.default\">\n\t\t\t\t<div class=\"elementor-widget-container\">\n\t\t\t\r\n\r\n\r\n<title><b>RESOLU\u00c7\u00c3O N. 019\/1998-ANEXO I<\/b><\/title>\r\n\r\n\r\n<div align=\"center\"><img decoding=\"async\" src=\"https:\/\/www.ufsm.br\/pro-reitorias\/proplan\/wp-content\/uploads\/sites\/344\/2019\/09\/brasao-da-republica-do-brasil-logo.png\" alt=\"Bras\u00e3o Rep\u00fablica Federativa do Brasil\" width=\"6%\" height=\"6%\"><\/div>    \r\n<h1><font color=\"blue\"><font size=\"5\"><div align=\"center\">MINIST\u00c9RIO DA EDUCA\u00c7\u00c3O<\/b><\/font><\/font><\/div><\/H1>\r\n<p><b><font color=\"0000blue\"><div align=\"center\">UNIVERSIDADE FEDERAL DE SANTA MARIA<\/b><\/font><\/div><\/p>\r\n\r\n<p><div align=\"center\"><b><a href=\"https:\/\/portal.ufsm.br\/documentos\/publico\/documento.html?id=12956613\"><font color=\"blue\">RESOLU\u00c7\u00c3O N. 019\/1998 - ANEXO I<\/font><\/a><\/b><\/div><\/p>\r\n<br>\r\n<p><a href=\"https:\/\/www.ufsm.br\/pro-reitorias\/proplan\/resolucao-n-020-1999\/\"><font color=\"blue\">Alterada pela Resolu\u00e7\u00e3o N. 020\/1999<\/font><\/a><\/p>\r\n<p><a href=\"https:\/\/www.ufsm.br\/pro-reitorias\/proplan\/resolucao-n-028-2020\/\" target=\"_blank\"><font color=\"blue\">Revogada pela Resolu\u00e7\u00e3o N. 028\/2020<\/font><\/a><\/p>\r\n<br>\r\n<br><div align=\"justify\">\r\n<strike>\r\n<table><table width=\"75%\">\r\n<tr><th width=\"80\"><img decoding=\"async\" src=\"https:\/\/www.ufsm.br\/pro-reitorias\/proplan\/wp-content\/uploads\/sites\/344\/2019\/11\/bras\u00e3o-UFSM.png\" alt=\"Bras\u00e3o da UFSM\" width=\"30%\" height=\"30%\"><\/th><th colspan=\"4\"><p><b>UNIVERSIDADE FEDERAL DE SANTA MARIA<\/b><p><p><b>RELAT\u00d3RIO ANUAL DE ATIVIDADES DOCENTES<\/b><\/p><p><b>1998<\/b><\/p><\/div><\/th><\/tr>\r\n<tr><td width=\"50%\">CENTRO<\/td><td colspan=\"3\">DEPARTAMENTO<\/td><\/tr>\r\n<tr><td width=\"50%\">NOME<\/td><td colspan=\"2\">MATR\u00cdCULA<\/td><\/tr>\r\n<tr><td>CPF<\/td><td>CLASSE<\/td><td colspan=\"2\">N\u00cdVEL<\/td><td>TITULA\u00c7\u00c3O<\/td><\/tr>\r\n<tr><td colspan=\"2\">DATA DE ADMISS\u00c3O: _____\/_____\/____<\/td><td colspan=\"3\">REG. TRABALHO SEMANAL<\/td><\/tr>\r\n<tr><td><\/td><td><\/td><td>20H (   )<\/td><td>40H (   )<\/td><td>DE (   )<\/td><\/tr>\r\n<tr><td colspan=\"5\"><p>___________________________________________________________________<\/p><p>ASSINATURA DO DOCENTE<\/p><\/div><\/td><\/tr>\r\n<\/div><\/table>\r\n<br>\r\n<p><b>1 ATIVIDADES ADMINISTRATIVAS E DE ASSESSORIA\u00b9<\/b><\/p>\r\n<br>\r\n<table><table width=\"75%\">\r\n<tr><th align=\"center\"><b>CARGO OU FUN\u00c7\u00c3O<\/b><\/th><\/div><\/th><th align=\"center\"><b>DOCUMENTO DE DESIGNA\u00c7\u00c3O\/PER\u00cdODO<\/b><\/div><\/th><\/tr>\r\n<tr><td><br><\/td><td><\/td><\/tr>\r\n<tr><td><br><\/td><td><\/td><\/tr>\r\n<tr><td><br><\/td><td><\/td><\/tr>\r\n<tr><td><br><\/td><td><\/td><\/tr>\r\n<tr><td><b>TOTAL PARCIAL 1<\/b><\/td><td><\/td><\/tr>\r\n<\/div><\/table>\r\n<p>\u00b9 Estas atividades s\u00e3o aquelas correspondentes aos cargos contemplados com CD, FG1, ou FG2<\/p>\r\n<br>\r\n<br>\r\n<p><b>2 ENSINO<\/b><\/p>\r\n<p><b> Os Campos referentes \u00e0 pontua\u00e7\u00e3o das atividades N\u00c3O DEVEM SER PREENCHIDOS pelo docente<\/b><\/p>\r\n<p><b>2.1 SALA DE AULA\u00b2<\/b><\/p>\r\n<br>\r\n<table><table width=\"75%\">\r\n<tr align=\"center\"><td rowspan=\"2\"><b>DISCIPLINAS<\/b><\/td><td rowspan=\"2\"><b>N\u00cdVEL Gradua\u00e7\u00e3o ou P\u00f3s-gradua\u00e7\u00e3o<\/b><\/td><td colspan=\"2\"><b>DISCIPLINAS<\/b><\/td><td rowspan=\"2\"><b>CURSO<\/td><td rowspan=\"2\"><b>TURMA<\/td><td rowspan=\"2\"><b>N\u00ba DE HORAS-AULA=<\/b><\/td><td rowspan=\"2\"><b>N\u00ba DE PONTOS(x10 )<\/b><\/td><\/tr>\r\n<tr><td><b>C\u00f3digo<\/b><\/td><td><b>Semestre<\/b><\/td><\/tr>\r\n<tr><td><br><\/td><td><\/td><td><\/td><td><\/td><td><\/td><td><\/td><td><\/td><td><\/td><\/tr>\r\n<tr><td><br><\/td><td><\/td><td><\/td><td><\/td><td><\/td><td><\/td><td><\/td><td><\/td><\/tr>\r\n<tr><td><br><\/td><td><\/td><td><\/td><td><\/td><td><\/td><td><\/td><td><\/td><td><\/td><\/tr>\r\n<tr><td><br><\/td><td><\/td><td><\/td><td><\/td><td><\/td><td><\/td><td><\/td><td><\/td><\/tr>\r\n<tr><td><br><\/td><td><\/td><td><\/td><td><\/td><td><\/td><td><\/td><td><\/td><td><\/td><\/tr>\r\n<tr><td><br><\/td><td><\/td><td><\/td><td><\/td><td><\/td><td><\/td><td><\/td><td><\/td><\/tr>\r\n<tr><td><br><\/td><td><\/td><td><\/td><td><\/td><td><\/td><td><\/td><td><\/td><td><\/td><\/tr>\r\n<tr><td><br><\/td><td><\/td><td><\/td><td><\/td><td><\/td><td><\/td><td><\/td><td><\/td><\/tr>\r\n<tr><td><br><\/td><td><\/td><td><\/td><td><\/td><td><\/td><td><\/td><td><\/td><td><\/td><\/tr>\r\n<tr><td><br><\/td><td><\/td><td><\/td><td><\/td><td><\/td><td><\/td><td><\/td><td><\/td><\/tr>\r\n<tr><td><br><\/td><td><\/td><td><\/td><td><\/td><td><\/td><td><\/td><td><\/td><td><\/td><\/tr>\r\n<tr><td><br><\/td><td><\/td><td><\/td><td><\/td><td><\/td><td><\/td><td><\/td><td><\/td><\/tr>\r\n<tr><td><br><\/td><td><\/td><td><\/td><td><\/td><td><\/td><td><\/td><td><\/td><td><\/td><\/tr>\r\n<tr><td><b>Subtotal 1<\/b><\/td><td><\/td><td><\/td><td><\/td><td><\/td><td><\/td><td><\/td><td><\/td><\/tr>\r\n<\/div><\/table>\r\n<p>\u00b2 Para as disciplinas de Est\u00e1gio Supervisionado, Trabalho de Final de Curso ou similares, seu registro s\u00f3 pode ser efetuado em um dos itens: atividades em sala de aula (item 2.1) ou atividades de orienta\u00e7\u00e3o de alunos (Item 2.2), a crit\u00e9rio do docente.<\/p>\r\n<br>\r\n<br>\r\n<p><b>2.2 ORIENTA\u00c7\u00c3O DE ALUNOS\u00b3<\/b><\/p>\r\n<br>\r\n<table><table width=\"75%\">\r\n<tr align=\"center\"><td><b>TIPO DE ORIENTA\u00c7\u00c3O<\/b><\/td><td><b>N\u00ba DE ALUNOS<\/b><\/td><td><b>N\u00ba DE HORAS-AULA=<\/td><td><b>PONTUA\u00c7\u00c3O( x10 )<\/b><\/td><\/tr>\r\n<tr><td><b>Est\u00e1gio supervisionado (2 horas-aula\/aluno)<\/b><\/td><td><\/td><td><\/td><td><\/td><\/tr>\r\n<tr><td><b>Trabalho final de curso (2 horas-aula\/aluno)<\/b><\/td><td><\/td><td><\/td><td><\/td><\/tr>\r\n<tr><td><b>Especializa\u00e7\u00e3o (2 horas-aula\/aluno)<\/b><\/td><td><\/td><td><\/td><td><\/td><\/tr>\r\n<tr><td><b>Mestrado (3 horas-aula\/aluno)<\/b><\/td><td><\/td><td><\/td><td><\/td><\/tr>\r\n<tr><td><b>Doutorado (4 horas-aula\/aluno)<\/b><\/td><td><\/td><td><\/td><td><\/td><\/tr>\r\n<tr><td><b>Subtotal 2<\/b><\/td><td><\/td><td><\/td><td><\/td><\/tr>\r\n<\/div><\/table>\r\n<p>\u00b3 Para as atividades de orienta\u00e7\u00e3o de alunos de Mestrado ou Doutorado onde existir mais que 01 (um) orientador envolvido, o valor considerado em horas-aula deve ser dividido entre os envolvidos, respeitados os limites por alunos.<\/p>\r\n<p>Nos itens est\u00e1gio supervisionado e trabalho de final de curso, fica estabelecido o limite de 03 (tr\u00eas) alunos por docente em cada item.<\/p>\r\n<br>\r\n<br>\r\n<br>\r\n<p><b>3 OUTRAS ATIVIDADES DE ENSINO, PESQUISA E EXTENS\u00c3O4<\/b><\/p>\r\n<br>\r\n<table><table width=\"75%\">\r\n<tr><td><b>DESCRI\u00c7\u00c3O POR ATIVIDADE<\/b><\/td><td><b>N\u00ba DE PONTOS<\/b><\/td><td><b>QUANTIDADE<\/b><\/td><td><b>PONTUA\u00c7\u00c3O (N\u00ba de pontos x quantidade)<\/b><\/td><\/tr>\r\n<tr><td><b>Participa\u00e7\u00e3o em banca examinadora de: concurso p\u00fablico para Professor Titular, Adjunto, Assistente ou Auxiliar<\/b><\/td><td align=\"center\"><b>15<\/b><\/td><td><b><\/b><\/td><td><b><\/b><\/td><\/tr>\r\n<tr><td><b>Participa\u00e7\u00e3o em Comiss\u00e3o de Sele\u00e7\u00e3o P\u00fablica para Professor Substituto<\/b><\/td><td align=\"center\"><b>3<\/b><\/td><td><b><\/b><\/td><td><b><\/b><\/td><\/tr>\r\n<tr><td><b>Participa\u00e7\u00e3o em Comiss\u00e3o de Sele\u00e7\u00e3o P\u00fablica para Professor Visitante<\/b><\/td><td align=\"center\"><b>3<\/b><\/td><td><b><\/b><\/td><td><b><\/b><\/td><\/tr>\r\n<tr><td><b>Participa\u00e7\u00e3o em Banca Examinadora de Concurso p\u00fablico para T\u00e9cnico Administrativo<\/b><\/td><td align=\"center\"><b>2<\/b><\/td><td><b><\/b><\/td><td><b><\/b><\/td><\/tr>\r\n<tr><td><b>Participa\u00e7\u00e3o em banca examinadora de: Tese de Doutorado<\/b><\/td><td align=\"center\"><b>10<\/b><\/td><td><b><\/b><\/td><td><b><\/b><\/td><\/tr>\r\n<tr><td><b>Participa\u00e7\u00e3o em banca examinadora de: Disserta\u00e7\u00e3o de Mestrado<\/b><\/td><td align=\"center\"><b>5<\/b><\/td><td><b><\/b><\/td><td><b><\/b><\/td><\/tr>\r\n<tr><td><b>Participa\u00e7\u00e3o em banca examinadora de: Qualifica\u00e7\u00e3o de Doutorado<\/b><\/td><td align=\"center\"><b>3<\/b><\/td><td><b><\/b><\/td><td><b><\/b><\/td><\/tr>\r\n<tr><td><b>Participa\u00e7\u00e3o em banca examinadora de: Qualifica\u00e7\u00e3o de Mestrado<\/b><\/td><td align=\"center\"><b>2<\/b><\/td><td><b><\/b><\/td><td><b><\/b><\/td><\/tr>\r\n<tr><td><b>Participa\u00e7\u00e3o em banca examinadora de: Sele\u00e7\u00e3o de Doutorado<\/b><\/td><td align=\"center\"><b>1<\/b><\/td><td><b><\/b><\/td><td><b><\/b><\/td><\/tr>\r\n<tr><td><b>Participa\u00e7\u00e3o em banca examinadora de: Sele\u00e7\u00e3o de Especializa\u00e7\u00e3o<\/b><\/td><td align=\"center\"><b>1<\/b><\/td><td><b><\/b><\/td><td><b><\/b><\/td><\/tr>\r\n<tr><td><b>Participa\u00e7\u00e3o em banca examinadora de: Sele\u00e7\u00e3o de Mestrado<\/b><\/td><td align=\"center\"><b>1<\/b><\/td><td><b><\/b><\/td><td><b><\/b><\/td><\/tr>\r\n<tr><td><b>Participa\u00e7\u00e3o em banca examinadora de: Monografia de Gradua\u00e7\u00e3o<\/b><\/td><td align=\"center\"><b>1<\/b><\/td><td><b><\/b><\/td><td><b><\/b><\/td><\/tr>\r\n<tr><td><b>Participa\u00e7\u00e3o em banca examinadora de: Monografia de Especializa\u00e7\u00e3o<\/b><\/td><td align=\"center\"><b>1<\/b><\/td><td><b><\/b><\/td><td><b><\/b><\/td><\/tr>\r\n<tr><td><b>Relat\u00f3rio de Programa de extens\u00e3o, com avalia\u00e7\u00e3o da inst\u00e2ncia respons\u00e1vel pela aprova\u00e7\u00e3o do projeto<\/b><\/td><td align=\"center\"><b>15<\/b><\/td><td><b><\/b><\/td><td><b><\/b><\/td><\/tr>\r\n<tr><td><b>Relat\u00f3rio de Projetos de extens\u00e3o com avalia\u00e7\u00e3o da inst\u00e2ncia respons\u00e1vel pela aprova\u00e7\u00e3o do projeto<\/b><\/td><td align=\"center\"><b>10<\/b><\/td><td><b><\/b><\/td><td><b><\/b><\/td><\/tr>\r\n<tr><td><b>Relat\u00f3rio de Eventos de extens\u00e3o, com avalia\u00e7\u00e3o da inst\u00e2ncia respons\u00e1vel pela aprova\u00e7\u00e3o do projeto<\/b><\/td><td align=\"center\"><b>5<\/b><\/td><td><b><\/b><\/td><td><b><\/b><\/td><\/tr>\r\n<tr><td><b>Atividades de Doc\u00eancia em cursos de extens\u00e3o, at\u00e9 o limite de 100 (cem) horas anuais, devidamente comprovadas pela inst\u00e2ncia respons\u00e1vel pela emiss\u00e3o dos certificados<\/b><\/td><td align=\"center\"><b>1 ponto para cada 10 horas<\/b><\/td><td><b><\/b><\/td><td><b><\/b><\/td><\/tr>\r\n<tr><td><b>Atividades de Assessoria, consultoria, per\u00edcia ou sindic\u00e2ncia, at\u00e9 o limite de 100 (cem) horas anuais, devidamente comprovadas pela inst\u00e2ncia respons\u00e1vel pela contrata\u00e7\u00e3o do servi\u00e7o<\/b><\/td><td align=\"center\"><b>1 ponto para cada 10 horas<\/b><\/td><td><b><\/b><\/td><td><b><\/b><\/td><\/tr>\r\n<tr><td><b>Publica\u00e7\u00e3o de livro did\u00e1tico, cultural ou t\u00e9cnico<\/b><\/td><td align=\"center\"><b>30<\/b><\/td><td><b><\/b><\/td><td><b><\/b><\/td><\/tr>\r\n<tr><td><b>Publica\u00e7\u00e3o de Capitulo de livro did\u00e1tico, cultural ou t\u00e9cnico<\/b><\/td><td align=\"center\"><b>10<\/b><\/td><td><b><\/b><\/td><td><b><\/b><\/td><\/tr>\r\n<\/div><\/table> \r\n<br>\r\n<br>\r\n<br>\r\n<\/div>\r\n<\/strike>\r\n<p><font color=\"red0000\">Este texto n\u00e3o substitui o documento original, publicado no Portal de Documentos.<\/font> Dispon\u00edvel em: <a href=\"https:\/\/portal.ufsm.br\/documentos\/publico\/documento.html?id=12956613\"><font color=\"blue\">https:\/\/portal.ufsm.br\/documentos\/publico\/documento.html?id=12956613<\/font><\/a>\r\n\r\n\t\t<\/div>\n\t\t\t\t<\/div>\n\t\t\t\t\t<\/div>\n\t\t<\/div>\n\t\t\t\t\t<\/div>\n\t\t<\/section>\n\t\t\t\t<\/div>\n\t\t","protected":false},"excerpt":{"rendered":"<p>RESOLU\u00c7\u00c3O N. 019\/1998-ANEXO I MINIST\u00c9RIO DA EDUCA\u00c7\u00c3O UNIVERSIDADE FEDERAL DE SANTA MARIA RESOLU\u00c7\u00c3O N. 019\/1998 &#8211; ANEXO I Alterada pela Resolu\u00e7\u00e3o N. 020\/1999 Revogada pela Resolu\u00e7\u00e3o N. 028\/2020 UNIVERSIDADE FEDERAL DE SANTA MARIA RELAT\u00d3RIO ANUAL DE ATIVIDADES DOCENTES 1998 CENTRO DEPARTAMENTO NOME MATR\u00cdCULA CPF CLASSE N\u00cdVEL TITULA\u00c7\u00c3O DATA DE ADMISS\u00c3O: _____\/_____\/____ REG. TRABALHO SEMANAL 20H [&hellip;]<\/p>\n","protected":false},"author":205,"featured_media":0,"parent":0,"menu_order":0,"comment_status":"closed","ping_status":"closed","template":"","meta":{"footnotes":""},"categories":[],"tags":[],"class_list":["post-3301","page","type-page","status-publish","hentry"],"acf":[],"_links":{"self":[{"href":"https:\/\/www.ufsm.br\/pro-reitorias\/proplan\/wp-json\/wp\/v2\/pages\/3301","targetHints":{"allow":["GET"]}}],"collection":[{"href":"https:\/\/www.ufsm.br\/pro-reitorias\/proplan\/wp-json\/wp\/v2\/pages"}],"about":[{"href":"https:\/\/www.ufsm.br\/pro-reitorias\/proplan\/wp-json\/wp\/v2\/types\/page"}],"author":[{"embeddable":true,"href":"https:\/\/www.ufsm.br\/pro-reitorias\/proplan\/wp-json\/wp\/v2\/users\/205"}],"replies":[{"embeddable":true,"href":"https:\/\/www.ufsm.br\/pro-reitorias\/proplan\/wp-json\/wp\/v2\/comments?post=3301"}],"version-history":[{"count":0,"href":"https:\/\/www.ufsm.br\/pro-reitorias\/proplan\/wp-json\/wp\/v2\/pages\/3301\/revisions"}],"wp:attachment":[{"href":"https:\/\/www.ufsm.br\/pro-reitorias\/proplan\/wp-json\/wp\/v2\/media?parent=3301"}],"wp:term":[{"taxonomy":"category","embeddable":true,"href":"https:\/\/www.ufsm.br\/pro-reitorias\/proplan\/wp-json\/wp\/v2\/categories?post=3301"},{"taxonomy":"post_tag","embeddable":true,"href":"https:\/\/www.ufsm.br\/pro-reitorias\/proplan\/wp-json\/wp\/v2\/tags?post=3301"}],"curies":[{"name":"wp","href":"https:\/\/api.w.org\/{rel}","templated":true}]}}