{"id":3327,"date":"2020-02-21T07:31:39","date_gmt":"2020-02-21T10:31:39","guid":{"rendered":"https:\/\/www.ufsm.br\/pro-reitorias\/proplan\/?page_id=3327"},"modified":"2020-02-21T07:34:01","modified_gmt":"2020-02-21T10:34:01","slug":"resolucao-n-009-1997","status":"publish","type":"page","link":"https:\/\/www.ufsm.br\/pro-reitorias\/proplan\/resolucao-n-009-1997","title":{"rendered":"Resolu\u00e7\u00e3o N. 009\/1997"},"content":{"rendered":"\t\t<div data-elementor-type=\"wp-page\" data-elementor-id=\"3327\" class=\"elementor elementor-3327\">\n\t\t\t\t\t\t<section class=\"elementor-section elementor-top-section elementor-element elementor-element-768fd09 elementor-section-boxed elementor-section-height-default elementor-section-height-default\" data-id=\"768fd09\" data-element_type=\"section\">\n\t\t\t\t\t\t<div class=\"elementor-container elementor-column-gap-default\">\n\t\t\t\t\t<div class=\"elementor-column elementor-col-100 elementor-top-column elementor-element elementor-element-6cccf1f\" data-id=\"6cccf1f\" data-element_type=\"column\">\n\t\t\t<div class=\"elementor-widget-wrap elementor-element-populated\">\n\t\t\t\t\t\t<div class=\"elementor-element elementor-element-d612bf9 elementor-widget elementor-widget-html\" data-id=\"d612bf9\" data-element_type=\"widget\" data-widget_type=\"html.default\">\n\t\t\t\t<div class=\"elementor-widget-container\">\n\t\t\t\r\n\r\n\r\n<title><b>RESOLU\u00c7\u00c3O N. 009\/1997<\/b><\/title>\r\n\r\n\r\n<div align=\"center\"><img decoding=\"async\" src=\"https:\/\/www.ufsm.br\/pro-reitorias\/proplan\/wp-content\/uploads\/sites\/344\/2019\/09\/brasao-da-republica-do-brasil-logo.png\" alt=\"Bras\u00e3o Rep\u00fablica Federativa do Brasil\" width=\"6%\" height=\"6%\"><\/div>    \r\n<h1><font color=\"blue\"><font size=\"5\"><div align=\"center\">SERVI\u00c7O P\u00daBLICO FEDERAL<\/b><\/font><\/font><\/div><\/H1>\r\n\r\n<p><div align=\"center\"><b><a href=\"https:\/\/portal.ufsm.br\/documentos\/publico\/documento.html?id=4507756\"><font color=\"blue\">RESOLU\u00c7\u00c3O N. 009\/1997<\/font><\/a><\/b><\/div><\/p>\r\n<br>\r\n<p><div align=\"right\"><font color=\"800000\">Autoriza a Procuradoria Jur\u00eddica da UFSM a realizar acordos, transa\u00e7\u00f5es em ju\u00edzo, n\u00e3o propor a\u00e7\u00f5es e recursos, requerer extin\u00e7\u00e3o de a\u00e7\u00f5es em curso e desistir de respectivos recursos judiciais, nas hip\u00f3teses que menciona.<\/font><\/div><\/p>\r\n<br>\r\n<br><div align=\"justify\">\r\n<p>O VICE-REITOR DA UNIVERSIDADE FEDERAL DE SANTA MARIA, em exerc\u00edcio pleno da Reitoria, no uso de suas atribui\u00e7\u00f5es funcionais, na qualidade de dirigente m\u00e1ximo desta Institui\u00e7\u00e3o, nos termos do Estatuto desta Universidade, aprovado pela Portaria do Minist\u00e9rio da Educa\u00e7\u00e3o n\u00ba 14, de 10.01.83, publicado no DOU de 11.01.83, utilizando da faculdade concedida pela Medida Provis\u00f3ria, n\u00ba 1561-4, de 15.IV.97,<\/p>\r\n<br>\r\n<p><div align=\"center\">RESOLVE:<\/div><\/p>\r\n<br>\r\n<p>Art. 1\u00ba -Autorizar, com base no art. 1\u00ba da referida MP 1561-4, a Procuradoria Jur\u00eddica da UFSM, nas a\u00e7\u00f5es judiciais em que a UFSM atuar como autora, r\u00e9, assistente ou opoente:<\/p>\r\n<p>a-) a realizar acordos ou transa\u00e7\u00f5es em ju\u00edzo, para terminar o lit\u00edgio, nas causas de valor at\u00e9 R$50.000,00 (cinquenta mil reais).<\/p>\r\n<p>b-) n\u00e3o propor a\u00e7\u00f5es, n\u00e3o interpor recursos, requerer extin\u00e7\u00e3o das a\u00e7\u00f5es em curso ou desistir dos respectivos recursos judiciais, nas causas, em face de um mesmo r\u00e9u, de valor igual ou inferior a R$1.000,00 (um mil reais).<\/p>\r\n\r\n<p>Art. 2\u00ba - Quando a causa envolver valor superior a R$50.000,00 (cinquenta mil reais) o acordo ou a transa\u00e7\u00e3o depender\u00e1 de pr\u00e9via e expressa autoriza\u00e7\u00e3o desta Reitoria, o que ser\u00e1 examinado caso a caso, de acordo com o \u00a7 1\u00ba do art. 1\u00ba da MP 1561-4.<\/p>\r\n<p>Art. 3\u00ba - Nos processos que visem cobran\u00e7a de d\u00e9bitos, em a\u00e7\u00f5es ajuizadas pela UFSM, autorizo a Procuradoria Jur\u00eddica desta IFES a realizar acordo a ser homologado pelo Ju\u00edzo, para pagamento do d\u00e9bito, a ser parcelado em at\u00e9 trinta parcelas mensais e sucessivas, de conformidade com o art. 2\u00ba e \u00a7\u00a7 1\u00ba e 2\u00ba da MP 1561-4.<\/p>\r\n<p>Art. 4\u00ba - Nas causas propostas contra a UFSM, em que o autor renunciar expressamente ao direito sobre que se funda a a\u00e7\u00e3o (art. 269, inciso V do CPC), autorizo a Procuradoria Jur\u00eddica a concordar com o pedido de desist\u00eancia da a\u00e7\u00e3o.<\/p>\r\n<p>Art. 5\u00ba - Esta Resolu\u00e7\u00e3o entra em vigor na data de sua publica\u00e7\u00e3o, com efic\u00e1cia retroativa a partir de 16.IV.97, data da publica\u00e7\u00e3o da MP 1561-4.<\/p>\r\n\r\n<p>GABINETE DO REITOR DA UNIVERSIDADE FEDERAL DE SANTA MARIA, aos vinte e oito dias do m\u00eas de abril do ano de mil, novecentos e noventa e sete.<\/p>\r\n\r\n<\/div>\r\n<p>Antonio Adalberto Brum Siqueira,<\/p>\r\n<p>Vice-Reitor, no exerc\u00edcio pleno da Reitoria.<\/p>\r\n\r\n<p><font color=\"red0000\">Este texto n\u00e3o substitui o documento original, publicado no Portal de Documentos.<\/font> Dispon\u00edvel em: <a href=\"https:\/\/portal.ufsm.br\/documentos\/publico\/documento.html?id=4507756\"><font color=\"blue\">https:\/\/portal.ufsm.br\/documentos\/publico\/documento.html?id=4507756<\/font><\/a>\r\n\r\n\t\t<\/div>\n\t\t\t\t<\/div>\n\t\t\t\t\t<\/div>\n\t\t<\/div>\n\t\t\t\t\t<\/div>\n\t\t<\/section>\n\t\t\t\t<\/div>\n\t\t","protected":false},"excerpt":{"rendered":"<p>RESOLU\u00c7\u00c3O N. 009\/1997 SERVI\u00c7O P\u00daBLICO FEDERAL RESOLU\u00c7\u00c3O N. 009\/1997 Autoriza a Procuradoria Jur\u00eddica da UFSM a realizar acordos, transa\u00e7\u00f5es em ju\u00edzo, n\u00e3o propor a\u00e7\u00f5es e recursos, requerer extin\u00e7\u00e3o de a\u00e7\u00f5es em curso e desistir de respectivos recursos judiciais, nas hip\u00f3teses que menciona. O VICE-REITOR DA UNIVERSIDADE FEDERAL DE SANTA MARIA, em exerc\u00edcio pleno da Reitoria, [&hellip;]<\/p>\n","protected":false},"author":205,"featured_media":0,"parent":0,"menu_order":0,"comment_status":"closed","ping_status":"closed","template":"","meta":{"footnotes":""},"categories":[],"tags":[],"class_list":["post-3327","page","type-page","status-publish","hentry"],"acf":[],"_links":{"self":[{"href":"https:\/\/www.ufsm.br\/pro-reitorias\/proplan\/wp-json\/wp\/v2\/pages\/3327","targetHints":{"allow":["GET"]}}],"collection":[{"href":"https:\/\/www.ufsm.br\/pro-reitorias\/proplan\/wp-json\/wp\/v2\/pages"}],"about":[{"href":"https:\/\/www.ufsm.br\/pro-reitorias\/proplan\/wp-json\/wp\/v2\/types\/page"}],"author":[{"embeddable":true,"href":"https:\/\/www.ufsm.br\/pro-reitorias\/proplan\/wp-json\/wp\/v2\/users\/205"}],"replies":[{"embeddable":true,"href":"https:\/\/www.ufsm.br\/pro-reitorias\/proplan\/wp-json\/wp\/v2\/comments?post=3327"}],"version-history":[{"count":0,"href":"https:\/\/www.ufsm.br\/pro-reitorias\/proplan\/wp-json\/wp\/v2\/pages\/3327\/revisions"}],"wp:attachment":[{"href":"https:\/\/www.ufsm.br\/pro-reitorias\/proplan\/wp-json\/wp\/v2\/media?parent=3327"}],"wp:term":[{"taxonomy":"category","embeddable":true,"href":"https:\/\/www.ufsm.br\/pro-reitorias\/proplan\/wp-json\/wp\/v2\/categories?post=3327"},{"taxonomy":"post_tag","embeddable":true,"href":"https:\/\/www.ufsm.br\/pro-reitorias\/proplan\/wp-json\/wp\/v2\/tags?post=3327"}],"curies":[{"name":"wp","href":"https:\/\/api.w.org\/{rel}","templated":true}]}}