{"id":3382,"date":"2020-03-18T17:25:04","date_gmt":"2020-03-18T20:25:04","guid":{"rendered":"https:\/\/www.ufsm.br\/pro-reitorias\/proplan\/?page_id=3382"},"modified":"2020-03-18T17:27:18","modified_gmt":"2020-03-18T20:27:18","slug":"resolucao-n-009-1996","status":"publish","type":"page","link":"https:\/\/www.ufsm.br\/pro-reitorias\/proplan\/resolucao-n-009-1996","title":{"rendered":"Resolu\u00e7\u00e3o N. 009\/1996"},"content":{"rendered":"\t\t<div data-elementor-type=\"wp-page\" data-elementor-id=\"3382\" class=\"elementor elementor-3382\">\n\t\t\t\t\t\t<section class=\"elementor-section elementor-top-section elementor-element elementor-element-278444c elementor-section-boxed elementor-section-height-default elementor-section-height-default\" data-id=\"278444c\" data-element_type=\"section\">\n\t\t\t\t\t\t<div class=\"elementor-container elementor-column-gap-default\">\n\t\t\t\t\t<div class=\"elementor-column elementor-col-100 elementor-top-column elementor-element elementor-element-a2ca168\" data-id=\"a2ca168\" data-element_type=\"column\">\n\t\t\t<div class=\"elementor-widget-wrap elementor-element-populated\">\n\t\t\t\t\t\t<div class=\"elementor-element elementor-element-afc6325 elementor-widget elementor-widget-html\" data-id=\"afc6325\" data-element_type=\"widget\" data-widget_type=\"html.default\">\n\t\t\t\t<div class=\"elementor-widget-container\">\n\t\t\t\r\n\r\n\r\n<title><b>RESOLU\u00c7\u00c3O N. 009\/1996<\/b><\/title>\r\n\r\n\r\n<div align=\"center\"><img decoding=\"async\" src=\"https:\/\/www.ufsm.br\/pro-reitorias\/proplan\/wp-content\/uploads\/sites\/344\/2019\/09\/brasao-da-republica-do-brasil-logo.png\" alt=\"Bras\u00e3o Rep\u00fablica Federativa do Brasil\" width=\"6%\" height=\"6%\"><\/div>    \r\n<h1><font color=\"blue\"><font size=\"5\"><div align=\"center\">SERVI\u00c7O P\u00daBLICO FEDERAL<\/b><\/font><\/font><\/div><\/H1>\r\n\r\n<p><div align=\"center\"><b><a href=\"https:\/\/portal.ufsm.br\/documentos\/publico\/documento.html?id=4507777\"><font color=\"blue\">RESOLU\u00c7\u00c3O N. 009\/1996<\/font><\/a><\/b><\/div><\/p>\r\n<br>\r\n<p><div align=\"right\"><font color=\"800000\"><strike>Delega compet\u00eancia ao Departamento de Letras Estrangeiras Modernas do Centro de Artes e Letras para proceder a avalia\u00e7\u00e3o de profici\u00eancia\/sufici\u00eancia em l\u00edngua estrangeira e normatiza a sua realiza\u00e7\u00e3o.<\/strike><\/font><\/div><\/p>\r\n<br>\r\n<p><a href=\"https:\/\/www.ufsm.br\/pro-reitorias\/proplan\/resolucao-n-012-1998\/\"><font color=\"blue\">Revogada pela Resolu\u00e7\u00e3o N. 012\/1998<\/font><\/a><\/p>\r\n<br>\r\n<br><div align=\"justify\">\r\n<strike>\r\n<p>O REITOR DA UNIVERSIDADE FEDERAL DE SANTA MARIA, no uso de suas atribui\u00e7\u00f5es legais e estatut\u00e1rias e considerando:<\/p>\r\n<p>- O Parecer n\u00ba055\/95 da Comiss\u00e3o de Legisla\u00e7\u00e3o e Normas da 457\u00ba Sess\u00e3o, realizada em 02-05-95, do Conselho de Ensino, Pesquisa e Extens\u00e3o;<\/p>\r\n<p>- a decis\u00e3o do Plen\u00e1rio, aprovada na 473\u00ba Sess\u00e3o do Conselho de Ensino, Pesquisa e Extens\u00e3o, realizada em 12-03-96; e,<\/p>\r\n<p>- a necessidade de regulamentar as normas internas para a realiza\u00e7\u00e3o de provas de profici\u00eancia\/sufici\u00eancia em l\u00ednguas estrangeiras.<\/p>\r\n<br>\r\n<p><b><div align=\"center\">RESOLVE:<\/b><\/div><\/p>\r\n<br>\r\n<p><b>Art. 1\u00ba - <\/b>Delegar compet\u00eancia ao Departamento de Letras Estrangeiras Modernas do Centro de Artes e Letras para proceder \u00e0 avalia\u00e7\u00e3o de profici\u00eancia\/sufici\u00eancia em l\u00ednguas estrangeiras.<\/p>\r\n<p><b>Art. 2\u00ba - <\/b>Poder\u00e3o submeter-se \u00e0 avalia\u00e7\u00e3o alunos de p\u00f3s-gradua\u00e7\u00e3o (especializa\u00e7\u00e3o, mestrado e doutorado), servidores docentes e t\u00e9cnico-administrativos da UFSM e alunos dos cursos de gradua\u00e7\u00e3o da UFSM que estejam cursando o \u00faltimo semestre.<\/p>\r\n<p><b>Art. 3\u00ba - <\/b>Os alunos do curso de especializa\u00e7\u00e3o, mestrado e doutorado da UFSM dever\u00e3o ser submetidos \u00e0 avalia\u00e7\u00e3o no 1\u00ba semestre do Curso para o qual foram admitidos.<\/p>\r\n<p><b>Art. 4\u00ba - <\/b>No caso de reprova\u00e7\u00e3o, o aluno dever\u00e1 realizar a avalia\u00e7\u00e3o no semestre imediatamente subsequente ao j\u00e1 realizado.<\/p>\r\n<p><b>Art. 5\u00ba - <\/b>Ser\u00e3o realizadas, a cada ano, duas edi\u00e7\u00f5es da avalia\u00e7\u00e3o com datas divulgadas no calend\u00e1rio escolar da UFSM.<\/p>\r\n<p><b>Art. 6\u00ba - <\/b>A avalia\u00e7\u00e3o ser\u00e1 constitu\u00edda de prova escrita para cada l\u00edngua estrangeira, elaborada a partir de um texto cient\u00edfico sobre uma \u00e1rea abrangente do conhecimento humano.<\/p>\r\n<p><b>Art. 7\u00ba - <\/b>No ato da inscri\u00e7\u00e3o ser\u00e1 fornecido ao candidato o programa para sua orienta\u00e7\u00e3o\/prepara\u00e7\u00e3o da prova.<\/p>\r\n<p><b>Art. 8\u00ba - <\/b>Ser\u00e1 cobrada uma taxa de inscri\u00e7\u00e3o para cada prova que o candidato submeter-se.<\/p>\r\n<p><b>Art. 9\u00ba - <\/b>Os candidatos devem apresentar-se no local de realiza\u00e7\u00e3o da prova, trinta minutos antes do in\u00edcio da mesma, munidos de documento de identidade.<\/p>\r\n<p><b>Art. 10 - <\/b>O candidato poder\u00e1 fazer uso, durante a realiza\u00e7\u00e3o da prova, somente de um dicion\u00e1rio pr\u00f3prio.<\/p>\r\n<p><b>Art. 11 - <\/b>Os resultados ser\u00e3o expostos no mural do Departamento de Letras Estrangeiras Modernas - Centro de Artes e Letras - e enviados ao Departamento de Registro e Controle Acad\u00eamico - DERCA -, num prazo m\u00ednimo de trinta dias a contar da data da realiza\u00e7\u00e3o da prova.<\/p>\r\n<p><b>Art. 12 - <\/b>Esta Resolu\u00e7\u00e3o entra em vigor na data de sua publica\u00e7\u00e3o, revogadas as disposi\u00e7\u00f5es em contr\u00e1rio.<\/p>\r\n\r\n<p>GABINETE DO REITOR DA UNIVERSIDADE FEDERAL DE SANTA MARIA, aos vinte e oito dias do m\u00eas de mar\u00e7o do ano de mil, novecentos e noventa e seis.<\/p>\r\n<\/div>\r\n<p>Odilon Antonio Marcuzzo do Canto,<\/p>\r\n<p>Reitor.<\/p>\r\n\r\n<\/strike>\r\n<p><font color=\"red0000\">Este texto n\u00e3o substitui o documento original, publicado no Portal de Documentos.<\/font> Dispon\u00edvel em: <a href=\"https:\/\/portal.ufsm.br\/documentos\/publico\/documento.html?id=4507777\"><font color=\"blue\">https:\/\/portal.ufsm.br\/documentos\/publico\/documento.html?id=4507777<\/font><\/a>\r\n\r\n\t\t<\/div>\n\t\t\t\t<\/div>\n\t\t\t\t\t<\/div>\n\t\t<\/div>\n\t\t\t\t\t<\/div>\n\t\t<\/section>\n\t\t\t\t<\/div>\n\t\t","protected":false},"excerpt":{"rendered":"<p>RESOLU\u00c7\u00c3O N. 009\/1996 SERVI\u00c7O P\u00daBLICO FEDERAL RESOLU\u00c7\u00c3O N. 009\/1996 Delega compet\u00eancia ao Departamento de Letras Estrangeiras Modernas do Centro de Artes e Letras para proceder a avalia\u00e7\u00e3o de profici\u00eancia\/sufici\u00eancia em l\u00edngua estrangeira e normatiza a sua realiza\u00e7\u00e3o. Revogada pela Resolu\u00e7\u00e3o N. 012\/1998 O REITOR DA UNIVERSIDADE FEDERAL DE SANTA MARIA, no uso de suas atribui\u00e7\u00f5es [&hellip;]<\/p>\n","protected":false},"author":205,"featured_media":0,"parent":0,"menu_order":0,"comment_status":"closed","ping_status":"closed","template":"","meta":{"footnotes":""},"categories":[],"tags":[],"class_list":["post-3382","page","type-page","status-publish","hentry"],"acf":[],"_links":{"self":[{"href":"https:\/\/www.ufsm.br\/pro-reitorias\/proplan\/wp-json\/wp\/v2\/pages\/3382","targetHints":{"allow":["GET"]}}],"collection":[{"href":"https:\/\/www.ufsm.br\/pro-reitorias\/proplan\/wp-json\/wp\/v2\/pages"}],"about":[{"href":"https:\/\/www.ufsm.br\/pro-reitorias\/proplan\/wp-json\/wp\/v2\/types\/page"}],"author":[{"embeddable":true,"href":"https:\/\/www.ufsm.br\/pro-reitorias\/proplan\/wp-json\/wp\/v2\/users\/205"}],"replies":[{"embeddable":true,"href":"https:\/\/www.ufsm.br\/pro-reitorias\/proplan\/wp-json\/wp\/v2\/comments?post=3382"}],"version-history":[{"count":0,"href":"https:\/\/www.ufsm.br\/pro-reitorias\/proplan\/wp-json\/wp\/v2\/pages\/3382\/revisions"}],"wp:attachment":[{"href":"https:\/\/www.ufsm.br\/pro-reitorias\/proplan\/wp-json\/wp\/v2\/media?parent=3382"}],"wp:term":[{"taxonomy":"category","embeddable":true,"href":"https:\/\/www.ufsm.br\/pro-reitorias\/proplan\/wp-json\/wp\/v2\/categories?post=3382"},{"taxonomy":"post_tag","embeddable":true,"href":"https:\/\/www.ufsm.br\/pro-reitorias\/proplan\/wp-json\/wp\/v2\/tags?post=3382"}],"curies":[{"name":"wp","href":"https:\/\/api.w.org\/{rel}","templated":true}]}}