{"id":3384,"date":"2020-03-18T17:25:19","date_gmt":"2020-03-18T20:25:19","guid":{"rendered":"https:\/\/www.ufsm.br\/pro-reitorias\/proplan\/?page_id=3384"},"modified":"2020-11-11T10:17:09","modified_gmt":"2020-11-11T13:17:09","slug":"resolucao-n-011-1996","status":"publish","type":"page","link":"https:\/\/www.ufsm.br\/pro-reitorias\/proplan\/resolucao-n-011-1996","title":{"rendered":"Resolu\u00e7\u00e3o N. 011\/1996"},"content":{"rendered":"\t\t<div data-elementor-type=\"wp-page\" data-elementor-id=\"3384\" class=\"elementor elementor-3384\">\n\t\t\t\t\t\t<section class=\"elementor-section elementor-top-section elementor-element elementor-element-c1d9b3f elementor-section-boxed elementor-section-height-default elementor-section-height-default\" data-id=\"c1d9b3f\" data-element_type=\"section\">\n\t\t\t\t\t\t<div class=\"elementor-container elementor-column-gap-default\">\n\t\t\t\t\t<div class=\"elementor-column elementor-col-100 elementor-top-column elementor-element elementor-element-f9be8c7\" data-id=\"f9be8c7\" data-element_type=\"column\">\n\t\t\t<div class=\"elementor-widget-wrap elementor-element-populated\">\n\t\t\t\t\t\t<div class=\"elementor-element elementor-element-7e58c48 elementor-widget elementor-widget-html\" data-id=\"7e58c48\" data-element_type=\"widget\" data-widget_type=\"html.default\">\n\t\t\t\t<div class=\"elementor-widget-container\">\n\t\t\t\r\n\r\n\r\n<title><b>RESOLU\u00c7\u00c3O N. 011\/1996<\/b><\/title>\r\n\r\n\r\n<div align=\"center\"><img decoding=\"async\" src=\"https:\/\/www.ufsm.br\/pro-reitorias\/proplan\/wp-content\/uploads\/sites\/344\/2019\/09\/brasao-da-republica-do-brasil-logo.png\" alt=\"Bras\u00e3o Rep\u00fablica Federativa do Brasil\" width=\"6%\" height=\"6%\"><\/div>    \r\n<h1><font color=\"blue\"><font size=\"5\"><div align=\"center\">SERVI\u00c7O P\u00daBLICO FEDERAL<\/b><\/font><\/font><\/div><\/H1>\r\n\r\n<p><div align=\"center\"><b><a href=\"https:\/\/portal.ufsm.br\/documentos\/publico\/documento.html?id=4507779\"><font color=\"blue\">RESOLU\u00c7\u00c3O N. 011\/1996<\/font><\/a><\/b><\/div><\/p>\r\n<br>\r\n<p><div align=\"right\"><font color=\"800000\">Revoga a Resolu\u00e7\u00e3o n\u00ba004\/96, de 05-02-96, suspende a execu\u00e7\u00e3o da Resolu\u00e7\u00e3o n\u00ba013\/95, de 30-08-95, e orienta quanto aos procedimentos a serem adotados no processo de avalia\u00e7\u00e3o e progress\u00e3o funcional de docentes do 3\u00ba Grau da Universidade Federal de Santa Maria.<\/font><\/div><\/p>\r\n<br>\r\n<p><a href=\"https:\/\/www.ufsm.br\/pro-reitorias\/proplan\/resolucao-n-028-2020\/\" target=\"_blank\"><font color=\"blue\">Revogada pela Resolu\u00e7\u00e3o N. 028\/2020<\/font><\/a><\/p>\r\n<br>\r\n<br><div align=\"justify\">\r\n<strike>\r\n<p><b>O REITOR DA UNIVERSIDADE FEDERAL DE SANTA MARIA<\/b>, no uso de suas atribui\u00e7\u00f5es e tendo em vista decis\u00e3o do Conselho Universit\u00e1rio, em sua 529\u00ba Sess\u00e3o, realizada em 27-03-96,<\/p>\r\n<br>\r\n<p><b><div align=\"center\">RESOLVE:<\/b><\/div><\/p>\r\n<br>\r\n<p><b>Art. 1\u00ba - <\/b>Revogar a <a href=\"https:\/\/www.ufsm.br\/pro-reitorias\/proplan\/resolucao-n-004-1996\/\" target=\"_blank\"><font color=\"blue\"><u>Resolu\u00e7\u00e3o n\u00ba004\/96, de 05-02-96<\/u><\/font><\/a>.<\/p>\r\n<p><b>Art. 2\u00ba - <\/b>Suspender a execu\u00e7\u00e3o da <a href=\"https:\/\/www.ufsm.br\/pro-reitorias\/proplan\/resolucao-n-013-1995\/\" target=\"_blank\"><font color=\"blue\"><u>Resolu\u00e7\u00e3o n\u00ba013\/95, de 30-08-95<\/u><\/font><\/a>.<\/p>\r\n<p><b>Art. 3\u00ba - <\/b>A avalia\u00e7\u00e3o e progress\u00e3o docente para professores do 3\u00ba Grau da Universidade Federal de Santa Maria, a partir do segundo semestre de 1995, ser\u00e1 feita de acordo com a <a href=\"https:\/\/www.ufsm.br\/pro-reitorias\/proplan\/resolucao-n-004-1990\/\" target=\"_blank\"><font color=\"blue\"><u>Resolu\u00e7\u00e3o n\u00ba004\/90, de 30-01-90<\/u><\/font><\/a>, complementada pela <a href=\"https:\/\/www.ufsm.br\/pro-reitorias\/proplan\/resolucao-n-009-1991\/\" target=\"_blank\"><font color=\"blue\"><u>Resolu\u00e7\u00e3o n\u00ba009\/91, de 06-06-91<\/u><\/font><\/a>.<\/p>\r\n<p><b>Art. 4\u00ba - <\/b>A nova Resolu\u00e7\u00e3o a ser aprovada pelo Conselho Universit\u00e1rio sobre a avalia\u00e7\u00e3o e progress\u00e3o de docentes de 3\u00ba Grau da Universidade Federal de Santa Maria, somente ser\u00e1 aplicada no semestre subsequente ao semestre de sua aprova\u00e7\u00e3o.<\/p>\r\n<p><b>Art. 5\u00ba - <\/b>Esta Resolu\u00e7\u00e3o entra em vigor a partir da data de sua publica\u00e7\u00e3o.<\/p>\r\n\r\n<p>GABINETE DO REITOR DA UNIVERSIDADE FEDERAL DE SANTA MARIA, aos dezoito dias do m\u00eas de abril do ano de mil, novecentos e noventa e seis.<\/p>\r\n<\/div>\r\n<p>Antonio Adalberto Brum Siqueira,<\/p>\r\n<p>Vice-Reitor, no exerc. da Reitoria<\/p>\r\n<\/strike>\r\n<p><font color=\"red0000\">Este texto n\u00e3o substitui o documento original, publicado no Portal de Documentos.<\/font> Dispon\u00edvel em: <a href=\"https:\/\/portal.ufsm.br\/documentos\/publico\/documento.html?id=4507779\"><font color=\"blue\">https:\/\/portal.ufsm.br\/documentos\/publico\/documento.html?id=4507779<\/font><\/a>\r\n\r\n\t\t<\/div>\n\t\t\t\t<\/div>\n\t\t\t\t\t<\/div>\n\t\t<\/div>\n\t\t\t\t\t<\/div>\n\t\t<\/section>\n\t\t\t\t<\/div>\n\t\t","protected":false},"excerpt":{"rendered":"<p>RESOLU\u00c7\u00c3O N. 011\/1996 SERVI\u00c7O P\u00daBLICO FEDERAL RESOLU\u00c7\u00c3O N. 011\/1996 Revoga a Resolu\u00e7\u00e3o n\u00ba004\/96, de 05-02-96, suspende a execu\u00e7\u00e3o da Resolu\u00e7\u00e3o n\u00ba013\/95, de 30-08-95, e orienta quanto aos procedimentos a serem adotados no processo de avalia\u00e7\u00e3o e progress\u00e3o funcional de docentes do 3\u00ba Grau da Universidade Federal de Santa Maria. Revogada pela Resolu\u00e7\u00e3o N. 028\/2020 O [&hellip;]<\/p>\n","protected":false},"author":205,"featured_media":0,"parent":0,"menu_order":0,"comment_status":"closed","ping_status":"closed","template":"","meta":{"footnotes":""},"categories":[],"tags":[],"class_list":["post-3384","page","type-page","status-publish","hentry"],"acf":[],"_links":{"self":[{"href":"https:\/\/www.ufsm.br\/pro-reitorias\/proplan\/wp-json\/wp\/v2\/pages\/3384","targetHints":{"allow":["GET"]}}],"collection":[{"href":"https:\/\/www.ufsm.br\/pro-reitorias\/proplan\/wp-json\/wp\/v2\/pages"}],"about":[{"href":"https:\/\/www.ufsm.br\/pro-reitorias\/proplan\/wp-json\/wp\/v2\/types\/page"}],"author":[{"embeddable":true,"href":"https:\/\/www.ufsm.br\/pro-reitorias\/proplan\/wp-json\/wp\/v2\/users\/205"}],"replies":[{"embeddable":true,"href":"https:\/\/www.ufsm.br\/pro-reitorias\/proplan\/wp-json\/wp\/v2\/comments?post=3384"}],"version-history":[{"count":0,"href":"https:\/\/www.ufsm.br\/pro-reitorias\/proplan\/wp-json\/wp\/v2\/pages\/3384\/revisions"}],"wp:attachment":[{"href":"https:\/\/www.ufsm.br\/pro-reitorias\/proplan\/wp-json\/wp\/v2\/media?parent=3384"}],"wp:term":[{"taxonomy":"category","embeddable":true,"href":"https:\/\/www.ufsm.br\/pro-reitorias\/proplan\/wp-json\/wp\/v2\/categories?post=3384"},{"taxonomy":"post_tag","embeddable":true,"href":"https:\/\/www.ufsm.br\/pro-reitorias\/proplan\/wp-json\/wp\/v2\/tags?post=3384"}],"curies":[{"name":"wp","href":"https:\/\/api.w.org\/{rel}","templated":true}]}}

Resolução N. 011/1996

<div data-elementor-type="wp-page" data-elementor-id="3384" class="elementor elementor-3384">
						<section class="elementor-section elementor-top-section elementor-element elementor-element-c1d9b3f elementor-section-boxed elementor-section-height-default elementor-section-height-default" data-id="c1d9b3f" data-element_type="section">
						<div class="elementor-container elementor-column-gap-default">
					<div class="elementor-column elementor-col-100 elementor-top-column elementor-element elementor-element-f9be8c7" data-id="f9be8c7" data-element_type="column">
			<div class="elementor-widget-wrap elementor-element-populated">
						<div class="elementor-element elementor-element-7e58c48 elementor-widget elementor-widget-html" data-id="7e58c48" data-element_type="widget" data-widget_type="html.default">
				<div class="elementor-widget-container">
			


<title><b>RESOLUÇÃO N. 011/1996</b></title>


<div align="center"><img decoding="async" src="https://www.ufsm.br/pro-reitorias/proplan/wp-content/uploads/sites/344/2019/09/brasao-da-republica-do-brasil-logo.png" alt="Brasão República Federativa do Brasil" width="6%" height="6%"></div>    
<h1><font color="blue"><font size="5"><div align="center">SERVIÇO PÚBLICO FEDERAL</b></font></font></div></H1>

<p><div align="center"><b><a href="https://portal.ufsm.br/documentos/publico/documento.html?id=4507779"><font color="blue">RESOLUÇÃO N. 011/1996</font></a></b></div></p>
<br>
<p><div align="right"><font color="800000">Revoga a Resolução nº004/96, de 05-02-96, suspende a execução da Resolução nº013/95, de 30-08-95, e orienta quanto aos procedimentos a serem adotados no processo de avaliação e progressão funcional de docentes do 3º Grau da Universidade Federal de Santa Maria.</font></div></p>
<br>
<p><a href="https://www.ufsm.br/pro-reitorias/proplan/resolucao-n-028-2020/" target="_blank"><font color="blue">Revogada pela Resolução N. 028/2020</font></a></p>
<br>
<br><div align="justify">
<strike>
<p><b>O REITOR DA UNIVERSIDADE FEDERAL DE SANTA MARIA</b>, no uso de suas atribuições e tendo em vista decisão do Conselho Universitário, em sua 529º Sessão, realizada em 27-03-96,</p>
<br>
<p><b><div align="center">RESOLVE:</b></div></p>
<br>
<p><b>Art. 1º - </b>Revogar a <a href="https://www.ufsm.br/pro-reitorias/proplan/resolucao-n-004-1996/" target="_blank"><font color="blue"><u>Resolução nº004/96, de 05-02-96</u></font></a>.</p>
<p><b>Art. 2º - </b>Suspender a execução da <a href="https://www.ufsm.br/pro-reitorias/proplan/resolucao-n-013-1995/" target="_blank"><font color="blue"><u>Resolução nº013/95, de 30-08-95</u></font></a>.</p>
<p><b>Art. 3º - </b>A avaliação e progressão docente para professores do 3º Grau da Universidade Federal de Santa Maria, a partir do segundo semestre de 1995, será feita de acordo com a <a href="https://www.ufsm.br/pro-reitorias/proplan/resolucao-n-004-1990/" target="_blank"><font color="blue"><u>Resolução nº004/90, de 30-01-90</u></font></a>, complementada pela <a href="https://www.ufsm.br/pro-reitorias/proplan/resolucao-n-009-1991/" target="_blank"><font color="blue"><u>Resolução nº009/91, de 06-06-91</u></font></a>.</p>
<p><b>Art. 4º - </b>A nova Resolução a ser aprovada pelo Conselho Universitário sobre a avaliação e progressão de docentes de 3º Grau da Universidade Federal de Santa Maria, somente será aplicada no semestre subsequente ao semestre de sua aprovação.</p>
<p><b>Art. 5º - </b>Esta Resolução entra em vigor a partir da data de sua publicação.</p>

<p>GABINETE DO REITOR DA UNIVERSIDADE FEDERAL DE SANTA MARIA, aos dezoito dias do mês de abril do ano de mil, novecentos e noventa e seis.</p>
</div>
<p>Antonio Adalberto Brum Siqueira,</p>
<p>Vice-Reitor, no exerc. da Reitoria</p>
</strike>
<p><font color="red0000">Este texto não substitui o documento original, publicado no Portal de Documentos.</font> Disponível em: <a href="https://portal.ufsm.br/documentos/publico/documento.html?id=4507779"><font color="blue">https://portal.ufsm.br/documentos/publico/documento.html?id=4507779</font></a>

		</div>
				</div>
					</div>
		</div>
					</div>
		</section>
				</div>

<p>RESOLUÇÃO N. 011/1996 SERVIÇO PÚBLICO FEDERAL RESOLUÇÃO N. 011/1996 Revoga a Resolução nº004/96, de 05-02-96, suspende a execução da Resolução nº013/95, de 30-08-95, e orienta quanto aos procedimentos a serem adotados no processo de avaliação e progressão funcional de docentes do 3º Grau da Universidade Federal de Santa Maria. Revogada pela Resolução N. 028/2020 O [&hellip;]</p>
