{"id":3396,"date":"2020-03-18T17:39:43","date_gmt":"2020-03-18T20:39:43","guid":{"rendered":"https:\/\/www.ufsm.br\/pro-reitorias\/proplan\/?page_id=3396"},"modified":"2021-07-01T13:49:49","modified_gmt":"2021-07-01T16:49:49","slug":"resolucao-n-023-1996","status":"publish","type":"page","link":"https:\/\/www.ufsm.br\/pro-reitorias\/proplan\/resolucao-n-023-1996","title":{"rendered":"Resolu\u00e7\u00e3o N. 023\/1996"},"content":{"rendered":"\t\t<div data-elementor-type=\"wp-page\" data-elementor-id=\"3396\" class=\"elementor elementor-3396\">\n\t\t\t\t\t\t<section class=\"elementor-section elementor-top-section elementor-element elementor-element-b81433c elementor-section-boxed elementor-section-height-default elementor-section-height-default\" data-id=\"b81433c\" data-element_type=\"section\">\n\t\t\t\t\t\t<div class=\"elementor-container elementor-column-gap-default\">\n\t\t\t\t\t<div class=\"elementor-column elementor-col-100 elementor-top-column elementor-element elementor-element-2bd3a87\" data-id=\"2bd3a87\" data-element_type=\"column\">\n\t\t\t<div class=\"elementor-widget-wrap elementor-element-populated\">\n\t\t\t\t\t\t<div class=\"elementor-element elementor-element-ea67a2f elementor-widget elementor-widget-html\" data-id=\"ea67a2f\" data-element_type=\"widget\" data-widget_type=\"html.default\">\n\t\t\t\t<div class=\"elementor-widget-container\">\n\t\t\t\n\n\n<title><b>RESOLU\u00c7\u00c3O N. 023\/1996<\/b><\/title>\n\n\n<div align=\"center\"><img decoding=\"async\" src=\"https:\/\/www.ufsm.br\/pro-reitorias\/proplan\/wp-content\/uploads\/sites\/344\/2019\/09\/brasao-da-republica-do-brasil-logo.png\" alt=\"Bras\u00e3o Rep\u00fablica Federativa do Brasil\" width=\"6%\" height=\"6%\"><\/div>    \n<h1><font color=\"blue\"><font size=\"5\"><div align=\"center\">SERVI\u00c7O P\u00daBLICO FEDERAL<\/b><\/font><\/font><\/div><\/H1>\n\n<p><div align=\"center\"><b><a href=\"https:\/\/portal.ufsm.br\/documentos\/publico\/documento.html?id=4507773\"><font color=\"blue\">RESOLU\u00c7\u00c3O N. 023\/1996<\/font><\/a><\/b><\/div><\/p>\n<br>\n<p><div align=\"right\"><font color=\"800000\"><strike>Regulamenta a Concess\u00e3o de F\u00e9rias aos Servidores da Universidade Federal de Santa Maria e revoga a Resolu\u00e7\u00e3o n\u00ba0021\/94, de 28-09-94.<\/strike><\/font><\/div><\/p>\n<br>\n<br><div align=\"justify\">\n<p><a href=\"https:\/\/www.ufsm.br\/pro-reitorias\/proplan\/resolucao-ufsm-n-055-2021\/\"><font color=\"blue\">Revogado pela Resolu\u00e7\u00e3o N. 055\/2021<\/font><\/a><\/p><\/p>\n<br>\n<strike>\n<p>O REITOR DA UNIVERSIDADE FEDERAL DE SANTA MARIA, no uso de suas atribui\u00e7\u00f5es legais e estatut\u00e1rias e de acordo com a <a href=\"http:\/\/www.planalto.gov.br\/ccivil_03\/leis\/l8112cons.htm\" target=\"_blank\"><font color=\"blue\"><u>Lei n\u00ba 8.112\/90<\/u><\/font><\/a>, o anexo ao <a href=\"http:\/\/www.planalto.gov.br\/ccivil_03\/decreto\/antigos\/d94664.htm\" target=\"_blank\"><font color=\"blue\"><u>Decreto n\u00ba 94.664\/87<\/u><\/font><\/a>, o Artigo 4\u00ba da <a href=\"http:\/\/www.planalto.gov.br\/ccivil_03\/mpv\/1996-2000\/1522.htm\" target=\"_blank\"><font color=\"blue\"><u>Medida Provis\u00f3ria n\u00ba 1.522, de 11-10-96<\/u><\/font><\/a>, o Artigo 16 da <a href=\"http:\/\/www.planalto.gov.br\/ccivil_03\/MPV\/Antigas\/1195.htm\" target=\"_blank\"><font color=\"blue\"><u>Medida Provis\u00f3ria n\u00ba 1.195, de 24-11-95<\/u><\/font><\/a>, e a <a href=\"http:\/\/www.planalto.gov.br\/ccivil_03\/MPV\/Antigas\/1480-19.htm\" target=\"_blank\"><font color=\"blue\"><u>Medida Provis\u00f3ria n\u00ba 1.480, de 27-09-96<\/u><\/font><\/a>,<\/p>\n<br>\n<p><div align=\"center\">RESOLVE:<\/div><\/p>\n<br>\n<p><b>Art. 1\u00ba - <\/b>Expedir a presente Resolu\u00e7\u00e3o para fixar normas de concess\u00e3o de f\u00e9rias aos Servidores da Universidade Federal de Santa Maria - UFSM -.<\/p>\n<br>\n<p><b>I - DA CONCESS\u00c3O DE F\u00c9RIAS A SERVIDORES DOCENTES<\/b><\/p>\n<br>\n<p><b>Art. 2\u00ba - <\/b>Os Servidores Docentes, ainda que no exerc\u00edcio de Fun\u00e7\u00e3o de Confian\u00e7a, ter\u00e3o direito a 45 (quarenta e cinco) dias de f\u00e9rias anuais, que poder\u00e3o ser gozadas em um \u00fanico per\u00edodo ou parceladas em at\u00e9 02 (dois) per\u00edodos, sendo que um destes dever\u00e1 ser de 30 dias e o outro de 15 dias.<\/p>\n<p><b>Art. 3\u00ba - <\/b>As f\u00e9rias dos Servidores Docentes n\u00e3o poder\u00e3o ser concedidas durante os per\u00edodos letivos, salvo em casos devidamente autorizados e justificados pela Chefia Imediata e desde que n\u00e3o venham em preju\u00edzo do Ensino, da Pesquisa e da Extens\u00e3o.<\/p>\n<p><b>Art. 4\u00ba - <\/b>Os Servidores Docentes que operam com Raios X ou subst\u00e2ncias radioativas gozar\u00e3o 45 (quarenta e cinco) dias de f\u00e9rias, parceladas em 02 (dois) per\u00edodos semestrais, sendo que um destes dever\u00e1 ser de 25 (vinte e cinco) dias e o outro de 20 (vinte) dias, vedada a acumula\u00e7\u00e3o. O primeiro per\u00edodo deve estar entre janeiro e junho e o segundo per\u00edodo deve estar entre julho e dezembro.<\/p>\n<br>\n<p><b>II - DA CONCESS\u00c3O DE F\u00c9RIAS A SERVIDORES T\u00c9CNICO-ADMINISTRATIVOS<\/b><\/p>\n<br>\n<p><b>Art. 5\u00ba - <\/b>Os Servidores T\u00e9cnico-Administrativos, ainda que no exerc\u00edcio da Fun\u00e7\u00e3o de Confian\u00e7a, ter\u00e3o direito a 30 (trinta) dias de f\u00e9rias a serem gozadas em um \u00fanico per\u00edodo.<\/p>\n<p><b>Art. 6\u00ba - <\/b>Os Servidores T\u00e9cnico-Administrativos ocupantes dos cargos de Procurador Aut\u00e1rquico e Assistente Jur\u00eddico ter\u00e3o 30 (trinta) dias de f\u00e9rias, anuais, a partir do per\u00edodo aquisitivo de 1997.<\/p>\n<p><b>Art. 7\u00ba - <\/b>Os Servidores T\u00e9cnico-Administrativos que operam com Raios X ou subst\u00e2ncias radioativas gozar\u00e3o 40 (quarenta) dias de f\u00e9rias, parceladas em dois per\u00edodos semestrais de 20 (vinte) dias, vedada a acumula\u00e7\u00e3o. O primeiro per\u00edodo deve estar entre janeiro e junho e o segundo per\u00edodo deve estar entre julho e dezembro.<\/p>\n<br>\n<p><b>III - DAS DISPOSI\u00c7\u00d5ES GERAIS<\/b><\/p>\n<br>\n<p><b>Art. 8\u00ba - <\/b>Os Servidores que acumulam cargos na Institui\u00e7\u00e3o dever\u00e3o programar suas f\u00e9rias de maneira a coincidir, obrigatoriamente, em ambas as unidades de lota\u00e7\u00e3o.<\/p>\n<p><b>Art. 9\u00ba - <\/b>Os Servidores ocupantes de Fun\u00e7\u00f5es de Confian\u00e7a dever\u00e3o programar suas f\u00e9rias de comum acordo com os substitutos legais ou eventuais, j\u00e1 designados ou n\u00e3o, de modo que as atividades de dire\u00e7\u00e3o n\u00e3o sofram solu\u00e7\u00e3o de continuidade.<\/p>\n<p><b>Par\u00e1grafo \u00fanico - <\/b>Os titulares das fun\u00e7\u00f5es de que trata o presente artigo dever\u00e3o comunicar \u00e0 autoridade superior o local onde gozar\u00e3o suas f\u00e9rias para que possam ser localizados em casos de emerg\u00eancia.<\/p>\n\n<p><b>Art. 10 - <\/b>Os Servidores Docentes e T\u00e9cnico-Administrativos em Curso de P\u00f3s-Gradua\u00e7\u00e3o e\/ou de Adequa\u00e7\u00e3o Funcional gozar\u00e3o f\u00e9rias durante o afastamento no per\u00edodo de recesso escolar dos referidos Cursos, ap\u00f3s efetuarem a comunica\u00e7\u00e3o \u00e0 Chefia Imediata para os tr\u00e2mites normais, respeitados os prazos legais.<\/p>\n<p><b>Art. 11 - <\/b>A presente Resolu\u00e7\u00e3o entra em vigor a partir da data de sua publica\u00e7\u00e3o e revoga as disposi\u00e7\u00f5es em contr\u00e1rio, especialmente a <a href=\"https:\/\/www.ufsm.br\/pro-reitorias\/proplan\/resolucao-n-021-1994\/\" target=\"_blank\"><font color=\"blue\"><u>Resolu\u00e7\u00e3o n\u00ba 0021\/94, de 28-09-94<\/u><\/font><\/a>.<\/p>\n\n<p>GABINETE DO REITOR DA UNIVERSIDADE FEDERAL DE SANTA MARIA, aos vinte e cinco dias do m\u00eas de outubro do ano de mil, novecentos e noventa e seis.<\/p>\n<\/div>\n<p>Odilon Antonio Marcuzzo do Canto,<\/p>\n<p>Reitor.<\/p>\n\n<p><font color=\"red0000\">Este texto n\u00e3o substitui o documento original, publicado no Portal de Documentos.<\/font> Dispon\u00edvel em: <a href=\"https:\/\/portal.ufsm.br\/documentos\/publico\/documento.html?id=4507773\"><font color=\"blue\">https:\/\/portal.ufsm.br\/documentos\/publico\/documento.html?id=4507773<\/font><\/a>\n<\/strike>\n\n\t\t<\/div>\n\t\t\t\t<\/div>\n\t\t\t\t\t<\/div>\n\t\t<\/div>\n\t\t\t\t\t<\/div>\n\t\t<\/section>\n\t\t\t\t<\/div>\n\t\t","protected":false},"excerpt":{"rendered":"<p>RESOLU\u00c7\u00c3O N. 023\/1996 SERVI\u00c7O P\u00daBLICO FEDERAL RESOLU\u00c7\u00c3O N. 023\/1996 Regulamenta a Concess\u00e3o de F\u00e9rias aos Servidores da Universidade Federal de Santa Maria e revoga a Resolu\u00e7\u00e3o n\u00ba0021\/94, de 28-09-94. Revogado pela Resolu\u00e7\u00e3o N. 055\/2021 O REITOR DA UNIVERSIDADE FEDERAL DE SANTA MARIA, no uso de suas atribui\u00e7\u00f5es legais e estatut\u00e1rias e de acordo com a [&hellip;]<\/p>\n","protected":false},"author":205,"featured_media":0,"parent":0,"menu_order":0,"comment_status":"closed","ping_status":"closed","template":"","meta":{"footnotes":""},"categories":[],"tags":[],"class_list":["post-3396","page","type-page","status-publish","hentry"],"acf":[],"_links":{"self":[{"href":"https:\/\/www.ufsm.br\/pro-reitorias\/proplan\/wp-json\/wp\/v2\/pages\/3396","targetHints":{"allow":["GET"]}}],"collection":[{"href":"https:\/\/www.ufsm.br\/pro-reitorias\/proplan\/wp-json\/wp\/v2\/pages"}],"about":[{"href":"https:\/\/www.ufsm.br\/pro-reitorias\/proplan\/wp-json\/wp\/v2\/types\/page"}],"author":[{"embeddable":true,"href":"https:\/\/www.ufsm.br\/pro-reitorias\/proplan\/wp-json\/wp\/v2\/users\/205"}],"replies":[{"embeddable":true,"href":"https:\/\/www.ufsm.br\/pro-reitorias\/proplan\/wp-json\/wp\/v2\/comments?post=3396"}],"version-history":[{"count":0,"href":"https:\/\/www.ufsm.br\/pro-reitorias\/proplan\/wp-json\/wp\/v2\/pages\/3396\/revisions"}],"wp:attachment":[{"href":"https:\/\/www.ufsm.br\/pro-reitorias\/proplan\/wp-json\/wp\/v2\/media?parent=3396"}],"wp:term":[{"taxonomy":"category","embeddable":true,"href":"https:\/\/www.ufsm.br\/pro-reitorias\/proplan\/wp-json\/wp\/v2\/categories?post=3396"},{"taxonomy":"post_tag","embeddable":true,"href":"https:\/\/www.ufsm.br\/pro-reitorias\/proplan\/wp-json\/wp\/v2\/tags?post=3396"}],"curies":[{"name":"wp","href":"https:\/\/api.w.org\/{rel}","templated":true}]}}