{"id":3420,"date":"2020-03-18T19:45:25","date_gmt":"2020-03-18T22:45:25","guid":{"rendered":"https:\/\/www.ufsm.br\/pro-reitorias\/proplan\/?page_id=3420"},"modified":"2020-03-19T13:33:26","modified_gmt":"2020-03-19T16:33:26","slug":"resolucao-n-019-1995","status":"publish","type":"page","link":"https:\/\/www.ufsm.br\/pro-reitorias\/proplan\/resolucao-n-019-1995","title":{"rendered":"Resolu\u00e7\u00e3o N. 019\/1995"},"content":{"rendered":"\t\t<div data-elementor-type=\"wp-page\" data-elementor-id=\"3420\" class=\"elementor elementor-3420\">\n\t\t\t\t\t\t<section class=\"elementor-section elementor-top-section elementor-element elementor-element-034fcc8 elementor-section-boxed elementor-section-height-default elementor-section-height-default\" data-id=\"034fcc8\" data-element_type=\"section\">\n\t\t\t\t\t\t<div class=\"elementor-container elementor-column-gap-default\">\n\t\t\t\t\t<div class=\"elementor-column elementor-col-100 elementor-top-column elementor-element elementor-element-4a16ac4\" data-id=\"4a16ac4\" data-element_type=\"column\">\n\t\t\t<div class=\"elementor-widget-wrap elementor-element-populated\">\n\t\t\t\t\t\t<div class=\"elementor-element elementor-element-dceced2 elementor-widget elementor-widget-html\" data-id=\"dceced2\" data-element_type=\"widget\" data-widget_type=\"html.default\">\n\t\t\t\t<div class=\"elementor-widget-container\">\n\t\t\t\r\n\r\n\r\n<title><b>RESOLU\u00c7\u00c3O N. 019\/1995<\/b><\/title>\r\n\r\n\r\n<div align=\"center\"><img decoding=\"async\" src=\"https:\/\/www.ufsm.br\/pro-reitorias\/proplan\/wp-content\/uploads\/sites\/344\/2019\/09\/brasao-da-republica-do-brasil-logo.png\" alt=\"Bras\u00e3o Rep\u00fablica Federativa do Brasil\" width=\"6%\" height=\"6%\"><\/div>    \r\n<h1><font color=\"blue\"><font size=\"5\"><div align=\"center\">SERVI\u00c7O P\u00daBLICO FEDERAL<\/b><\/font><\/font><\/div><\/H1>\r\n\r\n\r\n<p><div align=\"center\"><b><a href=\"https:\/\/portal.ufsm.br\/documentos\/publico\/documento.html?id=4507803\"><font color=\"blue\">RESOLU\u00c7\u00c3O N. 019\/1995<\/font><\/a><\/b><\/div><\/p>\r\n<br>\r\n<p><div align=\"right\"><font color=\"800000\"><strike>Disp\u00f5e sobre o Programa Experimental de Ingresso ao Ensino Superior da UFSM (PEIES).<\/strike><\/font><\/div><\/p>\r\n<br>\r\n<p><a href=\"https:\/\/www.ufsm.br\/pro-reitorias\/proplan\/resolucao-n-007-1998\/\"><font color=\"blue\">Revogada pela Resolu\u00e7\u00e3o N. 007\/1998<\/font><\/a><\/p>\r\n<br>\r\n<br><div align=\"justify\">\r\n<strike>\r\n<p>O REITOR DA UNIVERSIDADE FEDERAL DE SANTA MARIA, no uso de suas atribui\u00e7\u00f5es legais e estatut\u00e1rias e considerando o que disp\u00f5e o Parecer n\u00ba 073\/95, aprovado na 458\u00ba Sess\u00e3o do CEPE, realizada em 06\/06\/95,<\/p>\r\n<br>\r\n<p><b><div align=\"center\">RESOLVE:<\/b><\/div><\/p>\r\n<br>\r\n<p><b>Art. 1\u00ba - <\/b>Al\u00e9m do Concurso Vestibular tradicional, fica institu\u00eddo, na UFSM, por um prazo de tr\u00eas anos, o Programa Experimental de Ingresso ao Ensino Superior da UFSM - PEIES.<\/p>\r\n<p><b>Art. 2\u00ba - <\/b>O PEIES tem como objetivo orientar, selecionar e classificar candidatos para preencher um percentual das vagas dos Cursos de Gradua\u00e7\u00e3o da UFSM dos anos de 1998, 1999 e 2000, mediante realiza\u00e7\u00e3o de tr\u00eas provas de acompanhamento, uma no final de cada s\u00e9rie do 2\u00ba Grau.<\/p>\r\n<p><b>Art. 3\u00ba - <\/b>Compete \u00e0 Comiss\u00e3o Permanente do Vestibular da UFSM (COPERVES) planejar, coordenar e executar estrat\u00e9gias e servi\u00e7os para a realiza\u00e7\u00e3o do objetivo estabelecido no artigo anterior.<\/p>\r\n<p><b>\u00a7 1\u00ba - <\/b>\u00c0 Comiss\u00e3o de Vestibular (COPERVES) compete planejar, coordenar e executar os concursos vestibulares da Universidade, adotando provid\u00eancias referentes \u00e0 inscri\u00e7\u00e3o, elabora\u00e7\u00e3o, impress\u00e3o, aplica\u00e7\u00e3o, supervis\u00e3o e corre\u00e7\u00e3o das provas e \u00e0 classifica\u00e7\u00e3o de candidatos.<\/p>\r\n<p><b>\u00a7 2\u00ba - <\/b>Para o cumprimento de suas atribui\u00e7\u00f5es, a COPERVES poder\u00e1 contar com a assessoria de Comit\u00eas especializados a serem criados \u00e0 medida de suas necessidades.<\/p>\r\n\r\n<p><b>Art. 4\u00ba - <\/b>Ficam criados o Comit\u00ea de Engenharia Estrat\u00e9gica e o Comit\u00ea de Engenharia de Programas como \u00f3rg\u00e3os de assessoramento da COPERVES.<\/p>\r\n<p><b>\u00a7 1\u00ba - <\/b>Ao Comit\u00ea de Engenharia Estrat\u00e9gica cabe propor, anualmente, ampliar ou restringir a \u00c1rea de Abrang\u00eancia do PEIES.<\/p>\r\n<p><b>\u00a7 2\u00ba - <\/b>Ao Comit\u00ea de Engenharia de Programas compete elaborar, avaliar e aperfei\u00e7oar o Curr\u00edculo B\u00e1sico do PEIES, sempre vinculando suas decis\u00f5es a turmas (per\u00edodo de tr\u00eas anos) que j\u00e1 ingressaram ou ir\u00e3o ingressar no PEIES.<\/p>\r\n\r\n<p><b>Art. 5\u00ba - <\/b>\u00c0 COPERVES, al\u00e9m de suas atribui\u00e7\u00f5es regulamentares, compete:<\/p>\r\n<p>I - organizar e implementar servi\u00e7os especializados que visem a diagnosticar problemas de desempenho de alunos-candidatos, professores e escolas credenciadas;<\/p>\r\n<p>II - repassar esse diagn\u00f3stico aos interessados, inclusive aos Departamentos e Cursos de Licenciatura da UFSM;<\/p>\r\n<p>III - realizar, a partir de 1996, um encontro anual sobre o PEIES, com o objetivo de promover um interc\u00e2mbio de experi\u00eancias.<\/p>\r\n\r\n<p><b>Art. 6\u00ba - <\/b>A Escola de 2\u00ba Grau que pretende integrar o PEIES deve, al\u00e9m de situar-se na \u00e1rea de Abrang\u00eancia do Programa, obedecer ao Regimento de Credenciamento vigente.<\/p>\r\n<p><b>Par\u00e1grafo \u00danico - <\/b>A regulamenta\u00e7\u00e3o do Credenciamento ser\u00e1 dada a conhecimento p\u00fablico atrav\u00e9s de Edital.<\/p>\r\n\r\n<p><b>Art. 7\u00ba - <\/b>Poder\u00e1 participar do PEIES o aluno que preencher as seguintes condi\u00e7\u00f5es:<\/p>\r\n<p>I - estar matriculado no 2\u00ba grau em uma escola credenciada;<\/p>\r\n<p>II - estar cursando a 1\u00ba s\u00e9rie;<\/p>\r\n<p>III - estar cursando a 2\u00ba ou 3\u00ba s\u00e9rie e j\u00e1 tenham participado do Programa em s\u00e9rie(s) anterior(es);<\/p>\r\n<p>IV- obedecer \u00e0s exig\u00eancias previstas no Manual do Aluno-Candidato em vigor.<\/p>\r\n<p><b>\u00a7 1\u00ba - <\/b>As condi\u00e7\u00f5es previstas neste artigo tamb\u00e9m valem para as transfer\u00eancias.<\/p>\r\n<p><b>\u00a7 2\u00ba - <\/b>Em caso de transfer\u00eancia do Aluno-Candidato para outra escola, credenciada no PEIES, fica garantida a sua participa\u00e7\u00e3o no programa.<\/p>\r\n<p><b>\u00a7 3\u00ba - <\/b>Em caso de reprova\u00e7\u00e3o na s\u00e9rie em que estiver cursando na escola, o Aluno-Candidato ter\u00e1 invalidada sua Prova de Acompanhamento correspondente \u00e0 s\u00e9rie em que for reprovado.<\/p>\r\n<p><b>\u00a7 4\u00ba - <\/b>Ser\u00e1 anulada a inscri\u00e7\u00e3o do Aluno-Candidato que n\u00e3o renovar sua inscri\u00e7\u00e3o por um per\u00edodo superior a um ano letivo de intervalo em cada s\u00e9rie.<\/p>\r\n<p><b>\u00a7 5\u00ba - <\/b>A regulamenta\u00e7\u00e3o das Inscri\u00e7\u00f5es ser\u00e1 divulgada atrav\u00e9s de Edital.<\/p>\r\n\r\n<p><b>Art. 8\u00ba - <\/b>\u00c0 COPERVES compete adotar provid\u00eancias referentes \u00e0 inscri\u00e7\u00e3o, elabora\u00e7\u00e3o, impress\u00e3o, aplica\u00e7\u00e3o, supervis\u00e3o e corre\u00e7\u00e3o das provas e \u00e0 classifica\u00e7\u00e3o dos Alunos-Candidatos ao PEIES.<\/p>\r\n<p><b>Par\u00e1grafo \u00danico - <\/b>A UFSM prover\u00e1 a COPERVES dos meios necess\u00e1rios para a eficaz realiza\u00e7\u00e3o desse processo.<\/p>\r\n\r\n<p><b>Art. 9\u00ba - <\/b>O aluno da 3\u00ba s\u00e9rie do 2\u00ba Grau que estiver concorrendo a um curso da UFSM como participante do PEIES, uma vez preenchidas as condi\u00e7\u00f5es legais, tamb\u00e9m poder\u00e1 concorrer ao mesmo curso atrav\u00e9s do concurso vestibular tradicional.<\/p>\r\n<p><b>Par\u00e1grafo \u00danico - <\/b>Para viabilizar o direito previsto neste artigo, a COPERVES compatibilizar\u00e1 a data da prova de acompanhamento da 3\u00ba s\u00e9rie do 2\u00ba Grau com a data do concurso vestibular.<\/p>\r\n\r\n<p><b>Art. 10 - <\/b>Os procedimentos administrativos, operacionais e t\u00e9cnicos adotados pela COPERVES, bem como os resultados obtidos no transcorrer dos tr\u00eas anos de execu\u00e7\u00e3o do Programa, ser\u00e3o avaliados por um Comit\u00ea de Auditoria e Avalia\u00e7\u00e3o, designado pelo Reitor da UFSM.<\/p>\r\n<p><b>Par\u00e1grafo \u00danico - <\/b>Os resultados da auditoria e avalia\u00e7\u00e3o de que trata o \u201ccaput\u201d deste artigo dever\u00e3o servir de subs\u00eddio b\u00e1sico para posterior decis\u00e3o sobre a transforma\u00e7\u00e3o do PEIES em PIES (Programa de Ingresso ao Ensino Superior) da UFSM.<\/p>\r\n\r\n<p><b>Art. 11 - <\/b>A\u00e7\u00f5es complementares ao PEIES, que visem a um aperfei\u00e7oamento do ensino nas escolas credenciadas e nos Cursos de Licenciatura da UFSM, ser\u00e3o objeto de programas paralelos, a serem coordenados pelos \u00f3rg\u00e3os competentes da Universidade.<\/p>\r\n<p><b>Par\u00e1grafo \u00danico - <\/b>A Administra\u00e7\u00e3o Central da UFSM regulamentar\u00e1 as a\u00e7\u00f5es complementares previstas neste artigo atrav\u00e9s de Resolu\u00e7\u00e3o espec\u00edfica.<\/p>\r\n\r\n<p><b>Art. 12 - <\/b>Esta Resolu\u00e7\u00e3o entrar\u00e1 em vigor na data de sua publica\u00e7\u00e3o revogando-se as disposi\u00e7\u00f5es em contr\u00e1rio.<\/p>\r\n\r\n<p>GABINETE DO REITOR DA UNIVERSIDADE FEDERAL DE SANTA MARIA, aos vinte e cinco dias do m\u00eas de outubro do ano de mil, novecentos e noventa e cinco.<\/p>\r\n<\/div>\r\n<p>Odilon Antonio Marcuzzo do Canto,<\/p>\r\n<p>Reitor.<\/p>\r\n<\/strike>\r\n<p><font color=\"red0000\">Este texto n\u00e3o substitui o documento original, publicado no Portal de Documentos.<\/font> Dispon\u00edvel em: <a href=\"https:\/\/portal.ufsm.br\/documentos\/publico\/documento.html?id=4507803\"><font color=\"blue\">https:\/\/portal.ufsm.br\/documentos\/publico\/documento.html?id=4507803<\/font><\/a>\r\n\r\n\t\t<\/div>\n\t\t\t\t<\/div>\n\t\t\t\t\t<\/div>\n\t\t<\/div>\n\t\t\t\t\t<\/div>\n\t\t<\/section>\n\t\t\t\t<\/div>\n\t\t","protected":false},"excerpt":{"rendered":"<p>RESOLU\u00c7\u00c3O N. 019\/1995 SERVI\u00c7O P\u00daBLICO FEDERAL RESOLU\u00c7\u00c3O N. 019\/1995 Disp\u00f5e sobre o Programa Experimental de Ingresso ao Ensino Superior da UFSM (PEIES). Revogada pela Resolu\u00e7\u00e3o N. 007\/1998 O REITOR DA UNIVERSIDADE FEDERAL DE SANTA MARIA, no uso de suas atribui\u00e7\u00f5es legais e estatut\u00e1rias e considerando o que disp\u00f5e o Parecer n\u00ba 073\/95, aprovado na 458\u00ba [&hellip;]<\/p>\n","protected":false},"author":205,"featured_media":0,"parent":0,"menu_order":0,"comment_status":"closed","ping_status":"closed","template":"","meta":{"footnotes":""},"categories":[],"tags":[],"class_list":["post-3420","page","type-page","status-publish","hentry"],"acf":[],"_links":{"self":[{"href":"https:\/\/www.ufsm.br\/pro-reitorias\/proplan\/wp-json\/wp\/v2\/pages\/3420","targetHints":{"allow":["GET"]}}],"collection":[{"href":"https:\/\/www.ufsm.br\/pro-reitorias\/proplan\/wp-json\/wp\/v2\/pages"}],"about":[{"href":"https:\/\/www.ufsm.br\/pro-reitorias\/proplan\/wp-json\/wp\/v2\/types\/page"}],"author":[{"embeddable":true,"href":"https:\/\/www.ufsm.br\/pro-reitorias\/proplan\/wp-json\/wp\/v2\/users\/205"}],"replies":[{"embeddable":true,"href":"https:\/\/www.ufsm.br\/pro-reitorias\/proplan\/wp-json\/wp\/v2\/comments?post=3420"}],"version-history":[{"count":0,"href":"https:\/\/www.ufsm.br\/pro-reitorias\/proplan\/wp-json\/wp\/v2\/pages\/3420\/revisions"}],"wp:attachment":[{"href":"https:\/\/www.ufsm.br\/pro-reitorias\/proplan\/wp-json\/wp\/v2\/media?parent=3420"}],"wp:term":[{"taxonomy":"category","embeddable":true,"href":"https:\/\/www.ufsm.br\/pro-reitorias\/proplan\/wp-json\/wp\/v2\/categories?post=3420"},{"taxonomy":"post_tag","embeddable":true,"href":"https:\/\/www.ufsm.br\/pro-reitorias\/proplan\/wp-json\/wp\/v2\/tags?post=3420"}],"curies":[{"name":"wp","href":"https:\/\/api.w.org\/{rel}","templated":true}]}}