{"id":3432,"date":"2020-03-28T00:43:23","date_gmt":"2020-03-28T03:43:23","guid":{"rendered":"https:\/\/www.ufsm.br\/pro-reitorias\/proplan\/?page_id=3432"},"modified":"2020-07-20T12:55:12","modified_gmt":"2020-07-20T15:55:12","slug":"resolucao-n-004-1994","status":"publish","type":"page","link":"https:\/\/www.ufsm.br\/pro-reitorias\/proplan\/resolucao-n-004-1994","title":{"rendered":"Resolu\u00e7\u00e3o N. 004\/1994"},"content":{"rendered":"\t\t<div data-elementor-type=\"wp-page\" data-elementor-id=\"3432\" class=\"elementor elementor-3432\">\n\t\t\t\t\t\t<section class=\"elementor-section elementor-top-section elementor-element elementor-element-651f8a1 elementor-section-boxed elementor-section-height-default elementor-section-height-default\" data-id=\"651f8a1\" data-element_type=\"section\">\n\t\t\t\t\t\t<div class=\"elementor-container elementor-column-gap-default\">\n\t\t\t\t\t<div class=\"elementor-column elementor-col-100 elementor-top-column elementor-element elementor-element-d6aa9b6\" data-id=\"d6aa9b6\" data-element_type=\"column\">\n\t\t\t<div class=\"elementor-widget-wrap elementor-element-populated\">\n\t\t\t\t\t\t<div class=\"elementor-element elementor-element-fbb5fe9 elementor-widget elementor-widget-html\" data-id=\"fbb5fe9\" data-element_type=\"widget\" data-widget_type=\"html.default\">\n\t\t\t\t<div class=\"elementor-widget-container\">\n\t\t\t\r\n\r\n\r\n<title><b>RESOLU\u00c7\u00c3O N. 004\/1994<\/b><\/title>\r\n\r\n\r\n<div align=\"center\"><img decoding=\"async\" src=\"https:\/\/www.ufsm.br\/pro-reitorias\/proplan\/wp-content\/uploads\/sites\/344\/2019\/09\/brasao-da-republica-do-brasil-logo.png\" alt=\"Bras\u00e3o Rep\u00fablica Federativa do Brasil\" width=\"6%\" height=\"6%\"><\/div>    \r\n<h1><font color=\"blue\"><font size=\"5\"><div align=\"center\">SERVI\u00c7O P\u00daBLICO FEDERAL<\/b><\/font><\/font><\/div><\/H1>\r\n\r\n<p><div align=\"center\"><b><a href=\"https:\/\/portal.ufsm.br\/documentos\/publico\/documento.html?id=4508665\"><font color=\"blue\">RESOLU\u00c7\u00c3O N. 004\/1994<\/font><\/a><\/b><\/div><\/p>\r\n<br>\r\n<p><div align=\"right\"><font color=\"800000\"><strike>Altera Anexo 01 e Art. 10 da Resolu\u00e7\u00e3o n\u00ba 033\/88 que rege os Concursos P\u00fablicos de T\u00edtulos e Provas para Professor Titular da Universidade Federal de Santa Maria.<\/strike><\/font><\/div><\/p>\r\n<br>\r\n<p><a href=\"https:\/\/www.ufsm.br\/pro-reitorias\/proplan\/resolucao-n-006-1994\/\"><font color=\"blue\">Alterada pela Resolu\u00e7\u00e3o N. 006\/1994<\/font><\/a><\/p>\r\n<p><a href=\"https:\/\/www.ufsm.br\/pro-reitorias\/proplan\/resolucao-n-022-2020\/\" target=\"_blank\"><font color=\"blue\">Revogada pela Resolu\u00e7\u00e3o N. 022\/2020<\/font><\/a><\/p>\r\n<br>\r\n<br><div align=\"justify\">\r\n<strike>\r\n<br><div align=\"justify\">\r\n<p>O Reitor da Universidade Federal de Santa Maria, no uso de suas atribui\u00e7\u00f5es legais e estatut\u00e1rias e, considerando os Pareceres de n. 07\/88 e 03\/89, do Egr\u00e9gio Conselho Universit\u00e1rio aprovados respectivamente em 14-09-88 e 22-03-89,<\/p>\r\n<br>\r\n<p><div align=\"center\">RESOLVE:<\/div><\/p>\r\n<br>\r\n<p><b>Art. 1\u00ba <\/b>O Anexo 01 - \"T\u00edtulos Acad\u00eamicos e Atividades de Aperfei\u00e7oamento - Peso 03 (tres)\" passar\u00e1 a ter a seguinte composi\u00e7\u00e3o:<\/p>\r\n\r\n<p><b>1.1. <\/b>P\u00f3s-Doutorado + Doutorado + Mestrado ................................................. 100%<\/p>\r\n<p><b>1.2. <\/b>P\u00f3s-Doutorado + Doutorado ...................................................................... 95%<\/p>\r\n<p><b>1.3. <\/b>Doutorado + Mestrado ............................................................................... 90%<\/p>\r\n<p><b>1.4. <\/b>Doutorado ou Livre-Doc\u00eancia .................................................................... 85%<\/p>\r\n<p><b>1.5. <\/b>Mestrado .................................................................................................... 45%<\/p>\r\n<p><b>1.6. <\/b>Especializa\u00e7\u00e3o ou Resid\u00eancia M\u00e9dica ....................................................... 25%<\/p>\r\n<p><b>1.7. <\/b>Aperfei\u00e7oamento\/Cursos de Atualiza\u00e7\u00e3o at\u00e9 ............................................. 10%<\/p>\r\n\r\n<p><b>Art. 2\u00ba <\/b>O Art. 1\u00ba ter\u00e1 a seguinte reda\u00e7\u00e3o: \"A Comiss\u00e3o Examinadora ser\u00e1 constitu\u00edda por 03 (tr\u00eas) titulares e 01 (um) suplente, todos Professores Titulares de \u00e1reas afins \u00e0 \u00e1rea do Concurso e pertencentes a Institui\u00e7\u00f5es de Ensino Superior do Pa\u00eds\".<\/p>\r\n<p><b>Art. 3\u00ba <\/b>Esta Resolu\u00e7\u00e3o entrar\u00e1 em vigor na data de sua publica\u00e7\u00e3o revogadas as disposi\u00e7\u00f5es em contr\u00e1rio.<\/p>\r\n\r\n<p>GABINETE DO REITOR DA UNIVERSIDADE FEDERAL DE SANTA MARIA, aos oito dias do m\u00eas de abril do ano de mil novecentos e noventa e quatro.<\/p>\r\n<\/div>\r\n<p>Odilon Ant\u00f4nio Marcuzzo do Canto,<\/p>\r\n<p>Reitor.<\/p>\r\n<\/strike>\r\n\r\n<p><font color=\"red0000\">Este texto n\u00e3o substitui o documento original, publicado no Portal de Documentos.<\/font> Dispon\u00edvel em: <a href=\"https:\/\/portal.ufsm.br\/documentos\/publico\/documento.html?id=4508665\"><font color=\"blue\">https:\/\/portal.ufsm.br\/documentos\/publico\/documento.html?id=4508665<\/font><\/a>\r\n\r\n\t\t<\/div>\n\t\t\t\t<\/div>\n\t\t\t\t\t<\/div>\n\t\t<\/div>\n\t\t\t\t\t<\/div>\n\t\t<\/section>\n\t\t\t\t<\/div>\n\t\t","protected":false},"excerpt":{"rendered":"<p>RESOLU\u00c7\u00c3O N. 004\/1994 SERVI\u00c7O P\u00daBLICO FEDERAL RESOLU\u00c7\u00c3O N. 004\/1994 Altera Anexo 01 e Art. 10 da Resolu\u00e7\u00e3o n\u00ba 033\/88 que rege os Concursos P\u00fablicos de T\u00edtulos e Provas para Professor Titular da Universidade Federal de Santa Maria. Alterada pela Resolu\u00e7\u00e3o N. 006\/1994 Revogada pela Resolu\u00e7\u00e3o N. 022\/2020 O Reitor da Universidade Federal de Santa Maria, [&hellip;]<\/p>\n","protected":false},"author":205,"featured_media":0,"parent":0,"menu_order":0,"comment_status":"closed","ping_status":"closed","template":"","meta":{"footnotes":""},"categories":[],"tags":[],"class_list":["post-3432","page","type-page","status-publish","hentry"],"acf":[],"_links":{"self":[{"href":"https:\/\/www.ufsm.br\/pro-reitorias\/proplan\/wp-json\/wp\/v2\/pages\/3432","targetHints":{"allow":["GET"]}}],"collection":[{"href":"https:\/\/www.ufsm.br\/pro-reitorias\/proplan\/wp-json\/wp\/v2\/pages"}],"about":[{"href":"https:\/\/www.ufsm.br\/pro-reitorias\/proplan\/wp-json\/wp\/v2\/types\/page"}],"author":[{"embeddable":true,"href":"https:\/\/www.ufsm.br\/pro-reitorias\/proplan\/wp-json\/wp\/v2\/users\/205"}],"replies":[{"embeddable":true,"href":"https:\/\/www.ufsm.br\/pro-reitorias\/proplan\/wp-json\/wp\/v2\/comments?post=3432"}],"version-history":[{"count":0,"href":"https:\/\/www.ufsm.br\/pro-reitorias\/proplan\/wp-json\/wp\/v2\/pages\/3432\/revisions"}],"wp:attachment":[{"href":"https:\/\/www.ufsm.br\/pro-reitorias\/proplan\/wp-json\/wp\/v2\/media?parent=3432"}],"wp:term":[{"taxonomy":"category","embeddable":true,"href":"https:\/\/www.ufsm.br\/pro-reitorias\/proplan\/wp-json\/wp\/v2\/categories?post=3432"},{"taxonomy":"post_tag","embeddable":true,"href":"https:\/\/www.ufsm.br\/pro-reitorias\/proplan\/wp-json\/wp\/v2\/tags?post=3432"}],"curies":[{"name":"wp","href":"https:\/\/api.w.org\/{rel}","templated":true}]}}