{"id":3470,"date":"2020-03-28T18:33:18","date_gmt":"2020-03-28T21:33:18","guid":{"rendered":"https:\/\/www.ufsm.br\/pro-reitorias\/proplan\/?page_id=3470"},"modified":"2020-05-29T12:13:22","modified_gmt":"2020-05-29T15:13:22","slug":"resolucao-n-008-1993","status":"publish","type":"page","link":"https:\/\/www.ufsm.br\/pro-reitorias\/proplan\/resolucao-n-008-1993","title":{"rendered":"Resolu\u00e7\u00e3o N. 008\/1993"},"content":{"rendered":"\t\t<div data-elementor-type=\"wp-page\" data-elementor-id=\"3470\" class=\"elementor elementor-3470\">\n\t\t\t\t\t\t<section class=\"elementor-section elementor-top-section elementor-element elementor-element-51364b7 elementor-section-boxed elementor-section-height-default elementor-section-height-default\" data-id=\"51364b7\" data-element_type=\"section\">\n\t\t\t\t\t\t<div class=\"elementor-container elementor-column-gap-default\">\n\t\t\t\t\t<div class=\"elementor-column elementor-col-100 elementor-top-column elementor-element elementor-element-eced861\" data-id=\"eced861\" data-element_type=\"column\">\n\t\t\t<div class=\"elementor-widget-wrap elementor-element-populated\">\n\t\t\t\t\t\t<div class=\"elementor-element elementor-element-2d86d12 elementor-widget elementor-widget-html\" data-id=\"2d86d12\" data-element_type=\"widget\" data-widget_type=\"html.default\">\n\t\t\t\t<div class=\"elementor-widget-container\">\n\t\t\t\r\n\r\n\r\n<title><b>RESOLU\u00c7\u00c3O N. 008\/1993<\/b><\/title>\r\n\r\n\r\n<div align=\"center\"><img decoding=\"async\" src=\"https:\/\/www.ufsm.br\/pro-reitorias\/proplan\/wp-content\/uploads\/sites\/344\/2019\/09\/brasao-da-republica-do-brasil-logo.png\" alt=\"Bras\u00e3o Rep\u00fablica Federativa do Brasil\" width=\"6%\" height=\"6%\"><\/div>    \r\n<h1><font color=\"blue\"><font size=\"5\"><div align=\"center\">SERVI\u00c7O P\u00daBLICO FEDERAL<\/b><\/font><\/font><\/div><\/H1>\r\n\r\n<p><div align=\"center\"><b><a href=\"https:\/\/portal.ufsm.br\/documentos\/publico\/documento.html?id=4508727\"><font color=\"blue\">RESOLU\u00c7\u00c3O N. 008\/1993<\/font><\/a><\/b><\/div><\/p>\r\n<br>\r\n<p><a href=\"https:\/\/www.ufsm.br\/pro-reitorias\/proplan\/resolucao-n-011-1993\/\"><font color=\"blue\">Revogada pela Resolu\u00e7\u00e3o N. 011\/1993<\/font><\/a><\/p>\r\n<br>\r\n<br><div align=\"justify\">\r\n<strike>\r\n<p><b>O REITOR DA UNIVERSIDADE FEDERAL DE SANTA MARIA,<\/b> no uso de suas atribui\u00e7\u00f5es legais e estatut\u00e1rias, considerando o que consta do Processo n\u00ba <a href=\"https:\/\/portal.ufsm.br\/documentos\/publico\/processo\/documento.html?idDocumento=78114\" target=\"_blank\"><font color=\"blue\"><u>8462\/92-74<\/u><\/font><\/a> e tendo em vista decis\u00e3o do Egr\u00e9gio Conselho Universit\u00e1rio em sua 490\u00aa sess\u00e3o, de 81.03.93;<\/p>\r\n<br>\r\n<p><b><div align=\"center\">RESOLVE:<\/b><\/div><\/p>\r\n<br>\r\n<p><b>Art. 1\u00ba - <\/b>Implantar, em car\u00e1ter experimental, pelo per\u00edodo de O6(seis) meses, a contar de 02.04.93, a jornada de 6(seis) horas di\u00e1rias de trabalho para todos os servidores t\u00e9cnico-administrativos, inclusive os detentores de Fun\u00e7\u00f5es Gratificadas, da Institui\u00e7\u00e3o, a ser cumprida em expediente corrido e escalonado. \r\n<p><b>Par\u00e1grafo \u00danico - <\/b>O per\u00edodo referido no <b>caput<\/b> poder\u00e1 ser prorrogado, dependendo tal medida de avalia\u00e7\u00e3o pr\u00e9via dos resultados, a ser efetuada pelo Conselho Universit\u00e1ria at\u00e9 31.08.93. \r\n\r\n<p><b>Art. 2\u00ba - <\/b>O hor\u00e1rio de funcionamento dos \u00d3rg\u00e3os ligados \u00e0 Administra\u00e7\u00e3o Central ser\u00e1 das 8 \u00e0s 18 horas. \r\n<p><b>Art. 3\u00ba - <\/b>Aos servidores t\u00e9cnico-administrativos ser\u00e1 assegurado o direito de op\u00e7\u00e3o pela jornada de 30 ou 40 horas semanais de trabalho.\r\n<p><b>Art. 4\u00ba - <\/b>Determina que cada Unidade Administrativa, atendendo suas peculiaridades, proceda \u00e0 adequa\u00e7\u00e3o necess\u00e1ria ao cumprimento desta norma. \r\n<p><b>Art. 5\u00ba - <\/b>Encaminhar o Processo n\u00ba <a href=\"https:\/\/portal.ufsm.br\/documentos\/publico\/processo\/documento.html?idDocumento=78114\" target=\"_blank\"><font color=\"blue\"><u>8462\/92-74<\/u><\/font><\/a> \u00e0 Comiss\u00e3o Especial para que, at\u00e9 30.05.93, seja conclu\u00eddo o Estudo de Redimensionamento dos Recursos Humanos, que servir\u00e1 de subs\u00eddio para as decis\u00f5es do Conselho Universit\u00e1rio.\r\n<p><b>Art. 6\u00ba - <\/b>Revogar a <a href=\"https:\/\/www.ufsm.br\/pro-reitorias\/proplan\/resolucao-n-013-1992\/\" target=\"_blank\"><font color=\"blue\"><u>Resolu\u00e7\u00e3o n\u00ba 013\/92<\/u><\/font><\/a> e demais disposi\u00e7\u00f5es em contr\u00e1rio.<\/p>\r\n\r\n<p>GABINETE DO REITOR DA UNIVERSIDADE FEDERAL DE SANTA MARIA, aos dois dias do m\u00eas de abril do ano de mil novecentos e noventa e tr\u00eas.<\/p>\r\n<\/div>\r\n<p>Prof. Jo\u00e3o Luiz de Oliveira Roth,<\/p>\r\n<p>Vice-Reitor no exerc\u00edcio da Reitoria.<\/p>\r\n<\/strike>\r\n<p><font color=\"red0000\">Este texto n\u00e3o substitui o documento original, publicado no Portal de Documentos.<\/font> Dispon\u00edvel em: <a href=\"https:\/\/portal.ufsm.br\/documentos\/publico\/documento.html?id=4508727\"><font color=\"blue\">https:\/\/portal.ufsm.br\/documentos\/publico\/documento.html?id=4508727<\/font><\/a>\r\n\r\n\t\t<\/div>\n\t\t\t\t<\/div>\n\t\t\t\t\t<\/div>\n\t\t<\/div>\n\t\t\t\t\t<\/div>\n\t\t<\/section>\n\t\t\t\t<\/div>\n\t\t","protected":false},"excerpt":{"rendered":"<p>RESOLU\u00c7\u00c3O N. 008\/1993 SERVI\u00c7O P\u00daBLICO FEDERAL RESOLU\u00c7\u00c3O N. 008\/1993 Revogada pela Resolu\u00e7\u00e3o N. 011\/1993 O REITOR DA UNIVERSIDADE FEDERAL DE SANTA MARIA, no uso de suas atribui\u00e7\u00f5es legais e estatut\u00e1rias, considerando o que consta do Processo n\u00ba 8462\/92-74 e tendo em vista decis\u00e3o do Egr\u00e9gio Conselho Universit\u00e1rio em sua 490\u00aa sess\u00e3o, de 81.03.93; RESOLVE: Art. [&hellip;]<\/p>\n","protected":false},"author":205,"featured_media":0,"parent":0,"menu_order":0,"comment_status":"closed","ping_status":"closed","template":"","meta":{"footnotes":""},"categories":[],"tags":[],"class_list":["post-3470","page","type-page","status-publish","hentry"],"acf":[],"_links":{"self":[{"href":"https:\/\/www.ufsm.br\/pro-reitorias\/proplan\/wp-json\/wp\/v2\/pages\/3470","targetHints":{"allow":["GET"]}}],"collection":[{"href":"https:\/\/www.ufsm.br\/pro-reitorias\/proplan\/wp-json\/wp\/v2\/pages"}],"about":[{"href":"https:\/\/www.ufsm.br\/pro-reitorias\/proplan\/wp-json\/wp\/v2\/types\/page"}],"author":[{"embeddable":true,"href":"https:\/\/www.ufsm.br\/pro-reitorias\/proplan\/wp-json\/wp\/v2\/users\/205"}],"replies":[{"embeddable":true,"href":"https:\/\/www.ufsm.br\/pro-reitorias\/proplan\/wp-json\/wp\/v2\/comments?post=3470"}],"version-history":[{"count":0,"href":"https:\/\/www.ufsm.br\/pro-reitorias\/proplan\/wp-json\/wp\/v2\/pages\/3470\/revisions"}],"wp:attachment":[{"href":"https:\/\/www.ufsm.br\/pro-reitorias\/proplan\/wp-json\/wp\/v2\/media?parent=3470"}],"wp:term":[{"taxonomy":"category","embeddable":true,"href":"https:\/\/www.ufsm.br\/pro-reitorias\/proplan\/wp-json\/wp\/v2\/categories?post=3470"},{"taxonomy":"post_tag","embeddable":true,"href":"https:\/\/www.ufsm.br\/pro-reitorias\/proplan\/wp-json\/wp\/v2\/tags?post=3470"}],"curies":[{"name":"wp","href":"https:\/\/api.w.org\/{rel}","templated":true}]}}