{"id":3479,"date":"2020-03-28T19:02:03","date_gmt":"2020-03-28T22:02:03","guid":{"rendered":"https:\/\/www.ufsm.br\/pro-reitorias\/proplan\/?page_id=3479"},"modified":"2021-07-01T13:42:23","modified_gmt":"2021-07-01T16:42:23","slug":"resolucao-n-016-1993","status":"publish","type":"page","link":"https:\/\/www.ufsm.br\/pro-reitorias\/proplan\/resolucao-n-016-1993","title":{"rendered":"Resolu\u00e7\u00e3o N. 016\/1993"},"content":{"rendered":"\t\t<div data-elementor-type=\"wp-page\" data-elementor-id=\"3479\" class=\"elementor elementor-3479\">\n\t\t\t\t\t\t<section class=\"elementor-section elementor-top-section elementor-element elementor-element-b0c0cf6 elementor-section-boxed elementor-section-height-default elementor-section-height-default\" data-id=\"b0c0cf6\" data-element_type=\"section\">\n\t\t\t\t\t\t<div class=\"elementor-container elementor-column-gap-default\">\n\t\t\t\t\t<div class=\"elementor-column elementor-col-100 elementor-top-column elementor-element elementor-element-212326a\" data-id=\"212326a\" data-element_type=\"column\">\n\t\t\t<div class=\"elementor-widget-wrap elementor-element-populated\">\n\t\t\t\t\t\t<div class=\"elementor-element elementor-element-61cbfde elementor-widget elementor-widget-html\" data-id=\"61cbfde\" data-element_type=\"widget\" data-widget_type=\"html.default\">\n\t\t\t\t<div class=\"elementor-widget-container\">\n\t\t\t\n\n\n<title><b>RESOLU\u00c7\u00c3O N. 016\/1993<\/b><\/title>\n\n\n<div align=\"center\"><img decoding=\"async\" src=\"https:\/\/www.ufsm.br\/pro-reitorias\/proplan\/wp-content\/uploads\/sites\/344\/2019\/09\/brasao-da-republica-do-brasil-logo.png\" alt=\"Bras\u00e3o Rep\u00fablica Federativa do Brasil\" width=\"6%\" height=\"6%\"><\/div>    \n<h1><font color=\"blue\"><font size=\"5\"><div align=\"center\">SERVI\u00c7O P\u00daBLICO FEDERAL<\/b><\/font><\/font><\/div><\/H1>\n\n<p><div align=\"center\"><b><a href=\"https:\/\/portal.ufsm.br\/documentos\/publico\/documento.html?id=4508707\"><font color=\"blue\">RESOLU\u00c7\u00c3O N. 016\/1993<\/font><\/a><\/b><\/div><\/p>\n<br>\n<p><div align=\"right\"><font color=\"800000\"><strike>Estabelece Normas visando a disciplinar a utiliza\u00e7\u00e3o de Estudos de Problemas Brasileiros nos Curr\u00edculos dos Cursos da UFSM, em obedi\u00eancia ao disposto na Lei n\u00ba 8.663, de 14 de junho de 1993, que revogou o Decreto-Lei n\u00ba 869, de 12 de dezembro de 1969.<\/font><\/div><\/strike><\/p>\n<br>\n<br><div align=\"justify\">\n<p><a href=\"https:\/\/www.ufsm.br\/pro-reitorias\/proplan\/resolucao-ufsm-n-055-2021\/\"><font color=\"blue\">Revogado pela Resolu\u00e7\u00e3o N. 055\/2021<\/font><\/a><\/p><\/p>\n<br>\n<strike>\n<p>O REITOR DA UNIVERSIDADE FEDERAL DE SANTA MARIA, no uso de suas atribui\u00e7\u00f5es legais e estatut\u00e1rias e, considerando o disposto na <a href=\"http:\/\/www.planalto.gov.br\/ccivil_03\/Leis\/1989_1994\/L8663.htm\" target=\"_blank\"><font color=\"blue\"><u>Lei n\u00ba 8.663, de 14 de junho de 1993<\/u><\/font><\/a>, que revogou o <a href=\"http:\/\/www.planalto.gov.br\/ccivil_03\/Decreto-Lei\/1965-1988\/Del0869.htm\" target=\"_blank\"><font color=\"blue\"><u>Decreto-Lei n\u00ba 869, de 12 de dezembro de 1969<\/u><\/font><\/a>, que estabelecia a obrigatoriedade da inclus\u00e3o da Educa\u00e7\u00e3o Moral e C\u00edvica nas escolas de todos os graus e modalidades, nos sistemas de ensino no Pa\u00eds; considerando o disposto no Parecer n\u00ba 39\/93, aprovado na 425\u00aa Sess\u00e3o do Colendo Conselho de Ensino, Pesquisa e Extens\u00e3o, que aprovou a presente mat\u00e9ria,<\/p>\n<br>\n<p><div align=\"center\">RESOLVE:<\/div><\/p>\n<br>\n<p>Art. 1\u00ba - A partir do primeiro semestre letivo de 1993 n\u00e3o mais ser\u00e1 obrigat\u00f3ria a integraliza\u00e7\u00e3o das disciplinas de Estudo de Problemas Brasileiros para a concess\u00e3o de diploma\u00e7\u00e3o em curso da UFSM, qualquer que seja o n\u00edvel de ensino considerado e qualquer que seja o ano de ingresso do aluno na UFSM.<\/p>\n<p>\u00a7 1\u00ba - As disciplinas de Estudos de Problemas Brasileiros eventualmente cursadas com aproveitamento ser\u00e3o inclu\u00eddas no rol de disciplinas extracurriculares do Hist\u00f3rico Escolar.<\/p>\n<p>\u00a7 2\u00ba - No primeiro semestre letivo de 1993 caber\u00e1 ao aluno decidir sobre completar ou n\u00e3o a integraliza\u00e7\u00e3o da disciplina de Estudo de Problemas Brasileiros em que estiver matriculado.<\/p>\n\n<p>Art. 2\u00ba - Os novos curr\u00edculos dos cursos da UFSM, \u00e0 crit\u00e9rio dos respectivos Colegiados, poder\u00e3o incluir disciplinas especificas com o objetivo de proporcionar a forma\u00e7\u00e3o da cidadania e o conhecimento da realidade brasileira.<\/p>\n<p>Art. 3\u00ba - A partir do segundo semestre letivo de 1993, os Cursos de Gradua\u00e7\u00e3o que o desejarem poder\u00e3o oferecer na categoria de Atividade Complementar as disciplinas de que trata o Art. 2\u00ba da presente Resolu\u00e7\u00e3o.<\/p>\n<p>Art. 4\u00ba - A n\u00e3o obrigatoriedade de cursar as disciplinas de Estudo de Problemas Brasileiros independe da concretiza\u00e7\u00e3o de suas exclus\u00f5es das grades curriculares do Catalogo Geral da Universidade ou dos Projetos de Organiza\u00e7\u00e3o Curricular.<\/p>\n<p>Art. 5\u00ba - A presente Resolu\u00e7\u00e3o entra em vigor na data de sua publica\u00e7\u00e3o.<\/p>\n\n<\/div>\n<p>Prof. TABAJARA GAUCHO DA COSTA,<\/p>\n<p>Reitor da Universidade Federal de Santa Maria.<\/p>\n<p>Presidente do Conselho de Ensino, Pesquisa e Extens\u00e3o<\/p>\n\n<p><font color=\"red0000\">Este texto n\u00e3o substitui o documento original, publicado no Portal de Documentos.<\/font> Dispon\u00edvel em: <a href=\"https:\/\/portal.ufsm.br\/documentos\/publico\/documento.html?id=4508707\"><font color=\"blue\">https:\/\/portal.ufsm.br\/documentos\/publico\/documento.html?id=4508707<\/font><\/a>\n<\/strike>\n\n\t\t<\/div>\n\t\t\t\t<\/div>\n\t\t\t\t\t<\/div>\n\t\t<\/div>\n\t\t\t\t\t<\/div>\n\t\t<\/section>\n\t\t\t\t<\/div>\n\t\t","protected":false},"excerpt":{"rendered":"<p>RESOLU\u00c7\u00c3O N. 016\/1993 SERVI\u00c7O P\u00daBLICO FEDERAL RESOLU\u00c7\u00c3O N. 016\/1993 Estabelece Normas visando a disciplinar a utiliza\u00e7\u00e3o de Estudos de Problemas Brasileiros nos Curr\u00edculos dos Cursos da UFSM, em obedi\u00eancia ao disposto na Lei n\u00ba 8.663, de 14 de junho de 1993, que revogou o Decreto-Lei n\u00ba 869, de 12 de dezembro de 1969. Revogado pela [&hellip;]<\/p>\n","protected":false},"author":205,"featured_media":0,"parent":0,"menu_order":0,"comment_status":"closed","ping_status":"closed","template":"","meta":{"footnotes":""},"categories":[],"tags":[],"class_list":["post-3479","page","type-page","status-publish","hentry"],"acf":[],"_links":{"self":[{"href":"https:\/\/www.ufsm.br\/pro-reitorias\/proplan\/wp-json\/wp\/v2\/pages\/3479","targetHints":{"allow":["GET"]}}],"collection":[{"href":"https:\/\/www.ufsm.br\/pro-reitorias\/proplan\/wp-json\/wp\/v2\/pages"}],"about":[{"href":"https:\/\/www.ufsm.br\/pro-reitorias\/proplan\/wp-json\/wp\/v2\/types\/page"}],"author":[{"embeddable":true,"href":"https:\/\/www.ufsm.br\/pro-reitorias\/proplan\/wp-json\/wp\/v2\/users\/205"}],"replies":[{"embeddable":true,"href":"https:\/\/www.ufsm.br\/pro-reitorias\/proplan\/wp-json\/wp\/v2\/comments?post=3479"}],"version-history":[{"count":0,"href":"https:\/\/www.ufsm.br\/pro-reitorias\/proplan\/wp-json\/wp\/v2\/pages\/3479\/revisions"}],"wp:attachment":[{"href":"https:\/\/www.ufsm.br\/pro-reitorias\/proplan\/wp-json\/wp\/v2\/media?parent=3479"}],"wp:term":[{"taxonomy":"category","embeddable":true,"href":"https:\/\/www.ufsm.br\/pro-reitorias\/proplan\/wp-json\/wp\/v2\/categories?post=3479"},{"taxonomy":"post_tag","embeddable":true,"href":"https:\/\/www.ufsm.br\/pro-reitorias\/proplan\/wp-json\/wp\/v2\/tags?post=3479"}],"curies":[{"name":"wp","href":"https:\/\/api.w.org\/{rel}","templated":true}]}}