{"id":3588,"date":"2020-04-17T11:22:47","date_gmt":"2020-04-17T14:22:47","guid":{"rendered":"https:\/\/www.ufsm.br\/pro-reitorias\/proplan\/?page_id=3588"},"modified":"2020-04-17T11:37:37","modified_gmt":"2020-04-17T14:37:37","slug":"resolucao-n-036-1988","status":"publish","type":"page","link":"https:\/\/www.ufsm.br\/pro-reitorias\/proplan\/resolucao-n-036-1988","title":{"rendered":"Resolu\u00e7\u00e3o N. 036\/1988"},"content":{"rendered":"\t\t<div data-elementor-type=\"wp-page\" data-elementor-id=\"3588\" class=\"elementor elementor-3588\">\n\t\t\t\t\t\t<section class=\"elementor-section elementor-top-section elementor-element elementor-element-bba5b5c elementor-section-boxed elementor-section-height-default elementor-section-height-default\" data-id=\"bba5b5c\" data-element_type=\"section\">\n\t\t\t\t\t\t<div class=\"elementor-container elementor-column-gap-default\">\n\t\t\t\t\t<div class=\"elementor-column elementor-col-100 elementor-top-column elementor-element elementor-element-6fb45b3\" data-id=\"6fb45b3\" data-element_type=\"column\">\n\t\t\t<div class=\"elementor-widget-wrap elementor-element-populated\">\n\t\t\t\t\t\t<div class=\"elementor-element elementor-element-86ac9aa elementor-widget elementor-widget-html\" data-id=\"86ac9aa\" data-element_type=\"widget\" data-widget_type=\"html.default\">\n\t\t\t\t<div class=\"elementor-widget-container\">\n\t\t\t\r\n\r\n\r\n<title><b>RESOLU\u00c7\u00c3O N. 036\/1988<\/b><\/title>\r\n\r\n\r\n<div align=\"center\"><img decoding=\"async\" src=\"https:\/\/www.ufsm.br\/pro-reitorias\/proplan\/wp-content\/uploads\/sites\/344\/2019\/09\/brasao-da-republica-do-brasil-logo.png\" alt=\"Bras\u00e3o Rep\u00fablica Federativa do Brasil\" width=\"6%\" height=\"6%\"><\/div>    \r\n<h1><font color=\"blue\"><font size=\"5\"><div align=\"center\">SERVI\u00c7O P\u00daBLICO FEDERAL<\/b><\/font><\/font><\/div><\/H1>\r\n<p><div align=\"center\"><b><a href=\"https:\/\/portal.ufsm.br\/documentos\/publico\/documento.html?id=5769765\" target=\"_blank\"><font color=\"blue\">RESOLU\u00c7\u00c3O N. 036\/1988<\/font><\/a><\/b><\/div><\/p>\r\n<br>\r\n<strike><p><div align=\"right\"><font color=\"800000\">Regulamenta a concess\u00e3o do semestre sab\u00e1tico, de acordo com o anexo ao <u><a href=\"http:\/\/www.planalto.gov.br\/ccivil_03\/decreto\/antigos\/d94664.htm\" target=\"_blank\"><font color=\"blue\">Decreto n\u00ba 94.664 de 23\/07\/1987<\/font><\/a><\/u> e <u><a href=\"https:\/\/legis.sigepe.planejamento.gov.br\/legis\/detalhar\/2919\" target=\"_blank\"><font color=\"blue\">Portaria n\u00ba 475 de 26\/08\/1987<\/font><\/a><\/u>, do Ministro de Estado da Educa\u00e7\u00e3o.<\/font><\/div><\/p><\/strike>\r\n<br>\r\n<p><u><a href=\"https:\/\/www.ufsm.br\/pro-reitorias\/proplan\/resolucao-n-006-1991\/\" target=\"_blank\"><font color=\"blue\">Revogada pela Resolu\u00e7\u00e3o N. 006\/1991<\/font><\/a><\/u><\/p>\r\n<br>\r\n<br><div align=\"justify\">\r\n<strike>\r\n<p>O REITOR DA UNIVERSIDADE FEDERAL DE SANTA MARIA, no uso de suas atribui\u00e7\u00f5es legais e estatut\u00e1rias, em vista da decis\u00e3o aprovada pelo Conselho de Ensino, Pesquisa e Extens\u00e3o na Sess\u00e3o n\u00ba 334 realizada em 16 de agosto de 1988,<\/p>\r\n<br>\r\n<p><div align=\"center\">RESOLVE:<\/div><\/p>\r\n<br>\r\n<p>Declarar que a concess\u00e3o do semestre sab\u00e1tico por esta Universidade far-se-\u00e1 de acordo com as seguintes normas complementares ao que disp\u00f5e o artigo 48 e seu par\u00e1grafo \u00fanico do anexo ao <u><a href=\"http:\/\/www.planalto.gov.br\/ccivil_03\/decreto\/antigos\/d94664.htm\" target=\"_blank\"><font color=\"blue\">Decreto n\u00ba 94.664 de 23\/07\/1987<\/font><\/a><\/u>, bem como artigos 32 e 33, com respectivos par\u00e1grafos, da <u><a href=\"https:\/\/legis.sigepe.planejamento.gov.br\/legis\/detalhar\/2919\" target=\"_blank\"><font color=\"blue\">Portaria n\u00ba 475 de 26\/08\/1987<\/font><\/a><\/u>, do Minist\u00e9rio da Educa\u00e7\u00e3o.<\/p>\r\n<p>Artigo 1\u00ba. Para concess\u00e3o do semestre sab\u00e1tico, o docente dever\u00e1 encaminhar ao Departamento de lota\u00e7\u00e3o uma solicita\u00e7\u00e3o contendo a seguinte documenta\u00e7\u00e3o:<\/p>\r\n<p>I. Of\u00edcio solicitando a concess\u00e3o, indicando as datas de in\u00edcio e t\u00e9rmino, bem como Institui\u00e7\u00e3o onde ir\u00e1 desenvolver as atividades durante o per\u00edodo.<\/p>\r\n<p>II. Programa de trabalho a ser executado durante o semestre sab\u00e1tico, contendo aprova\u00e7\u00e3o da Institui\u00e7\u00e3o onde a atividade ser\u00e1 desenvolvida;<\/p>\r\n<p>III. Comprova\u00e7\u00e3o de haver cumprido as exig\u00eancias do semestre sab\u00e1tico anterior.<\/p>\r\n<p>Artigo 2\u00ba. O programa de trabalho a que se refere o artigo 1\u00ba, inciso II, pode ser:<\/p>\r\n<p>I. Um projeto de pesquisa integrado com uma equipe da Institui\u00e7\u00e3o que ir\u00e3 receber o solicitante;<\/p>\r\n<p>II. Um curso a ser ministrado na Institui\u00e7\u00e3o receptora;<\/p>\r\n<p>III. Um projeto de extens\u00e3o a ser desenvolvido em conv\u00eanio com outra Institui\u00e7\u00e3o;<\/p>\r\n<p>IV. Um programa de estudos.<\/p>\r\n<p>Artigo 3\u00ba. Para efeitos desta resolu\u00e7\u00e3o, entende-se por Institui\u00e7\u00e3o receptora de um docente em licen\u00e7a sab\u00e1tica:<\/p>\r\n<p>I. Uma Universidade p\u00fablica ou privada;<\/p>\r\n<p>II. Uma Institui\u00e7\u00e3o isolada de ensino superior;<\/p>\r\n<p>III. Um Instituto de Pesquisa;<\/p>\r\n<p>IV. Um \u00d3rg\u00e3o P\u00fablico Federal, Estadual ou Municipal ligado \u00e0 \u00e1rea de conhecimento do solicitante.<\/p>\r\n<p>Artigo 4\u00ba. O m\u00e9rito do programa de trabalho proposto deve ser analisado e aprovado pelo Departamento, em reuni\u00e3o de seu Corpo Docente, e homologado pelo Conselho do Centro.<\/p>\r\n<p>Artigo 5\u00ba. Ao t\u00e9rmino do Semestre Sab\u00e1tico, o docente dever\u00e1 apresentar ao Departamento relat\u00f3rio das atividades desenvolvidas, visado pela Dire\u00e7\u00e3o da Institui\u00e7\u00e3o receptora.<\/p>\r\n<p>Artigo 6\u00ba. Esta resolu\u00e7\u00e3o entra em vigor na data de sua divulga\u00e7\u00e3o, revogando disposi\u00e7\u00f5es em contr\u00e1rio.<\/p> \r\n<p>GABINETE DO REITOR DA UNIVERSIDADE FEDERAL DE SANTA MARIA, aos vinte e tr\u00eas dias do m\u00eas de agosto de mil novecentos e oitenta e oito.<\/p>\r\n<\/div>\r\n<p>Prof. GILBERTO AQUINO BENETTI,<\/p>\r\n<p>Reitor.<\/p>\r\n<\/strike>\r\n<p><font color=\"red0000\">Este texto n\u00e3o substitui o documento original, publicado no Portal de Documentos.<\/font> Dispon\u00edvel em: <a href=\"https:\/\/portal.ufsm.br\/documentos\/publico\/documento.html?id=5769765\" target=\"_blank\"><font color=\"blue\">https:\/\/portal.ufsm.br\/documentos\/publico\/documento.html?id=5769765<\/font><\/a>\r\n\r\n\t\t<\/div>\n\t\t\t\t<\/div>\n\t\t\t\t\t<\/div>\n\t\t<\/div>\n\t\t\t\t\t<\/div>\n\t\t<\/section>\n\t\t\t\t<\/div>\n\t\t","protected":false},"excerpt":{"rendered":"<p>RESOLU\u00c7\u00c3O N. 036\/1988 SERVI\u00c7O P\u00daBLICO FEDERAL RESOLU\u00c7\u00c3O N. 036\/1988 Regulamenta a concess\u00e3o do semestre sab\u00e1tico, de acordo com o anexo ao Decreto n\u00ba 94.664 de 23\/07\/1987 e Portaria n\u00ba 475 de 26\/08\/1987, do Ministro de Estado da Educa\u00e7\u00e3o. Revogada pela Resolu\u00e7\u00e3o N. 006\/1991 O REITOR DA UNIVERSIDADE FEDERAL DE SANTA MARIA, no uso de suas [&hellip;]<\/p>\n","protected":false},"author":205,"featured_media":0,"parent":0,"menu_order":0,"comment_status":"closed","ping_status":"closed","template":"","meta":{"footnotes":""},"categories":[],"tags":[],"class_list":["post-3588","page","type-page","status-publish","hentry"],"acf":[],"_links":{"self":[{"href":"https:\/\/www.ufsm.br\/pro-reitorias\/proplan\/wp-json\/wp\/v2\/pages\/3588","targetHints":{"allow":["GET"]}}],"collection":[{"href":"https:\/\/www.ufsm.br\/pro-reitorias\/proplan\/wp-json\/wp\/v2\/pages"}],"about":[{"href":"https:\/\/www.ufsm.br\/pro-reitorias\/proplan\/wp-json\/wp\/v2\/types\/page"}],"author":[{"embeddable":true,"href":"https:\/\/www.ufsm.br\/pro-reitorias\/proplan\/wp-json\/wp\/v2\/users\/205"}],"replies":[{"embeddable":true,"href":"https:\/\/www.ufsm.br\/pro-reitorias\/proplan\/wp-json\/wp\/v2\/comments?post=3588"}],"version-history":[{"count":0,"href":"https:\/\/www.ufsm.br\/pro-reitorias\/proplan\/wp-json\/wp\/v2\/pages\/3588\/revisions"}],"wp:attachment":[{"href":"https:\/\/www.ufsm.br\/pro-reitorias\/proplan\/wp-json\/wp\/v2\/media?parent=3588"}],"wp:term":[{"taxonomy":"category","embeddable":true,"href":"https:\/\/www.ufsm.br\/pro-reitorias\/proplan\/wp-json\/wp\/v2\/categories?post=3588"},{"taxonomy":"post_tag","embeddable":true,"href":"https:\/\/www.ufsm.br\/pro-reitorias\/proplan\/wp-json\/wp\/v2\/tags?post=3588"}],"curies":[{"name":"wp","href":"https:\/\/api.w.org\/{rel}","templated":true}]}}