{"id":3608,"date":"2020-04-23T11:12:14","date_gmt":"2020-04-23T14:12:14","guid":{"rendered":"https:\/\/www.ufsm.br\/pro-reitorias\/proplan\/?page_id=3608"},"modified":"2021-07-01T13:33:09","modified_gmt":"2021-07-01T16:33:09","slug":"resolucao-n-027-1987","status":"publish","type":"page","link":"https:\/\/www.ufsm.br\/pro-reitorias\/proplan\/resolucao-n-027-1987","title":{"rendered":"Resolu\u00e7\u00e3o N. 027\/1987"},"content":{"rendered":"\t\t<div data-elementor-type=\"wp-page\" data-elementor-id=\"3608\" class=\"elementor elementor-3608\">\n\t\t\t\t\t\t<section class=\"elementor-section elementor-top-section elementor-element elementor-element-aedd99a elementor-section-boxed elementor-section-height-default elementor-section-height-default\" data-id=\"aedd99a\" data-element_type=\"section\">\n\t\t\t\t\t\t<div class=\"elementor-container elementor-column-gap-default\">\n\t\t\t\t\t<div class=\"elementor-column elementor-col-100 elementor-top-column elementor-element elementor-element-3a85601\" data-id=\"3a85601\" data-element_type=\"column\">\n\t\t\t<div class=\"elementor-widget-wrap elementor-element-populated\">\n\t\t\t\t\t\t<div class=\"elementor-element elementor-element-2e4ac57 elementor-widget elementor-widget-html\" data-id=\"2e4ac57\" data-element_type=\"widget\" data-widget_type=\"html.default\">\n\t\t\t\t<div class=\"elementor-widget-container\">\n\t\t\t\n\n\n<title><b>RESOLU\u00c7\u00c3O N. 027\/1987<\/b><\/title>\n\n\n<div align=\"center\"><img decoding=\"async\" src=\"https:\/\/www.ufsm.br\/pro-reitorias\/proplan\/wp-content\/uploads\/sites\/344\/2019\/09\/brasao-da-republica-do-brasil-logo.png\" alt=\"Bras\u00e3o Rep\u00fablica Federativa do Brasil\" width=\"6%\" height=\"6%\"><\/div>    \n<h1><font color=\"blue\"><font size=\"5\"><div align=\"center\">SERVI\u00c7O P\u00daBLICO FEDERAL<\/b><\/font><\/font><\/div><\/H1>\n<p><div align=\"center\"><b><a href=\"https:\/\/portal.ufsm.br\/documentos\/publico\/documento.html?id=5769713\" target=\"_blank\"><font color=\"blue\">RESOLU\u00c7\u00c3O N. 027\/1987<\/font><\/a><\/b><\/div><\/p>\n<br>\n<p><div align=\"right\"><font color=\"800000\"><strike>Define procedimentos e responsabilidades sobre o corte de \u00e1rvores no Campus.<\/strike><\/font><\/div><\/p>\n<br>\n<br><div align=\"justify\">\n<p><a href=\"https:\/\/www.ufsm.br\/pro-reitorias\/proplan\/resolucao-ufsm-n-055-2021\/\"><font color=\"blue\">Revogado pela Resolu\u00e7\u00e3o N. 055\/2021<\/font><\/a><\/p><\/p>\n<br>\n<strike>\n<p>O Vice-Reitor da Universidade Federal de Santa Maria, no exerc\u00edcio da Reitoria, e no uso de suas atribui\u00e7\u00f5es legais e estatut\u00e1rias e:<\/p>\n<p>- considerando a necessidade de disciplinar procedimentos internos relativos as \u00e1reas comuns e espa\u00e7o-f\u00edsico do Campus;<\/p>\n<p>- considerando a preponder\u00e2ncia de preserva\u00e7\u00e3o de \u00e1reas verdes e logradouros;<\/p>\n<p>- considerando a contribui\u00e7\u00e3o t\u00e9cnica que cada unidade pode oferecer em decorr\u00eancia do conhecimento cient\u00edfico e da capa cidade operacional para o desempenho de atribui\u00e7\u00f5es;<\/p>\n<p>- considerando o acordado em reuni\u00e3o realizada no Centro de Ci\u00eancias Rurais, que contou com a presen\u00e7a de representantes de Administra\u00e7\u00e3o Superior da Institui\u00e7\u00e3o e da Dire\u00e7\u00e3o e Chefias Intermedi\u00e1rias do Centro de Ci\u00eancias Rurais e Col\u00e9gio Agr\u00edcola;<\/p>\n<br>\n<p><div align=\"center\">RESOLVE:<\/div><\/p>\n<br>\n<p>I - Compete, ao Departamento de Ci\u00eancias Florestais do Centro de Ci\u00eancias Rurais, efetivar todas as provid\u00eancias legais e institucionais relativas ao corte de \u00e1rvores no Campus da UFSM, cabendo decidir sobre os procedimentos t\u00e9cnicos e, efetivar os cortes determinados.<\/p>\n<p>II - Compete, \u00e0 Prefeitura da Cidade Universit\u00e1ria, o transporte, at\u00e9 a serraria, das \u00e1rvores abatidas, bem como a limpeza, restaura\u00e7\u00e3o e urbaniza\u00e7\u00e3o da \u00e1rea trabalhada.<\/p> \n<p>GABINETE DO VICE-REITOR DA UNIVERDIDADE FEDRAL DE SANTA MARIA, aos dois dias do m\u00eas de julho de mil nove centos e oitenta e sete.<\/p>\n<\/div>\n<p>Prof. RICARDO ROSSATO,<\/p>\n<p>Vice-Reitor, no exerc\u00edcio da Reitoria.<\/p>\n<p><font color=\"red0000\">Este texto n\u00e3o substitui o documento original, publicado no Portal de Documentos.<\/font> Dispon\u00edvel em: <a href=\"https:\/\/portal.ufsm.br\/documentos\/publico\/documento.html?id=5769713\" target=\"_blank\"><font color=\"blue\">https:\/\/portal.ufsm.br\/documentos\/publico\/documento.html?id=5769713<\/font><\/a>\n<\/strike>\n\n\t\t<\/div>\n\t\t\t\t<\/div>\n\t\t\t\t\t<\/div>\n\t\t<\/div>\n\t\t\t\t\t<\/div>\n\t\t<\/section>\n\t\t\t\t<\/div>\n\t\t","protected":false},"excerpt":{"rendered":"<p>RESOLU\u00c7\u00c3O N. 027\/1987 SERVI\u00c7O P\u00daBLICO FEDERAL RESOLU\u00c7\u00c3O N. 027\/1987 Define procedimentos e responsabilidades sobre o corte de \u00e1rvores no Campus. Revogado pela Resolu\u00e7\u00e3o N. 055\/2021 O Vice-Reitor da Universidade Federal de Santa Maria, no exerc\u00edcio da Reitoria, e no uso de suas atribui\u00e7\u00f5es legais e estatut\u00e1rias e: &#8211; considerando a necessidade de disciplinar procedimentos internos [&hellip;]<\/p>\n","protected":false},"author":205,"featured_media":0,"parent":0,"menu_order":0,"comment_status":"closed","ping_status":"closed","template":"","meta":{"footnotes":""},"categories":[],"tags":[],"class_list":["post-3608","page","type-page","status-publish","hentry"],"acf":[],"_links":{"self":[{"href":"https:\/\/www.ufsm.br\/pro-reitorias\/proplan\/wp-json\/wp\/v2\/pages\/3608","targetHints":{"allow":["GET"]}}],"collection":[{"href":"https:\/\/www.ufsm.br\/pro-reitorias\/proplan\/wp-json\/wp\/v2\/pages"}],"about":[{"href":"https:\/\/www.ufsm.br\/pro-reitorias\/proplan\/wp-json\/wp\/v2\/types\/page"}],"author":[{"embeddable":true,"href":"https:\/\/www.ufsm.br\/pro-reitorias\/proplan\/wp-json\/wp\/v2\/users\/205"}],"replies":[{"embeddable":true,"href":"https:\/\/www.ufsm.br\/pro-reitorias\/proplan\/wp-json\/wp\/v2\/comments?post=3608"}],"version-history":[{"count":0,"href":"https:\/\/www.ufsm.br\/pro-reitorias\/proplan\/wp-json\/wp\/v2\/pages\/3608\/revisions"}],"wp:attachment":[{"href":"https:\/\/www.ufsm.br\/pro-reitorias\/proplan\/wp-json\/wp\/v2\/media?parent=3608"}],"wp:term":[{"taxonomy":"category","embeddable":true,"href":"https:\/\/www.ufsm.br\/pro-reitorias\/proplan\/wp-json\/wp\/v2\/categories?post=3608"},{"taxonomy":"post_tag","embeddable":true,"href":"https:\/\/www.ufsm.br\/pro-reitorias\/proplan\/wp-json\/wp\/v2\/tags?post=3608"}],"curies":[{"name":"wp","href":"https:\/\/api.w.org\/{rel}","templated":true}]}}