{"id":3613,"date":"2020-04-24T07:43:33","date_gmt":"2020-04-24T10:43:33","guid":{"rendered":"https:\/\/www.ufsm.br\/pro-reitorias\/proplan\/?page_id=3613"},"modified":"2024-12-27T08:05:34","modified_gmt":"2024-12-27T11:05:34","slug":"resolucao-n-006-2020","status":"publish","type":"page","link":"https:\/\/www.ufsm.br\/pro-reitorias\/proplan\/resolucao-n-006-2020","title":{"rendered":"Resolu\u00e7\u00e3o N. 006\/2020"},"content":{"rendered":"\t\t<div data-elementor-type=\"wp-page\" data-elementor-id=\"3613\" class=\"elementor elementor-3613\">\n\t\t\t\t\t\t<section class=\"elementor-section elementor-top-section elementor-element elementor-element-7faf1b4 elementor-section-boxed elementor-section-height-default elementor-section-height-default\" data-id=\"7faf1b4\" data-element_type=\"section\">\n\t\t\t\t\t\t<div class=\"elementor-container elementor-column-gap-default\">\n\t\t\t\t\t<div class=\"elementor-column elementor-col-100 elementor-top-column elementor-element elementor-element-126cdd8\" data-id=\"126cdd8\" data-element_type=\"column\">\n\t\t\t<div class=\"elementor-widget-wrap elementor-element-populated\">\n\t\t\t\t\t\t<div class=\"elementor-element elementor-element-e3d7511 elementor-widget elementor-widget-html\" data-id=\"e3d7511\" data-element_type=\"widget\" data-widget_type=\"html.default\">\n\t\t\t\t<div class=\"elementor-widget-container\">\n\t\t\t\r\n\r\n\r\n<title><b>RESOLU\u00c7\u00c3O N. 006\/2020<\/b><\/title>\r\n\r\n\r\n<div align=\"center\"><img decoding=\"async\" src=\"https:\/\/www.ufsm.br\/pro-reitorias\/proplan\/wp-content\/uploads\/sites\/344\/2019\/09\/brasao-da-republica-do-brasil-logo.png\" alt=\"Bras\u00e3o Rep\u00fablica Federativa do Brasil\" width=\"6%\" height=\"6%\"><\/div>    \r\n<h1><font color=\"blue\"><font size=\"5\"><div align=\"center\">MINIST\u00c9RIO DA EDUCA\u00c7\u00c3O<\/b><\/font><\/font><\/div><\/H1>\r\n<p><b><font color=\"0000blue\"><div align=\"center\">UNIVERSIDADE FEDERAL DE SANTA MARIA<\/b><\/font><\/div><\/p>\r\n<p><div align=\"center\"><b><a href=\"https:\/\/portal.ufsm.br\/documentos\/publico\/documento.html?id=13044159\" target=\"_blank\"><font color=\"blue\">RESOLU\u00c7\u00c3O N. 006\/2020<\/font><\/a><\/b><\/div><\/p>\r\n<br>\r\n\r\n<div align=\"justify\"> Revogada pela Resolu\u00e7\u00e3o \r\n<a href=\"https:\/\/www.ufsm.br\/pro-reitorias\/proplan\/resolucao-ufsm-n-187-2024\" style=\"text-decoration: none\">\r\n<font color=\"blue\">\r\n<u>UFSM N.187\/2024\r\n<\/u>\r\n<\/font>\r\n<\/a>\r\n<br>\r\n\r\n<s>\r\n    \r\n\r\n\r\n<p><div align=\"right\"><font color=\"800000\">Aprova a recria\u00e7\u00e3o do \u00f3rg\u00e3o colegiado denominado \u201cComiss\u00e3o Permanente de Avalia\u00e7\u00e3o e Baixa Patrimonial de Bens M\u00f3veis (CPABP-UFSM)\u201d vinculado a Pr\u00f3-Reitoria de Administra\u00e7\u00e3o (PRA) \u00f3rg\u00e3o da Universidade Federal de Santa Maria (UFSM).<\/font><\/div><\/p>\r\n<br><div align=\"justify\">\r\n    <p><a href=\"https:\/\/www.ufsm.br\/pro-reitorias\/proplan\/?page_id=5017\" target=\"_blank\"><font color=\"blue\">Alterada pela Resolu\u00e7\u00e3o UFSM N.099\/2022<\/font><\/a><\/p>\r\n<p>O REITOR DA UNIVERSIDADE FEDERAL DE SANTA MARIA, no uso de suas atribui\u00e7\u00f5es legais e estatut\u00e1rias e considerando:<\/p>\r\n<p>- o Art. 56 da <a href=\"http:\/\/www.planalto.gov.br\/ccivil_03\/leis\/l9394.htm\" target=\"_blank\"><font color=\"blue\"><u>Lei N. 9.394, de 20 de dezembro de 1996<\/u><\/font><\/a>, que estabelece as diretrizes e bases da educa\u00e7\u00e3o nacional;<\/p>\r\n<p>- o <a href=\"http:\/\/www.planalto.gov.br\/ccivil_03\/_ato2015-2018\/2017\/decreto\/D9191.htm\" target=\"_blank\"><font color=\"blue\"><u>Decreto N. 9.191, de 1\u00b0 de novembro de 2017<\/u><\/font><\/a>, que estabelece as normas e as diretrizes para elabora\u00e7\u00e3o, reda\u00e7\u00e3o, altera\u00e7\u00e3o, consolida\u00e7\u00e3o e encaminhamento de propostas de atos normativos ao Presidente da Rep\u00fablica pelos Ministros de Estado;<\/p>\r\n<p>- o <a href=\"http:\/\/www.planalto.gov.br\/ccivil_03\/_ato2019-2022\/2019\/decreto\/D9759.htm\" target=\"_blank\"><font color=\"blue\"><u>Decreto N. 9.759, de 11 de abril de 2019<\/u><\/font><\/a>, que extingue e estabelece diretrizes, regras e limita\u00e7\u00f5es para colegiados da administra\u00e7\u00e3o p\u00fablica federal;<\/p>\r\n<p>- o Art. 10 do <a href=\"http:\/\/www.planalto.gov.br\/ccivil_03\/_Ato2015-2018\/2018\/Decreto\/D9373.htm\" target=\"_blank\"><font color=\"blue\"><u>Decreto N. 9.373, de 11 de maio de 2018<\/u><\/font><\/a>, que estabelece que as classifica\u00e7\u00f5es e avalia\u00e7\u00f5es de bens ser\u00e3o efetuadas por comiss\u00e3o especial, institu\u00edda pela autoridade competente e composta por tr\u00eas servidores do \u00f3rg\u00e3o ou da entidade, no m\u00ednimo;<\/p>\r\n<p>- os artigos 39 ao 44 da <a href=\"https:\/\/www.ufsm.br\/pro-reitorias\/proplan\/resolucao-n-016-1996\/\" target=\"_blank\"><font color=\"blue\"><u>Resolu\u00e7\u00e3o N. 016, de 17 de junho de 1996 <\/u><\/font><\/a>, que disp\u00f5e sobre as normas e procedimentos administrativos relativos ao controle patrimonial dos bens m\u00f3veis, im\u00f3veis e semoventes da UFSM e da outras provid\u00eancias; e,<\/p>\r\n<p>- o Parecer ad referendum da Comiss\u00e3o de Legisla\u00e7\u00e3o e Regimentos (CLR), do Conselho Universit\u00e1rio (CONSU), referente ao <a href=\"https:\/\/portal.ufsm.br\/documentos\/publico\/processo\/documento.html?idDocumento=12925669\" target=\"_blank\"><font color=\"blue\">Processo N. 23081.003256\/2020-73<\/font><\/a>.<\/p>\r\n<br>\r\n<p>RESOLVE:<\/p>\r\n<br>\r\n<p>Art. 1\u00ba Aprovar a recria\u00e7\u00e3o do \u00f3rg\u00e3o colegiado denominado Comiss\u00e3o Permanente de Avalia\u00e7\u00e3o e Baixa Patrimonial de Bens M\u00f3veis\u201d (CPABP-UFSM)\u201d vinculado a Pr\u00f3-Reitoria de Administra\u00e7\u00e3o (PRA) \u00f3rg\u00e3o consultivo da Universidade Federal de Santa Maria (UFSM).<\/p>\r\n<p>Par\u00e1grafo \u00fanico. O \u00f3rg\u00e3o colegiado mencionado no Caput deste Artigo est\u00e1 sendo recriado considerando sua previs\u00e3o anterior no Art. 10 do <a href=\"http:\/\/www.planalto.gov.br\/ccivil_03\/_Ato2015-2018\/2018\/Decreto\/D9373.htm\" target=\"_blank\"><font color=\"blue\"><u>Decreto N. 9.373, de 11 de maio de 2018<\/u><\/font><\/a>, que estabelece que as classifica\u00e7\u00f5es e avalia\u00e7\u00f5es de bens ser\u00e3o efetuadas por comiss\u00e3o especial, institu\u00edda pela autoridade competente e composta por tr\u00eas servidores do \u00f3rg\u00e3o ou da entidade, no m\u00ednimo.<\/p>\r\n<br>\r\n<p>T\u00cdTULO I<\/p>\r\n<p>DAS COMPET\u00caNCIAS<\/p>\r\n<br>\r\n<p>Art. 2\u00ba Caber\u00e1 ao \u00f3rg\u00e3o colegiado denominado Comiss\u00e3o Permanente de Avalia\u00e7\u00e3o e Baixa Patrimonial de Bens M\u00f3veis (CPABP-UFSM) vinculado a Pr\u00f3-Reitoria de Administra\u00e7\u00e3o (PRA):<\/p>\r\n<p>I \u2013 avaliar, sob demanda da Divis\u00e3o de Patrim\u00f4nio (DIPAT), os bens que a mesma entender estarem com valores defasados ou superestimados;<\/p>\r\n<p>II \u2013 emitir parecer sobre a viabilidade de baixa de bens a partir das demandas apresentadas pela Divis\u00e3o de Patrim\u00f4nio (DIPAT);<\/p>\r\n<p>III \u2013 encaminhar\u00e1 a avalia\u00e7\u00e3o e\/ou o parecer para homologa\u00e7\u00e3o pela Divis\u00e3o de Patrim\u00f4nio (DIPAT).<\/p>\r\n<br>\r\n<p>T\u00cdTULO II<\/p>\r\n<p>DA COMPOSI\u00c7\u00c3O E AUTORIDADE<\/p>\r\n<br>\r\n<p><s>Art. 3\u00ba A Comiss\u00e3o Permanente de Avalia\u00e7\u00e3o e Baixa Patrimonial de Bens M\u00f3veis (CPABP-UFSM), ser\u00e1 composta por 9 (nove) membro, sendo:<\/p>\r\n<p>I - 2 (dois) Contadores indicados pelo Diretor do DCF;<\/p> \r\n<p>II - 1 (um) Assistente em Administra\u00e7\u00e3o indicado pelo Centro de Educa\u00e7\u00e3o \u2013 CE;<\/p> \r\n<p>III - 1 (um) Analista de tecnologia da Informa\u00e7\u00e3o indicado pelo Diretor do CPD;<\/p>\r\n<p>IV - 1 (um) Administrador indicado pelo Pr\u00f3-Reitor de Planejamento \u2013 PROPLAN;<\/p> \r\n<p>V - 1 (um) Engenheiro Mec\u00e2nico indicado pelo Pr\u00f3-Reitor de Infrastrutura - PROINFRA;<\/p>\r\n<p>VI - 1 (um) Assistente em Administra\u00e7\u00e3o indicado pelo Diretor da Divis\u00e3o de Patrim\u00f4nio \u2013 DIPAT;<\/p> \r\n<p>VII - 1 (um) Assistente em Administra\u00e7\u00e3o Bibliotec\u00e1rio-Documentalista indicado pelo Diretor da Biblioteca Central;<\/p> \r\n<p>VIII - 1 (um) Secret\u00e1rio-Executivo indicado pelo Pr\u00f3-Reitor de Extens\u00e3o \u2013 PRE.<\/s><\/p><a href=\"https:\/\/www.ufsm.br\/pro-reitorias\/proplan\/?page_id=5017\" target=\"_blank\"><font color=\"blue\"><u>(Reda\u00e7\u00e3o alterada pela Resolu\u00e7\u00e3o UFSM N. 099\/2022)<\/u><\/font><\/a><\/p><\/p>\r\n<p>Art. 3\u00ba A Comiss\u00e3o Permanente de Avalia\u00e7\u00e3o e Baixa Patrimonial de Bens M\u00f3veis (CPABP-UFSM), ser\u00e1 composta por 9 (nove) membros, sendo:<\/p>\r\n<p>\r\nI - 1 (um) Contador indicado pelo (a) Diretor(a) do Departamento de Contabilidade e Finan\u00e7as (DCF);<\/p>\r\n<p>\r\nII - 1 (um) Analista ou T\u00e9cnico de Tecnologia da Informa\u00e7\u00e3o indicado pelo (a) Diretor (a) do Centro de Processamento de Dados (CPD);\r\n<p>\r\nIII - 1 (um) Engenheiro-\u00c1rea indicado pelo (a) Pr\u00f3-Reitor (a) de Infraestrutura (PROINFRA);\r\n<p>\r\nIV - 1 (um) T\u00e9cnico Administrativo em Educa\u00e7\u00e3o (TAE) indicado pelo (a) Diretor (a) da Divis\u00e3o de Patrim\u00f4nio (DIPAT);\r\n<p>\r\nV - 1 (um) Bibliotec\u00e1rio-Documentalista indicado pelo (a) Diretor (a) da Biblioteca Central; e,\r\n<p>\r\nVI \u2013 4 (quatro) T\u00e9cnicos Administrativos em Educa\u00e7\u00e3o (TAE) indicados pelo Reitor<\/p><a href=\"https:\/\/www.ufsm.br\/pro-reitorias\/proplan\/?page_id=5017\" target=\"_blank\"><font color=\"blue\"><u>(Reda\u00e7\u00e3o dada pela Resolu\u00e7\u00e3o UFSM N. 099\/2022)<\/u><\/font><\/a><\/p><\/p>\r\n<p>\u00a7 1\u00ba Os membros ter\u00e3o mandato de 1 (um) ano, podendo ser reconduzidos pelo mesmo per\u00edodo.<\/p>\r\n<p>\u00a7 2\u00ba Cada membro poder\u00e1 ser substitu\u00eddo em qualquer \u00e9poca, sempre que houver consenso da maioria, por meio de uma solicita\u00e7\u00e3o escrita do respectivo segmento de representa\u00e7\u00e3o, ou se o pr\u00f3prio representante assim o desejar.<\/p>\r\n<p>\u00a7 3\u00ba O Presidente e Vice-Presidente da Comiss\u00e3o (CPABP-UFSM) ser\u00e3o eleitos por vota\u00e7\u00e3o anual dos membros integrantes da referida comiss\u00e3o.<\/p> \r\n<p>\u00a7 4\u00ba A quantidade de 9 (nove) membros que comp\u00f5e a Comiss\u00e3o Permanente de Avalia\u00e7\u00e3o e Baixa Patrimonial de Bens M\u00f3veis (CPABP-UFSM), deve-se a grande demanda de trabalho e bens patrimoniais a serem devidamente analisados antes do devido processo de desfazimento.\r\n\r\n<br>\r\n<p>T\u00cdTULO III<\/p>\r\n<p>DO QU\u00d3RUM DE REUNI\u00c3O E DE VOTA\u00c7\u00c3O<\/p>\r\n<br>\r\n<p>Art. 4\u00ba As reuni\u00f5es da CPABP-UFSM acontecer\u00e3o com a presen\u00e7a m\u00ednima de 3 (tr\u00eas) de seus membros, considerando-se esse o n\u00famero legal para a delibera\u00e7\u00e3o e vota\u00e7\u00e3o.\r\n<p>Par\u00e1grafo \u00fanico. Quando da ocorr\u00eancia de empate na vota\u00e7\u00e3o, caber\u00e1 ao Presidente da sess\u00e3o o voto qualificado.<\/p>\r\n<p>Art. 5\u00ba As convoca\u00e7\u00f5es, ordin\u00e1rias ou extraordin\u00e1rias, ser\u00e3o feitas via correio eletr\u00f4nico, pelo presidente, com anteced\u00eancia m\u00ednima de 48 (quarenta e oito) horas, devendo constar da mesma a Ordem do Dia.<\/p>\r\n<p>Art. 6\u00ba Havendo n\u00famero legal e declarada aberta a sess\u00e3o, proceder-se-\u00e1 a discuss\u00e3o e posterior realiza\u00e7\u00e3o dos pareceres que dever\u00e3o embasar os processos a serem analisados pelo \u00f3rg\u00e3o colegiado em quest\u00e3o.<\/p>\r\n<p>Par\u00e1grafo \u00fanico. N\u00e3o havendo qu\u00f3rum, os membros ser\u00e3o convocados para nova reuni\u00e3o 48 (quarenta e oito) horas depois, com a mesma pauta.<\/p>\r\n<br>\r\n<p>T\u00cdTULO IV<\/p>\r\n<p>DA PERIODICIDADE DAS REUNI\u00d5ES<\/p>\r\n<br>\r\n<p><s>Art. 7\u00ba A Comiss\u00e3o Permanente de Avalia\u00e7\u00e3o e Baixa Patrimonial de Bens M\u00f3veis (CPABP-UFSM), reunir-se-\u00e1, ordinariamente, por um turno, 1 (uma) vez por m\u00eas ou extraordinariamente, sempre que convocado pelo presidente ou maioria de seus membros e desde que haja demanda para o referido \u00f3rg\u00e3o colegiado.\r\n<p>Par\u00e1grafo \u00fanico. As reuni\u00f5es deste \u00f3rg\u00e3o colegiado, cujos membros, convidados ou participantes estejam em entes federativos diversos, ser\u00e3o realizadas por videoconfer\u00eancia, sem pagamento de di\u00e1rias e deslocamento.<\/s><a href=\"https:\/\/www.ufsm.br\/pro-reitorias\/proplan\/?page_id=5017\" target=\"_blank\"><font color=\"blue\"><u>(Reda\u00e7\u00e3o alterada pela Resolu\u00e7\u00e3o UFSM N. 099\/2022)<\/u><\/font><\/a><\/p><\/p>\r\n<p>Art. 7\u00ba A Comiss\u00e3o Permanente de Avalia\u00e7\u00e3o e Baixa Patrimonial de Bens M\u00f3veis (CPABP-UFSM), reunir-se-\u00e1 sempre que convocada pelo seu presidente ou em decorr\u00eancia de requerimento da metade mais um de seus membros, ou ainda desde que haja demanda espec\u00edfica, visando atender aos prazos e recursos de processos<a href=\"https:\/\/www.ufsm.br\/pro-reitorias\/proplan\/?page_id=5017\" target=\"_blank\"><font color=\"blue\"><u>(Reda\u00e7\u00e3o dada pela Resolu\u00e7\u00e3o UFSM N. 099\/2022)<\/u><\/font><\/a><\/p><\/p><\/p>\r\n<br>\r\n<p>T\u00cdTULO V<\/p>\r\n<p>DO \u00d3RG\u00c3O DE APOIO ADMINISTRATIVO<\/p>\r\n<br>\r\n<p>Art. 8\u00ba Caber\u00e1 \u00e0 Divis\u00e3o de Patrim\u00f4nio (DIPAT), no que se refere ao funcionamento da Comiss\u00e3o Permanente de Avalia\u00e7\u00e3o e Baixa Patrimonial de Bens M\u00f3veis (CPABP-UFSM), a responsabilidade de realizar o apoio administrativo e demais encaminhamentos para o devido andamento dos trabalhos.<\/p>\r\n<br>\r\n<p>T\u00cdTULO VI<\/p>\r\n<p>DO REGIMENTO INTERNO<\/p>\r\n<br>\r\n<p>Art. 9\u00ba Por se tratar de comiss\u00e3o permanente para tratar da avalia\u00e7\u00e3o e baixa patrimonial dos Bens permanentes da Institui\u00e7\u00e3o, n\u00e3o h\u00e1 necessidade de Regimento espec\u00edfico.<\/p>\r\n<br>\r\n<p>T\u00cdTULO VII<\/p>\r\n<p>DOS MEMBROS N\u00c3O NATOS<\/p>\r\n<br>\r\n<p>Art. 10 Consideram-se como membros vari\u00e1veis ou n\u00e3o natos, os servidores com conhecimento t\u00e9cnico necess\u00e1rio sob os bens que est\u00e3o sendo avaliados.<\/p>\r\n<p>Art. 11 Nas reuni\u00f5es da CPABP-UFSM poder\u00e3o comparecer, quando convidados pelo presidente, servidores e\/ou discentes, a fim de prestarem esclarecimentos sobre assuntos que lhes forem pertinentes:<\/p>\r\n<p>I \u2013 respons\u00e1vel t\u00e9cnico quando se tratar de \u201cbens patrimoniais\u201d de natureza espec\u00edfica;<\/p>\r\n<p>II - servidor da Divis\u00e3o de Patrim\u00f4nio quando necessitar de esclarecimentos ou aux\u00edlio para continua\u00e7\u00e3o do trabalho realizado pela comiss\u00e3o.<\/p>\r\n<p>Par\u00e1grafo \u00fanico. As reuni\u00f5es deste \u00f3rg\u00e3o colegiado, cujos membros possu\u00edrem domic\u00edlio e\/ou resid\u00eancia legal ou estiverem em local diverso da realiza\u00e7\u00e3o da atividade ser\u00e3o realizadas por videoconfer\u00eancia, sem pagamento de di\u00e1rias e deslocamento.<\/p>\r\n<br>\r\n<p>T\u00cdTULO VIII<\/p>\r\n<p>DOS RELAT\u00d3RIOS PERI\u00d3DICOS E DO RELAT\u00d3RIO FINAL<\/p>\r\n<br>\r\n<p>Art. 11 A Comiss\u00e3o Permanente de Avalia\u00e7\u00e3o e Baixa Patrimonial de Bens M\u00f3veis (CPABP-UFSM), emitir\u00e1 parecer mensal e espec\u00edfico para os processos de sua \u00e1rea, n\u00e3o havendo necessidades de emitir relat\u00f3rios peri\u00f3dicos e anuais.<\/p>\r\n<br>\r\n<p>T\u00cdTULO IX<\/p>\r\n<p>DAS DISPOSI\u00c7\u00d5ES GERAIS E TRANSIT\u00d3RIAS<\/p>\r\n<br>\r\n<p>Art. 12 \u00c9 vedada a divulga\u00e7\u00e3o de discuss\u00f5es em curso sem a pr\u00e9via anu\u00eancia do titular da Pr\u00f3-Reitoria de Administra\u00e7\u00e3o (PRA) ao qual este \u00f3rg\u00e3o colegiado est\u00e1 vinculado.<\/p>\r\n<p>Art. 13 A participa\u00e7\u00e3o dos membros deste \u00f3rg\u00e3o colegiado ser\u00e1 considerada presta\u00e7\u00e3o de servi\u00e7o p\u00fablico relevante, e n\u00e3o ser\u00e1 remunerada.<\/p>\r\n<p>Par\u00e1grafo \u00fanico. As atividades da Comiss\u00e3o Permanente de Avalia\u00e7\u00e3o e Baixa Patrimonial de Bens M\u00f3veis (CPABP-UFSM), e de seus membros n\u00e3o poder\u00e1 causar preju\u00edzo \u00e0 presta\u00e7\u00e3o do servi\u00e7o p\u00fablico pelo servidor membro do Colegiado.<\/p>\r\n<p>Art. 14 As reuni\u00f5es deste \u00f3rg\u00e3o colegiado cujos membros estejam em entes federativos diversos ser\u00e3o realizadas por videoconfer\u00eancia.<\/p>\r\n<p>Par\u00e1grafo \u00fanico. Na hip\u00f3tese de ser demonstrada, de modo fundamentado, a inviabilidade ou a inconveni\u00eancia de se realizar a reuni\u00e3o por videoconfer\u00eancia, ser\u00e3o estimados os gastos com di\u00e1rias e passagens dos membros deste colegiado, assim como, a comprova\u00e7\u00e3o da disponibilidade or\u00e7ament\u00e1ria e financeira para o exerc\u00edcio em curso.<\/p>\r\n<p>Art. 15 \u00c9 vedada a possibilidade de cria\u00e7\u00e3o de subcolegiados por ato deste colegiado, exceto se na presente Resolu\u00e7\u00e3o houver:<\/p>\r\n<p>I - limitado o n\u00famero m\u00e1ximo de seus membros;<\/p>\r\n<p>II - estabelecido car\u00e1ter tempor\u00e1rio e dura\u00e7\u00e3o n\u00e3o superior a um ano; e<\/p>\r\n<p>III - fixado o n\u00famero m\u00e1ximo de subcolegiados que poder\u00e3o operar simultaneamente.<\/p>\r\n<p>Par\u00e1grafo \u00fanico. A mera necessidade de reuni\u00f5es eventuais para debate, articula\u00e7\u00e3o ou trabalho que envolva agentes p\u00fablicos da administra\u00e7\u00e3o p\u00fablica federal n\u00e3o ser\u00e1 admitida como fundamento para as propostas de que trata o caput.<\/p>\r\n<p>Art. 16 Esta resolu\u00e7\u00e3o entra em vigor uma semana ap\u00f3s a data de sua publica\u00e7\u00e3o e sempre no primeiro dia do m\u00eas ou em seu primeiro dia \u00fatil.<\/p>\r\n<p>\u00a7 1\u00ba O disposto neste artigo n\u00e3o se aplica \u00e0s hip\u00f3teses de urg\u00eancia justi\ufb01cada no expediente administrativo.<\/p>\r\n<p>\u00a7 2\u00ba Havendo qualquer modifica\u00e7\u00e3o legislativa, ou ainda, havendo qualquer situa\u00e7\u00e3o legal que impacte na legalidade da presente Resolu\u00e7\u00e3o, a mesma se aplica de imediato.<\/p>\r\n<p>GABINETE DO REITOR DA UNIVERSIDADE FEDERAL DE SANTA MARIA, aos 06 dias do m\u00eas de abril do ano 2020.<\/p>\r\n<\/div>\r\n<\/s>\r\n<p>Paulo Afonso Burmann,<\/p>\r\n<p>Reitor.<\/p>\r\n<p><font color=\"red0000\">Este texto n\u00e3o substitui o documento original, publicado no DOU em 24-04-2020.<\/font> Dispon\u00edvel em: <a href=\"http:\/\/www.in.gov.br\/en\/web\/dou\/-\/resolucao-n-6-de-6-de-abril-de-2020-253754671\" target=\"_blank\"><font color=\"blue\">http:\/\/www.in.gov.br\/en\/web\/dou\/-\/resolucao-n-6-de-6-de-abril-de-2020-253754671<\/font><\/a> e no Portal de Documentos.<\/font> Dispon\u00edvel em: <a href=\"https:\/\/portal.ufsm.br\/documentos\/publico\/documento.html?id=13044159\" target=\"_blank\"><font color=\"blue\">https:\/\/portal.ufsm.br\/documentos\/publico\/documento.html?id=13044159<\/font><\/a>\r\n\r\n\t\t<\/div>\n\t\t\t\t<\/div>\n\t\t\t\t\t<\/div>\n\t\t<\/div>\n\t\t\t\t\t<\/div>\n\t\t<\/section>\n\t\t\t\t<\/div>\n\t\t","protected":false},"excerpt":{"rendered":"<p>RESOLU\u00c7\u00c3O N. 006\/2020 MINIST\u00c9RIO DA EDUCA\u00c7\u00c3O UNIVERSIDADE FEDERAL DE SANTA MARIA RESOLU\u00c7\u00c3O N. 006\/2020 Revogada pela Resolu\u00e7\u00e3o UFSM N.187\/2024 Aprova a recria\u00e7\u00e3o do \u00f3rg\u00e3o colegiado denominado \u201cComiss\u00e3o Permanente de Avalia\u00e7\u00e3o e Baixa Patrimonial de Bens M\u00f3veis (CPABP-UFSM)\u201d vinculado a Pr\u00f3-Reitoria de Administra\u00e7\u00e3o (PRA) \u00f3rg\u00e3o da Universidade Federal de Santa Maria (UFSM). Alterada pela Resolu\u00e7\u00e3o UFSM [&hellip;]<\/p>\n","protected":false},"author":205,"featured_media":0,"parent":0,"menu_order":0,"comment_status":"closed","ping_status":"closed","template":"","meta":{"footnotes":""},"categories":[],"tags":[],"class_list":["post-3613","page","type-page","status-publish","hentry"],"acf":[],"_links":{"self":[{"href":"https:\/\/www.ufsm.br\/pro-reitorias\/proplan\/wp-json\/wp\/v2\/pages\/3613","targetHints":{"allow":["GET"]}}],"collection":[{"href":"https:\/\/www.ufsm.br\/pro-reitorias\/proplan\/wp-json\/wp\/v2\/pages"}],"about":[{"href":"https:\/\/www.ufsm.br\/pro-reitorias\/proplan\/wp-json\/wp\/v2\/types\/page"}],"author":[{"embeddable":true,"href":"https:\/\/www.ufsm.br\/pro-reitorias\/proplan\/wp-json\/wp\/v2\/users\/205"}],"replies":[{"embeddable":true,"href":"https:\/\/www.ufsm.br\/pro-reitorias\/proplan\/wp-json\/wp\/v2\/comments?post=3613"}],"version-history":[{"count":0,"href":"https:\/\/www.ufsm.br\/pro-reitorias\/proplan\/wp-json\/wp\/v2\/pages\/3613\/revisions"}],"wp:attachment":[{"href":"https:\/\/www.ufsm.br\/pro-reitorias\/proplan\/wp-json\/wp\/v2\/media?parent=3613"}],"wp:term":[{"taxonomy":"category","embeddable":true,"href":"https:\/\/www.ufsm.br\/pro-reitorias\/proplan\/wp-json\/wp\/v2\/categories?post=3613"},{"taxonomy":"post_tag","embeddable":true,"href":"https:\/\/www.ufsm.br\/pro-reitorias\/proplan\/wp-json\/wp\/v2\/tags?post=3613"}],"curies":[{"name":"wp","href":"https:\/\/api.w.org\/{rel}","templated":true}]}}