{"id":3631,"date":"2020-04-27T17:03:35","date_gmt":"2020-04-27T20:03:35","guid":{"rendered":"https:\/\/www.ufsm.br\/pro-reitorias\/proplan\/?page_id=3631"},"modified":"2020-07-30T10:34:07","modified_gmt":"2020-07-30T13:34:07","slug":"resolucao-n-006-1986","status":"publish","type":"page","link":"https:\/\/www.ufsm.br\/pro-reitorias\/proplan\/resolucao-n-006-1986","title":{"rendered":"Resolu\u00e7\u00e3o N. 006\/1986"},"content":{"rendered":"\t\t<div data-elementor-type=\"wp-page\" data-elementor-id=\"3631\" class=\"elementor elementor-3631\">\n\t\t\t\t\t\t<section class=\"elementor-section elementor-top-section elementor-element elementor-element-bd49fb1 elementor-section-boxed elementor-section-height-default elementor-section-height-default\" data-id=\"bd49fb1\" data-element_type=\"section\">\n\t\t\t\t\t\t<div class=\"elementor-container elementor-column-gap-default\">\n\t\t\t\t\t<div class=\"elementor-column elementor-col-100 elementor-top-column elementor-element elementor-element-774e1c5\" data-id=\"774e1c5\" data-element_type=\"column\">\n\t\t\t<div class=\"elementor-widget-wrap elementor-element-populated\">\n\t\t\t\t\t\t<div class=\"elementor-element elementor-element-30c70ff elementor-widget elementor-widget-html\" data-id=\"30c70ff\" data-element_type=\"widget\" data-widget_type=\"html.default\">\n\t\t\t\t<div class=\"elementor-widget-container\">\n\t\t\t\r\n\r\n\r\n<title><b>RESOLU\u00c7\u00c3O N. 006\/1986<\/b><\/title>\r\n\r\n\r\n<div align=\"center\"><img decoding=\"async\" src=\"https:\/\/www.ufsm.br\/pro-reitorias\/proplan\/wp-content\/uploads\/sites\/344\/2019\/09\/brasao-da-republica-do-brasil-logo.png\" alt=\"Bras\u00e3o Rep\u00fablica Federativa do Brasil\" width=\"6%\" height=\"6%\"><\/div>    \r\n<h1><font color=\"blue\"><font size=\"5\"><div align=\"center\">SERVI\u00c7O P\u00daBLICO FEDERAL<\/b><\/font><\/font><\/div><\/H1>\r\n<p><div align=\"center\"><b><a href=\"https:\/\/portal.ufsm.br\/documentos\/publico\/documento.html?id=5769583\" target=\"_blank\"><font color=\"blue\">RESOLU\u00c7\u00c3O N. 006\/1986<\/font><\/a><\/b><\/div><\/p>\r\n<br>\r\n<strike><p><div align=\"right\"><font color=\"800000\">Reativa os Restaurantes Universit\u00e1rios, emergencialmente e fixa valores de refei\u00e7\u00f5es.<\/font><\/div><\/p><\/strike>\r\n<br>\r\n<p><u><a href=\"https:\/\/www.ufsm.br\/pro-reitorias\/proplan\/resolucao-n-013-1986\/\" target=\"_blank\"><font color=\"blue\">Complementada pela Resolu\u00e7\u00e3o N. 013\/1986<\/font><\/a><\/u><\/p>\r\n<p><u><a href=\"https:\/\/www.ufsm.br\/pro-reitorias\/proplan\/resolucao-n-032-1988\/\" target=\"_blank\"><font color=\"blue\">Alterada pela Resolu\u00e7\u00e3o N. 032\/1988<\/font><\/a><\/u><\/p>\r\n<p><u><a href=\"https:\/\/www.ufsm.br\/pro-reitorias\/proplan\/resolucao-n-008-2020\/\" target=\"_blank\"><font color=\"blue\">Revogada pela Resolu\u00e7\u00e3o N. 008\/2020<\/font><\/a><\/u><\/p>\r\n\r\n<br>\r\n<br><div align=\"justify\">\r\n<strike>\r\n<p>O REITOR DA UNIVERSIDADE FEDERAL DE SANTA MARIA, no uso de suas atribui\u00e7\u00f5es legais e estatut\u00e1rias e de acordo com o decidido e aprovado na 381\u00aa sess\u00e3o do Egr\u00e9gio Conselho Universit\u00e1rio;<\/p>\r\n<br>\r\n<p><div align=\"center\">RESOLVE:<\/div><\/p>\r\n<br>\r\n<p>Art. 1\u00ba - Reativar, a partir de 02 de junho do corrente os Restaurantes Universit\u00e1rios, da Cidade e do Campus os quais se reger\u00e3o emergencialmente pelas normas da presente resolu\u00e7\u00e3o.<\/p>\r\n<p>Art. 2\u00ba - O funcionamento dos Restaurantes Universit\u00e1rios, ser\u00e1 di\u00e1rio, inclusive aos domingos, obedecendo as seguintes condi\u00e7\u00f5es:<\/p>\r\n<p>a) Os alunos e funcion\u00e1rios carentes permanecem com direito aos dois restaurantes, usufruindo, desjejum, almo\u00e7o e jantar de Segunda-feira a S\u00e1bado, e aos Domingos, o almo\u00e7o.<\/p> \r\n<p>b) Os alunos e funcion\u00e1rios n\u00e3o carentes ter\u00e3o direito ao almo\u00e7o somente no Restaurante do Campus.<\/p>\r\n<p>b.1) Os alunos n\u00e3o carentes dos Cursos de Administra\u00e7\u00e3o, Arquivologia, Direito, Geografia, Hist\u00f3ria e Odontologia o ter\u00e3o direito ao almo\u00e7o no Restaurante Universit\u00e1rio Centro; <a href=\"https:\/\/www.ufsm.br\/pro-reitorias\/proplan\/resolucao-n-013-1986\/\" target=\"_blank\"><font color=\"blue\"><u>(Incluido pela Resolu\u00e7\u00e3o N. 013\/1986)<\/u><\/font><\/a><\/p>\r\n<p>b.2) Os alunos n\u00e3o carentes dos Cursos de Ci\u00eancias Cont\u00e1beis e Economia, ter\u00e3o direito ao jantar no Restaurante Universit\u00e1rio Centro; <a href=\"https:\/\/www.ufsm.br\/pro-reitorias\/proplan\/resolucao-n-013-1986\/\" target=\"_blank\"><font color=\"blue\"><u>(Incluido pela Resolu\u00e7\u00e3o N. 013\/1986)<\/u><\/font><\/a><\/p>\r\n<p><strike>c) \u00c9 expressamente vedada a utiliza\u00e7\u00e3o dos Restaurantes Universit\u00e1rios por funcion\u00e1rios de n\u00edvel superior e Professores.<\/strike> <a href=\"https:\/\/www.ufsm.br\/pro-reitorias\/proplan\/resolucao-n-013-1986\/\" target=\"_blank\"><font color=\"blue\"><u>(Reda\u00e7\u00e3o alterada pela Resolu\u00e7\u00e3o N. 013\/1986)<\/u><\/font><\/a><\/p>\r\n<p>c) Permanece expressamente vedada a utiliza\u00e7\u00e3o dos Restaurantes Universit\u00e1rios por servidores T\u00e9cnico-Administrativos de N\u00edvel Superior e pelos Professores. <a href=\"https:\/\/www.ufsm.br\/pro-reitorias\/proplan\/resolucao-n-013-1986\/\" target=\"_blank\"><font color=\"blue\"><u>(Reda\u00e7\u00e3o dada pela Resolu\u00e7\u00e3o N. 013\/1986)<\/u><\/font><\/a><\/p>\r\n\r\n<p>Art. 3\u00ba - Haver\u00e1 rigorosa e consistente fiscaliza\u00e7\u00e3o, cabendo aos usu\u00e1rios parcela de contribui\u00e7\u00e3o, sendo adotado os seguintes procedimentos de identifica\u00e7\u00e3o:<\/p>\r\n<p>a) Aos carentes ser\u00e1 exigida a apresenta\u00e7\u00e3o da carteira de carente, fornecida pela PRAE. O uso indevido do referido documento, implicar\u00e1 em perda autom\u00e1tica do mesmo, sem preju\u00edzo de outras san\u00e7\u00f5es.<\/p>\r\n<p>b) Aos estudantes n\u00e3o carentes, ser\u00e1 obrigat\u00f3ria a apresenta\u00e7\u00e3o da guia de recolhimento de matr\u00edcula e Carteira de Identidade, ou a Carteira de Estudante expedida pelo DCE.<\/p>\r\n<p>b.1) Ao usu\u00e1rio n\u00e3o carente, abrangido pela presente norma complementar, caber\u00e1 comprovar sua vincula\u00e7\u00e3o ao respectivo Curso, conforme a indica\u00e7\u00e3o do artigo anterior\r\n<p>c) Aos funcion\u00e1rios n\u00e3o carentes ser\u00e1 obrigat\u00f3ria a apresenta\u00e7\u00e3o do Contra-cheque e Carteira de Identidade ou da Carteira de Identidade funcional, expedida gratuitamente pelo Departamento de Pessoal.<\/p>\r\n\r\n<p>Art. 4\u00ba - Passam a vigorar os seguintes pre\u00e7os:<\/p>\r\n<p>a) Aos carentes devidamente cadastrados na PRAE:<\/p>\r\n<p>DESJEJUM ......................... Cz$ 0,60<\/p>\r\n<p>ALMO\u00c7O E JANTAR .... Cz$ 2,00<\/p>\r\n<p>b) Aos n\u00e3o carentes, amparados pela presente resolu\u00e7\u00e3o:<\/p>\r\n<p>ALMO\u00c7O .............................. Cz$ 6,00<\/p>\r\n<p>GABINETE DO REITOR DA UNIVERSIDADE FEDERAL DE SANTA MARIA, aos trinta dias do m\u00eas de maio de mil novecentos e oitenta e seis.<\/p>\r\n<\/div>\r\n<p>Prof. GILBERTO AQUINO BENETTI,<\/p>\r\n<p>Reitor.<\/p>\r\n<\/strike>\r\n<p><font color=\"red0000\">Este texto n\u00e3o substitui o documento original, publicado no Portal de Documentos.<\/font> Dispon\u00edvel em: <a href=\"https:\/\/portal.ufsm.br\/documentos\/publico\/documento.html?id=5769583\" target=\"_blank\"><font color=\"blue\">https:\/\/portal.ufsm.br\/documentos\/publico\/documento.html?id=5769583<\/font><\/a>\r\n\r\n\t\t<\/div>\n\t\t\t\t<\/div>\n\t\t\t\t\t<\/div>\n\t\t<\/div>\n\t\t\t\t\t<\/div>\n\t\t<\/section>\n\t\t\t\t<\/div>\n\t\t","protected":false},"excerpt":{"rendered":"<p>RESOLU\u00c7\u00c3O N. 006\/1986 SERVI\u00c7O P\u00daBLICO FEDERAL RESOLU\u00c7\u00c3O N. 006\/1986 Reativa os Restaurantes Universit\u00e1rios, emergencialmente e fixa valores de refei\u00e7\u00f5es. Complementada pela Resolu\u00e7\u00e3o N. 013\/1986 Alterada pela Resolu\u00e7\u00e3o N. 032\/1988 Revogada pela Resolu\u00e7\u00e3o N. 008\/2020 O REITOR DA UNIVERSIDADE FEDERAL DE SANTA MARIA, no uso de suas atribui\u00e7\u00f5es legais e estatut\u00e1rias e de acordo com o [&hellip;]<\/p>\n","protected":false},"author":205,"featured_media":0,"parent":0,"menu_order":0,"comment_status":"closed","ping_status":"closed","template":"","meta":{"footnotes":""},"categories":[],"tags":[],"class_list":["post-3631","page","type-page","status-publish","hentry"],"acf":[],"_links":{"self":[{"href":"https:\/\/www.ufsm.br\/pro-reitorias\/proplan\/wp-json\/wp\/v2\/pages\/3631","targetHints":{"allow":["GET"]}}],"collection":[{"href":"https:\/\/www.ufsm.br\/pro-reitorias\/proplan\/wp-json\/wp\/v2\/pages"}],"about":[{"href":"https:\/\/www.ufsm.br\/pro-reitorias\/proplan\/wp-json\/wp\/v2\/types\/page"}],"author":[{"embeddable":true,"href":"https:\/\/www.ufsm.br\/pro-reitorias\/proplan\/wp-json\/wp\/v2\/users\/205"}],"replies":[{"embeddable":true,"href":"https:\/\/www.ufsm.br\/pro-reitorias\/proplan\/wp-json\/wp\/v2\/comments?post=3631"}],"version-history":[{"count":0,"href":"https:\/\/www.ufsm.br\/pro-reitorias\/proplan\/wp-json\/wp\/v2\/pages\/3631\/revisions"}],"wp:attachment":[{"href":"https:\/\/www.ufsm.br\/pro-reitorias\/proplan\/wp-json\/wp\/v2\/media?parent=3631"}],"wp:term":[{"taxonomy":"category","embeddable":true,"href":"https:\/\/www.ufsm.br\/pro-reitorias\/proplan\/wp-json\/wp\/v2\/categories?post=3631"},{"taxonomy":"post_tag","embeddable":true,"href":"https:\/\/www.ufsm.br\/pro-reitorias\/proplan\/wp-json\/wp\/v2\/tags?post=3631"}],"curies":[{"name":"wp","href":"https:\/\/api.w.org\/{rel}","templated":true}]}}