{"id":3640,"date":"2020-04-27T17:32:48","date_gmt":"2020-04-27T20:32:48","guid":{"rendered":"https:\/\/www.ufsm.br\/pro-reitorias\/proplan\/?page_id=3640"},"modified":"2020-04-27T17:36:05","modified_gmt":"2020-04-27T20:36:05","slug":"resolucao-n-014-1986","status":"publish","type":"page","link":"https:\/\/www.ufsm.br\/pro-reitorias\/proplan\/resolucao-n-014-1986","title":{"rendered":"Resolu\u00e7\u00e3o N. 014\/1986"},"content":{"rendered":"\t\t<div data-elementor-type=\"wp-page\" data-elementor-id=\"3640\" class=\"elementor elementor-3640\">\n\t\t\t\t\t\t<section class=\"elementor-section elementor-top-section elementor-element elementor-element-9d99866 elementor-section-boxed elementor-section-height-default elementor-section-height-default\" data-id=\"9d99866\" data-element_type=\"section\">\n\t\t\t\t\t\t<div class=\"elementor-container elementor-column-gap-default\">\n\t\t\t\t\t<div class=\"elementor-column elementor-col-100 elementor-top-column elementor-element elementor-element-969bff8\" data-id=\"969bff8\" data-element_type=\"column\">\n\t\t\t<div class=\"elementor-widget-wrap elementor-element-populated\">\n\t\t\t\t\t\t<div class=\"elementor-element elementor-element-3420707 elementor-widget elementor-widget-html\" data-id=\"3420707\" data-element_type=\"widget\" data-widget_type=\"html.default\">\n\t\t\t\t<div class=\"elementor-widget-container\">\n\t\t\t\r\n\r\n\r\n<title><b>RESOLU\u00c7\u00c3O N. 014\/1986<\/b><\/title>\r\n\r\n\r\n<div align=\"center\"><img decoding=\"async\" src=\"https:\/\/www.ufsm.br\/pro-reitorias\/proplan\/wp-content\/uploads\/sites\/344\/2019\/09\/brasao-da-republica-do-brasil-logo.png\" alt=\"Bras\u00e3o Rep\u00fablica Federativa do Brasil\" width=\"6%\" height=\"6%\"><\/div>    \r\n<h1><font color=\"blue\"><font size=\"5\"><div align=\"center\">SERVI\u00c7O P\u00daBLICO FEDERAL<\/b><\/font><\/font><\/div><\/H1>\r\n<p><div align=\"center\"><b><a href=\"https:\/\/portal.ufsm.br\/documentos\/publico\/documento.html?id=5735963\" target=\"_blank\"><font color=\"blue\">RESOLU\u00c7\u00c3O N. 014\/1986<\/font><\/a><\/b><\/div><\/p>\r\n<br>\r\n<p><u><a href=\"https:\/\/www.ufsm.br\/pro-reitorias\/proplan\/resolucao-n-042-1988\/\" target=\"_blank\"><font color=\"blue\">Revogada pela Resolu\u00e7\u00e3o N. 042\/1988<\/font><\/a><\/u><\/p>\r\n<br>\r\n<br><div align=\"justify\">\r\n<strike>\r\n<p>O REITOR DA UNIVERSIDADE FEDERAL DE SANTA MARIA, no uso de suas atribui\u00e7\u00f5es legais e estatut\u00e1rias, e de acordo com os Artigos 84 a 87 da <u><a href=\"http:\/\/www.planalto.gov.br\/ccivil_03\/leis\/1950-1969\/L1711.htm\" target=\"_blank\"><font color=\"blue\">Lei n\u00ba 1.711\/52 - Estatuto dos Funcion\u00e1rios P\u00fablicos Civis da Uni\u00e3o<\/font><\/a><\/u>, Artigos 129 a 153 da <u><a href=\"http:\/\/www.planalto.gov.br\/ccivil_03\/decreto-lei\/del5452.htm\" target=\"_blank\"><font color=\"blue\">Consolida\u00e7\u00e3o das Leis do Trabalho<\/font><\/a><\/u> e Art. 8\u00ba do Decreto-Lei n\u00ba 165\/69.<\/p>\r\n<br>\r\n<p><div align=\"center\">RESOLVE:<\/div><\/p>\r\n<br>\r\n<p>Expedir a presente Resolu\u00e7\u00e3o para fixar as seguintes normas de concess\u00e3o de F\u00c9RIAS aos servidores da Universidade Federal de Santa Maria:<\/p>\r\n<br>\r\n<p>1. PESSOAL DOCENTE<\/p>\r\n<p>1.1. Os Docentes ainda que no exerc\u00edcio de fun\u00e7\u00e3o de DAS ou DAI, ter\u00e3o direito a 45 dias de f\u00e9rias.<\/p>\r\n<p>1.2. As f\u00e9rias poder\u00e3o ser parceladas em m\u00f3dulos de 15 e 30 dias. N\u00e3o haver\u00e1 mais do que 2 parcelamentos.<\/p>\r\n<p>1.3. As f\u00e9rias n\u00e3o poder\u00e3o ser concedidas durante os per\u00edodos LETIVOS: salvo os casos devidamente autorizados e justificados vela Chefia imediata, autorizados pelo Diretor do Centro, desde que n\u00e3o venham em preju\u00edzo do ENSINO, PESQUISA e EXTENS\u00c3O.<\/p>\r\n<p>1.4. \u00c9 proibida a acumula\u00e7\u00e3o de F\u00e9rias, tanto para docentes ESTATUT\u00c1RIOS quanto aos CELETISTAS. O n\u00e3o cumprimento desta disposi\u00e7\u00e3o ser\u00e1 de inteira responsabilidade: da CHEFIA IMEDIATA, pass\u00edvel de sofrer por parte da Uni\u00e3o, medida ressarcidora e\/ou destitui\u00e7\u00e3o de fun\u00e7\u00e3o, com base no que preceitua o Parecer do DASP emitido no processo n\u00ba 10.203\/79, e Orienta\u00e7\u00e3o Normativa DASP n\u00ba 97\/79.<\/p>\r\n<p>1.5. Docentes ESTATUT\u00c1RIOS\/CELETISTES em Cursos de P\u00f3s-Gradua\u00e7\u00e3o:<\/p>\r\n<p>- Gozar\u00e3o obrigatoriamente, F\u00c9RIAS VENCIDAS antes do in\u00edcio do afastamento, sempre que este afastamento vier a causar ac\u00famulo de f\u00e9rias.<\/p>\r\n<p>- Gozar\u00e3o F\u00c9RIAS adquiridas durante o afastamento, no per\u00edodo de recesso escolar do referido curso, com a indispens\u00e1vel comunica\u00e7\u00e3o pelo Docente \u00e0 Chefia Imediata e desta ao Departamento de Pessoal.<\/p>\r\n<p>- Para docentes ESTATUT\u00c1RIOS\/CELETISTAS n\u00e3o haver\u00e1 acumula\u00e7\u00e3o de F\u00e9rias durante o AFASTAMENTO para Cursos.<\/p>\r\n<p>1.6. Docentes que acumulam Cargos nesta Universidade dever\u00e3o programar suas F\u00c9RIAS de maneira a coincidir obrigatoriamente, em ambas unidades de Lota\u00e7\u00e3o.<\/p>\r\n<p>1.7. Os dirigentes de Unidade e\/ou Sub-Unidades de ensino, dever\u00e3o programar F\u00c9RIAS de comum acordo com os SUBSTITUTOS legais ou eventuais, j\u00e1 designados ou n\u00e3o, de modo que a DIRE\u00c7\u00c3O n\u00e3o sofra solu\u00e7\u00e3o de continuidade. O TITULAR dever\u00e1 comunicar a Institui\u00e7\u00e3o, o local de afastamento, para caso de urg\u00eancia.<\/p>\r\n<br>\r\n<p>2. PESSOAL TECNICO-ADMINISTRATIVO\r\n<p>2.1. Ser\u00e3o concedidos obrigatoriamente 30 dias de F\u00c9RIAS anuais aos servidores T\u00e9cnico-Administrativos ESTUT\u00c1RIOS ou CELETISTAS, na forma da legisla\u00e7\u00e3o disciplinadora.<\/p>\r\n<p>2.2. As FERIAS ser\u00e3o gozadas, ininterruptamente. Ser\u00e3o sempre respeitadas as necessidades de servi\u00e7o e o PLANO DE F\u00c9RIAS aprovado pela CHEFIA IMEDIATA, considerando-se preferencialmente os per\u00edodos n\u00e3o letivos: JANEIRO, FEVEREIRO, JULHO E DEZEMBRO.<\/p>\r\n<p>2.3. Pessoal T\u00e9cnico-Administrativo - ESTATUT\u00c1RIO\/CELETISTA, afastado para realizar Curso de Adequa\u00e7\u00e3o Funcional:<\/p>\r\n<p>- Gozar\u00e3o obrigatoriamente F\u00c9RIAS VENCIDAS, artes do in\u00edcio do afastamento, sempre que este afastamento vier a causar ac\u00famulo de f\u00e9rias.<\/p>\r\n<p>- Gozar\u00e3o F\u00c9RIAS ADQUIRIDAS durante o afastamento, no per\u00edodo de recesso escolar do referido curso, com a indispens\u00e1vel comunica\u00e7\u00e3o pelo servidor \u00e0 CHEFIA IMEDIATA e desta ao Departamento de Pessoal.<\/p>\r\n<p>2.4. E proibida a ACUMULA\u00c7\u00c3O DE FERIAS tanto para servidor estatut\u00e1rio quanto para celetista.<\/p>\r\n<p>O n\u00e3o cumprimento, desta disposi\u00e7\u00e3o ser\u00e1 de inteira responsabilidade da CHEFIA IMEDIATA, pass\u00edvel de sofrer por parte da Uni\u00e3o, medida ressarcidora e\/ou destitui\u00e7\u00e3o de fun\u00e7\u00e3o, com base no que preceitua o Parecer do DASP emitido no processo n\u00ba 10.203\/79, e Orienta\u00e7\u00e3o Normativa-DASP n\u00ba 97\/79.<\/p>\r\n<br>\r\n<p>3. OPERADORES DE RAIOS X<\/p>\r\n<p>O pessoal (servidor t\u00e9cnico-administrativo) que opera com Raios X, substancias radioativas e que percebam a respectiva GRATIFICA\u00c7\u00c3O:<\/p>\r\n<p>- Ter\u00e3o na forma da legisla\u00e7\u00e3o vigente, 20 dias consecutivos de f\u00e9rias, em cada SEMESTRE, n\u00e3o sendo permitida acumula\u00e7\u00e3o ou parcelamento.<\/p>\r\n<br>\r\n<p>4. DOCENTES QUE OPERAM COM RAIOS X<\/p>\r\n<p>- Ter\u00e3o f\u00e9rias de 45 dias, gozadas SEMESTRALMENTE, pela metade devendo ser consecutivas e inacumul\u00e1veis.<\/p>\r\n<br>\r\n<p>5. PROCURADORES AUT\u00c1RQUICOS<\/p>\r\n<p>- ESTATUT\u00c1RIO: 60 dias de f\u00e9rias<\/p>\r\n<p>- CELETISTA: 30 dias de f\u00e9rias<\/p>\r\n<p>6. A presente Resolu\u00e7\u00e3o revoga a de n\u00ba 70\/79 de 16 de dezembro de 1979.<\/p>\r\n<p>GABINETE DO REITOR DA UNIVERSIDADE FEDERAL DE SANTA MARIA, aos 29 dias do m\u00eas de setembro de mil novecentos e oitenta e seis.<\/p>\r\n<\/div>\r\n<p>Prof. GILBERTO AQUINO BENETTI,<\/p>\r\n<p>Reitor.<\/p>\r\n<\/strike>\r\n<p><font color=\"red0000\">Este texto n\u00e3o substitui o documento original, publicado no Portal de Documentos.<\/font> Dispon\u00edvel em: <a href=\"https:\/\/portal.ufsm.br\/documentos\/publico\/documento.html?id=5735963\" target=\"_blank\"><font color=\"blue\">https:\/\/portal.ufsm.br\/documentos\/publico\/documento.html?id=5735963<\/font><\/a>\r\n\r\n\t\t<\/div>\n\t\t\t\t<\/div>\n\t\t\t\t\t<\/div>\n\t\t<\/div>\n\t\t\t\t\t<\/div>\n\t\t<\/section>\n\t\t\t\t<\/div>\n\t\t","protected":false},"excerpt":{"rendered":"<p>RESOLU\u00c7\u00c3O N. 014\/1986 SERVI\u00c7O P\u00daBLICO FEDERAL RESOLU\u00c7\u00c3O N. 014\/1986 Revogada pela Resolu\u00e7\u00e3o N. 042\/1988 O REITOR DA UNIVERSIDADE FEDERAL DE SANTA MARIA, no uso de suas atribui\u00e7\u00f5es legais e estatut\u00e1rias, e de acordo com os Artigos 84 a 87 da Lei n\u00ba 1.711\/52 &#8211; Estatuto dos Funcion\u00e1rios P\u00fablicos Civis da Uni\u00e3o, Artigos 129 a 153 [&hellip;]<\/p>\n","protected":false},"author":205,"featured_media":0,"parent":0,"menu_order":0,"comment_status":"closed","ping_status":"closed","template":"","meta":{"footnotes":""},"categories":[],"tags":[],"class_list":["post-3640","page","type-page","status-publish","hentry"],"acf":[],"_links":{"self":[{"href":"https:\/\/www.ufsm.br\/pro-reitorias\/proplan\/wp-json\/wp\/v2\/pages\/3640","targetHints":{"allow":["GET"]}}],"collection":[{"href":"https:\/\/www.ufsm.br\/pro-reitorias\/proplan\/wp-json\/wp\/v2\/pages"}],"about":[{"href":"https:\/\/www.ufsm.br\/pro-reitorias\/proplan\/wp-json\/wp\/v2\/types\/page"}],"author":[{"embeddable":true,"href":"https:\/\/www.ufsm.br\/pro-reitorias\/proplan\/wp-json\/wp\/v2\/users\/205"}],"replies":[{"embeddable":true,"href":"https:\/\/www.ufsm.br\/pro-reitorias\/proplan\/wp-json\/wp\/v2\/comments?post=3640"}],"version-history":[{"count":0,"href":"https:\/\/www.ufsm.br\/pro-reitorias\/proplan\/wp-json\/wp\/v2\/pages\/3640\/revisions"}],"wp:attachment":[{"href":"https:\/\/www.ufsm.br\/pro-reitorias\/proplan\/wp-json\/wp\/v2\/media?parent=3640"}],"wp:term":[{"taxonomy":"category","embeddable":true,"href":"https:\/\/www.ufsm.br\/pro-reitorias\/proplan\/wp-json\/wp\/v2\/categories?post=3640"},{"taxonomy":"post_tag","embeddable":true,"href":"https:\/\/www.ufsm.br\/pro-reitorias\/proplan\/wp-json\/wp\/v2\/tags?post=3640"}],"curies":[{"name":"wp","href":"https:\/\/api.w.org\/{rel}","templated":true}]}}